{"id":2893,"date":"2026-02-21T18:04:53","date_gmt":"2026-02-21T16:04:53","guid":{"rendered":"https:\/\/rotary.fi\/herttoniemi\/?page_id=2893"},"modified":"2026-03-03T09:29:44","modified_gmt":"2026-03-03T07:29:44","slug":"klubin-viirikokoelma","status":"publish","type":"page","link":"https:\/\/rotary.fi\/herttoniemi\/klubin-viirikokoelma\/","title":{"rendered":"Klubin viirikokoelma"},"content":{"rendered":"<p>[et_pb_section fb_built=&#8221;1&#8243; admin_label=&#8221;section&#8221; _builder_version=&#8221;4.27.4&#8243; global_colors_info=&#8221;{}&#8221;][et_pb_row _builder_version=&#8221;4.27.4&#8243; _module_preset=&#8221;default&#8221; custom_margin=&#8221;26px|auto||auto||&#8221; global_colors_info=&#8221;{}&#8221;][et_pb_column type=&#8221;4_4&#8243; _builder_version=&#8221;4.27.4&#8243; _module_preset=&#8221;default&#8221; global_colors_info=&#8221;{}&#8221;][et_pb_text _builder_version=&#8221;4.27.4&#8243; _module_preset=&#8221;default&#8221; custom_padding=&#8221;||1px|||&#8221; global_colors_info=&#8221;{}&#8221;]<\/p>\n<h1><strong>Klubin viirikokoelma<\/strong><\/h1>\n<p><strong><\/strong><\/p>\n<p><strong><\/strong><\/p>\n<h4><span style=\"color: #3366ff\">Rotaryn perinteisiin kuuluu kunkin rotaryklubin tai -piirin oma standaari eli viiri. Perinteisiin kuuluu my\u00f6s viirien vaihto klubin j\u00e4senen vieraillessa toisissa, eri puolilla maailmaa tai vaikkapa vain Suomessa olevissa klubeissa. Perinne on yh\u00e4 olemassa, vaikka tuntuu viime vuosina olleen v\u00e4h\u00e4n hiipumassa.<\/span><\/h4>\n<h4><span style=\"color: #3366ff\">Herttoniemen Rotaryklubilla on varsin mittava kokoelma viirej\u00e4, joita etenkin klubin yli 60-vuotisen historian alkuvuosikymmenin\u00e4 klubin silloisina j\u00e4senin\u00e4 olleet herttoniemel\u00e4isten firmojen johtajat toivat tuliaisina eri puolile maapalloa suuntautuneilta ty\u00f6matkoiltaan. Kokoelmassa on 335 ulkomaan viiri\u00e4 aina Samoaa ja Vanuatua my\u00f6ten, sek\u00e4 46 suomalaisten tai virolaisten klubien viirej\u00e4.<\/span><\/h4>\n<h4><span style=\"color: #3366ff\">Viirej\u00e4 s\u00e4ilytet\u00e4\u00e4n klubin arkistossa hyv\u00e4ss\u00e4 j\u00e4rjestyksess\u00e4 siisteihin s\u00e4ilytyslaatikoihin varastoituina. Alla luettelot viireist\u00e4.<\/span><\/h4>\n<p>[\/et_pb_text][\/et_pb_column][\/et_pb_row][et_pb_row _builder_version=&#8221;4.27.4&#8243; _module_preset=&#8221;default&#8221; global_colors_info=&#8221;{}&#8221;][et_pb_column type=&#8221;4_4&#8243; _builder_version=&#8221;4.27.4&#8243; _module_preset=&#8221;default&#8221; hover_enabled=&#8221;0&#8243; global_colors_info=&#8221;{}&#8221; sticky_enabled=&#8221;0&#8243;][et_pb_image src=&#8221;https:\/\/rotary.fi\/herttoniemi\/wp-content\/uploads\/sites\/143\/2026\/02\/viirit-1.jpg&#8221; _builder_version=&#8221;4.27.4&#8243; _module_preset=&#8221;default&#8221; title_text=&#8221;Viirit+&#8221;][\/et_pb_image][\/et_pb_column][\/et_pb_row][et_pb_row admin_label=&#8221;row&#8221; _builder_version=&#8221;4.27.4&#8243; background_size=&#8221;initial&#8221; background_position=&#8221;top_left&#8221; background_repeat=&#8221;repeat&#8221; custom_padding=&#8221;0px|||||&#8221; global_colors_info=&#8221;{}&#8221;][et_pb_column type=&#8221;4_4&#8243; _builder_version=&#8221;4.16&#8243; custom_padding=&#8221;|||&#8221; global_colors_info=&#8221;{}&#8221; custom_padding__hover=&#8221;|||&#8221;][et_pb_text admin_label=&#8221;Text&#8221; _builder_version=&#8221;4.27.4&#8243; background_size=&#8221;initial&#8221; background_position=&#8221;top_left&#8221; background_repeat=&#8221;repeat&#8221; min_height=&#8221;330px&#8221; custom_margin=&#8221;17px|||||&#8221; custom_padding=&#8221;39px|||26px||&#8221; global_colors_info=&#8221;{}&#8221;]<\/p>\n<p>&nbsp;<\/p>\n<p>&nbsp;<\/p>\n<h3><a href=\"https:\/\/rotary.fi\/herttoniemi\/wp-content\/uploads\/sites\/143\/2026\/02\/HKRnsuom_viirit-4.xlsx\">HKRn+suom_viirit\u00a0<\/a><\/h3>\n<h3><strong><a href=\"https:\/\/rotary.fi\/herttoniemi\/wp-content\/uploads\/sites\/143\/2026\/02\/HRKnulkom_viirit-3.xlsx\">HRKn+ulkom_viirit <\/a><\/strong><\/h3>\n<p>[\/et_pb_text][\/et_pb_column][\/et_pb_row][\/et_pb_section][et_pb_section fb_built=&#8221;1&#8243; _builder_version=&#8221;4.27.4&#8243; _module_preset=&#8221;default&#8221; global_colors_info=&#8221;{}&#8221;][\/et_pb_section][et_pb_section fb_built=&#8221;1&#8243; _builder_version=&#8221;4.27.4&#8243; _module_preset=&#8221;default&#8221; global_colors_info=&#8221;{}&#8221;][\/et_pb_section][et_pb_section fb_built=&#8221;1&#8243; _builder_version=&#8221;4.27.4&#8243; _module_preset=&#8221;default&#8221; global_colors_info=&#8221;{}&#8221;][\/et_pb_section]<\/p>\n","protected":false},"excerpt":{"rendered":"<p>Klubin viirikokoelma<\/p>\n","protected":false},"author":833,"featured_media":0,"parent":0,"menu_order":0,"comment_status":"closed","ping_status":"closed","template":"","meta":{"_acf_changed":false,"_et_pb_use_builder":"on","_et_pb_old_content":"<a href=\"https:\/\/rotary.fi\/herttoniemi\/wp-content\/uploads\/sites\/143\/2026\/02\/HKRnsuom_viirit-4.xlsx\">HKRn+suom_viirit (4<\/a>\r\n\r\n<a href=\"https:\/\/rotary.fi\/herttoniemi\/wp-content\/uploads\/sites\/143\/2026\/02\/HKRnsuom_viirit-4.xlsx\">)<\/a><a href=\"https:\/\/rotary.fi\/herttoniemi\/wp-content\/uploads\/sites\/143\/2026\/02\/HRKnulkom_viirit-3.xlsx\">HRKn+ulkom_viirit (3)<\/a>","_et_gb_content_width":"","footnotes":""},"class_list":["post-2893","page","type-page","status-publish","hentry"],"acf":[],"yoast_head":"<!-- This site is optimized with the Yoast SEO plugin v27.0 - https:\/\/yoast.com\/product\/yoast-seo-wordpress\/ -->\n<title>Klubin viirikokoelma - Herttoniemi - Herton\u00e4s Rotaryklubi ry<\/title>\n<meta name=\"robots\" content=\"index, follow, max-snippet:-1, max-image-preview:large, max-video-preview:-1\" \/>\n<link rel=\"canonical\" href=\"https:\/\/rotary.fi\/herttoniemi\/klubin-viirikokoelma\/\" \/>\n<meta property=\"og:locale\" content=\"fi_FI\" \/>\n<meta property=\"og:type\" content=\"article\" \/>\n<meta property=\"og:title\" content=\"Klubin viirikokoelma - Herttoniemi - Herton\u00e4s Rotaryklubi ry\" \/>\n<meta property=\"og:description\" content=\"Klubin viirikokoelma\" \/>\n<meta property=\"og:url\" content=\"https:\/\/rotary.fi\/herttoniemi\/klubin-viirikokoelma\/\" \/>\n<meta property=\"og:site_name\" content=\"Herttoniemi - Herton\u00e4s Rotaryklubi ry\" \/>\n<meta property=\"article:modified_time\" content=\"2026-03-03T07:29:44+00:00\" \/>\n<meta name=\"twitter:card\" content=\"summary_large_image\" \/>\n<meta name=\"twitter:label1\" content=\"Arvioitu lukuaika\" \/>\n\t<meta name=\"twitter:data1\" content=\"1 minuutti\" \/>\n<script type=\"application\/ld+json\" class=\"yoast-schema-graph\">{\"@context\":\"https:\/\/schema.org\",\"@graph\":[{\"@type\":\"WebPage\",\"@id\":\"https:\/\/rotary.fi\/herttoniemi\/klubin-viirikokoelma\/\",\"url\":\"https:\/\/rotary.fi\/herttoniemi\/klubin-viirikokoelma\/\",\"name\":\"Klubin viirikokoelma - Herttoniemi - Herton\u00e4s Rotaryklubi ry\",\"isPartOf\":{\"@id\":\"https:\/\/rotary.fi\/herttoniemi\/#website\"},\"datePublished\":\"2026-02-21T16:04:53+00:00\",\"dateModified\":\"2026-03-03T07:29:44+00:00\",\"breadcrumb\":{\"@id\":\"https:\/\/rotary.fi\/herttoniemi\/klubin-viirikokoelma\/#breadcrumb\"},\"inLanguage\":\"fi\",\"potentialAction\":[{\"@type\":\"ReadAction\",\"target\":[\"https:\/\/rotary.fi\/herttoniemi\/klubin-viirikokoelma\/\"]}]},{\"@type\":\"BreadcrumbList\",\"@id\":\"https:\/\/rotary.fi\/herttoniemi\/klubin-viirikokoelma\/#breadcrumb\",\"itemListElement\":[{\"@type\":\"ListItem\",\"position\":1,\"name\":\"Home\",\"item\":\"https:\/\/rotary.fi\/herttoniemi\/\"},{\"@type\":\"ListItem\",\"position\":2,\"name\":\"Klubin viirikokoelma\"}]},{\"@type\":\"WebSite\",\"@id\":\"https:\/\/rotary.fi\/herttoniemi\/#website\",\"url\":\"https:\/\/rotary.fi\/herttoniemi\/\",\"name\":\"Herttoniemi - Herton\u00e4s Rotaryklubi ry\",\"description\":\"Uusi Rotary klubisivusto\",\"potentialAction\":[{\"@type\":\"SearchAction\",\"target\":{\"@type\":\"EntryPoint\",\"urlTemplate\":\"https:\/\/rotary.fi\/herttoniemi\/?s={search_term_string}\"},\"query-input\":{\"@type\":\"PropertyValueSpecification\",\"valueRequired\":true,\"valueName\":\"search_term_string\"}}],\"inLanguage\":\"fi\"}]}<\/script>\n<!-- \/ Yoast SEO plugin. -->","yoast_head_json":{"title":"Klubin viirikokoelma - Herttoniemi - Herton\u00e4s Rotaryklubi ry","robots":{"index":"index","follow":"follow","max-snippet":"max-snippet:-1","max-image-preview":"max-image-preview:large","max-video-preview":"max-video-preview:-1"},"canonical":"https:\/\/rotary.fi\/herttoniemi\/klubin-viirikokoelma\/","og_locale":"fi_FI","og_type":"article","og_title":"Klubin viirikokoelma - Herttoniemi - Herton\u00e4s Rotaryklubi ry","og_description":"Klubin viirikokoelma","og_url":"https:\/\/rotary.fi\/herttoniemi\/klubin-viirikokoelma\/","og_site_name":"Herttoniemi - Herton\u00e4s Rotaryklubi ry","article_modified_time":"2026-03-03T07:29:44+00:00","twitter_card":"summary_large_image","twitter_misc":{"Arvioitu lukuaika":"1 minuutti"},"schema":{"@context":"https:\/\/schema.org","@graph":[{"@type":"WebPage","@id":"https:\/\/rotary.fi\/herttoniemi\/klubin-viirikokoelma\/","url":"https:\/\/rotary.fi\/herttoniemi\/klubin-viirikokoelma\/","name":"Klubin viirikokoelma - Herttoniemi - Herton\u00e4s Rotaryklubi ry","isPartOf":{"@id":"https:\/\/rotary.fi\/herttoniemi\/#website"},"datePublished":"2026-02-21T16:04:53+00:00","dateModified":"2026-03-03T07:29:44+00:00","breadcrumb":{"@id":"https:\/\/rotary.fi\/herttoniemi\/klubin-viirikokoelma\/#breadcrumb"},"inLanguage":"fi","potentialAction":[{"@type":"ReadAction","target":["https:\/\/rotary.fi\/herttoniemi\/klubin-viirikokoelma\/"]}]},{"@type":"BreadcrumbList","@id":"https:\/\/rotary.fi\/herttoniemi\/klubin-viirikokoelma\/#breadcrumb","itemListElement":[{"@type":"ListItem","position":1,"name":"Home","item":"https:\/\/rotary.fi\/herttoniemi\/"},{"@type":"ListItem","position":2,"name":"Klubin viirikokoelma"}]},{"@type":"WebSite","@id":"https:\/\/rotary.fi\/herttoniemi\/#website","url":"https:\/\/rotary.fi\/herttoniemi\/","name":"Herttoniemi - Herton\u00e4s Rotaryklubi ry","description":"Uusi Rotary klubisivusto","potentialAction":[{"@type":"SearchAction","target":{"@type":"EntryPoint","urlTemplate":"https:\/\/rotary.fi\/herttoniemi\/?s={search_term_string}"},"query-input":{"@type":"PropertyValueSpecification","valueRequired":true,"valueName":"search_term_string"}}],"inLanguage":"fi"}]}},"lang":"fi","translations":{"fi":2893},"pll_sync_post":[],"_links":{"self":[{"href":"https:\/\/rotary.fi\/herttoniemi\/wp-json\/wp\/v2\/pages\/2893","targetHints":{"allow":["GET"]}}],"collection":[{"href":"https:\/\/rotary.fi\/herttoniemi\/wp-json\/wp\/v2\/pages"}],"about":[{"href":"https:\/\/rotary.fi\/herttoniemi\/wp-json\/wp\/v2\/types\/page"}],"author":[{"embeddable":true,"href":"https:\/\/rotary.fi\/herttoniemi\/wp-json\/wp\/v2\/users\/833"}],"replies":[{"embeddable":true,"href":"https:\/\/rotary.fi\/herttoniemi\/wp-json\/wp\/v2\/comments?post=2893"}],"version-history":[{"count":10,"href":"https:\/\/rotary.fi\/herttoniemi\/wp-json\/wp\/v2\/pages\/2893\/revisions"}],"predecessor-version":[{"id":2989,"href":"https:\/\/rotary.fi\/herttoniemi\/wp-json\/wp\/v2\/pages\/2893\/revisions\/2989"}],"wp:attachment":[{"href":"https:\/\/rotary.fi\/herttoniemi\/wp-json\/wp\/v2\/media?parent=2893"}],"curies":[{"name":"wp","href":"https:\/\/api.w.org\/{rel}","templated":true}]}}