{"id":2020,"date":"2025-10-16T16:54:55","date_gmt":"2025-10-16T13:54:55","guid":{"rendered":"https:\/\/rotary.fi\/herttoniemi\/?page_id=2020"},"modified":"2026-02-16T21:53:58","modified_gmt":"2026-02-16T19:53:58","slug":"hallitus-ja-toimihenkilot","status":"publish","type":"page","link":"https:\/\/rotary.fi\/herttoniemi\/etusivu\/keita-olemme\/hallitus-ja-toimihenkilot\/","title":{"rendered":"Hallitus ja toimihenkil\u00f6t"},"content":{"rendered":"<p>[et_pb_section fb_built=&#8221;1&#8243; admin_label=&#8221;Osio&#8221; module_class=&#8221;jumbotron-page&#8221; _builder_version=&#8221;4.27.4&#8243; background_image=&#8221;https:\/\/rotary.fi\/herttoniemi\/wp-content\/uploads\/sites\/143\/2018\/10\/rotary_klubit_alasivu_paakuva_12.jpg&#8221; global_colors_info=&#8221;{}&#8221; background__hover_enabled=&#8221;off|desktop&#8221;][et_pb_row _builder_version=&#8221;4.16&#8243; background_size=&#8221;initial&#8221; background_position=&#8221;top_left&#8221; background_repeat=&#8221;repeat&#8221; global_colors_info=&#8221;{}&#8221;][et_pb_column type=&#8221;4_4&#8243; _builder_version=&#8221;4.16&#8243; custom_padding=&#8221;|||&#8221; global_colors_info=&#8221;{}&#8221; custom_padding__hover=&#8221;|||&#8221;][et_pb_text admin_label=&#8221;P\u00e4\u00e4otsikko&#8221; _builder_version=&#8221;4.16&#8243; text_orientation=&#8221;center&#8221; background_layout=&#8221;dark&#8221; global_colors_info=&#8221;{}&#8221;]<\/p>\n<h1>Hallitus ja toimihenkil\u00f6t<\/h1>\n<p>[\/et_pb_text][\/et_pb_column][\/et_pb_row][\/et_pb_section][et_pb_section fb_built=&#8221;1&#8243; specialty=&#8221;on&#8221; module_class_2=&#8221;sivupalkki&#8221; _builder_version=&#8221;4.16&#8243; global_colors_info=&#8221;{}&#8221;][et_pb_column type=&#8221;2_3&#8243; specialty_columns=&#8221;2&#8243; _builder_version=&#8221;4.16&#8243; custom_padding=&#8221;|||&#8221; global_colors_info=&#8221;{}&#8221; custom_padding__hover=&#8221;|||&#8221;][et_pb_row_inner admin_label=&#8221;Rivi&#8221; _builder_version=&#8221;4.16&#8243; global_colors_info=&#8221;{}&#8221;][et_pb_column_inner saved_specialty_column_type=&#8221;2_3&#8243; _builder_version=&#8221;4.16&#8243; custom_padding=&#8221;|||&#8221; global_colors_info=&#8221;{}&#8221; custom_padding__hover=&#8221;|||&#8221;][et_pb_text admin_label=&#8221;Otsikko&#8221; _builder_version=&#8221;4.16&#8243; text_orientation=&#8221;center&#8221; global_colors_info=&#8221;{}&#8221;]<\/p>\n<h1>Hallitus ja toimihenkil\u00f6t<\/h1>\n<p>[\/et_pb_text][\/et_pb_column_inner][\/et_pb_row_inner][et_pb_row_inner _builder_version=&#8221;4.27.4&#8243; _module_preset=&#8221;default&#8221; global_colors_info=&#8221;{}&#8221;][et_pb_column_inner saved_specialty_column_type=&#8221;2_3&#8243; _builder_version=&#8221;4.27.4&#8243; _module_preset=&#8221;default&#8221; global_colors_info=&#8221;{}&#8221;][et_pb_text _builder_version=&#8221;4.27.4&#8243; _module_preset=&#8221;default&#8221; global_colors_info=&#8221;{}&#8221;]<\/p>\n<h2><\/h2>\n<h2>Hallitus<\/h2>\n<p><strong>Pre<span style=\"color: #0c71c3\">sidentti 2025-2026 <\/span><\/strong><span style=\"color: #0c71c3\">Kari Markkula;<\/span><\/p>\n<p><span style=\"color: #0c71c3\"><a href=\"mailto:kari.markkula@karituuli.fi\" style=\"color: #0c71c3\"><span style=\"text-decoration: underline\">kari.markkula@karituuli.fi<\/span>\u00a0<\/a><\/span><\/p>\n<p>p. 050 340 4855<span style=\"color: #0c71c3\"><\/span>\u00a0<\/p>\n<p>\u00a0 \u00a0 <img loading=\"lazy\" decoding=\"async\" src=\"https:\/\/rotary.fi\/herttoniemi\/wp-content\/uploads\/sites\/143\/2025\/11\/4a-kari-markkula-200x300.jpg\" width=\"258\" height=\"387\" alt=\"\" class=\"wp-image-2196 alignnone size-medium\" \/><\/p>\n<p><strong>Tuleva presidentti<\/strong> Jukka Ahonen<\/p>\n<p><strong>Varapresidentti<\/strong> Jukka Niiranen<\/p>\n<p><strong>Past presidentti<\/strong> Mikko Timisj\u00e4rvi<\/p>\n<p><strong>Sihteeri<\/strong> Risto Keponen<\/p>\n<p><strong>Rahastonhoitaja<\/strong> P\u00e4ivi Melamies<\/p>\n<p><strong>S\u00e4\u00e4ti\u00f6asiamies<\/strong> Pertti Alanne<\/p>\n<p><strong>Nuorisovaihtoasiamies<\/strong>\u00a0Esa Linna<\/p>\n<h3>Virkailijat ja komiteat<\/h3>\n<h4>J\u00e4senyys- ja luokituskomitea<\/h4>\n<p>Jukka Ahonen<\/p>\n<h4>Klubipalvelukomitea<\/h4>\n<p>Pentti Raunio<\/p>\n<h4>1. klubimestari<\/h4>\n<p>Pentti Raunio<\/p>\n<h4>It-vastaava<\/h4>\n<p>Erkki Ilus<\/p>\n<h4>Rotarys\u00e4\u00e4ti\u00f6asiamies<\/h4>\n<p>Pertti Alanne<\/p>\n<h4>Nuorisovaihtoasiamies<\/h4>\n<p>Esa Linna<\/p>\n<h4>Ohjelmakomitea<\/h4>\n<p>Kari Markkula<\/p>\n<h4>Toiminnantarkastajat<\/h4>\n<p>Mika Sj\u00f6holm<\/p>\n<p>Helena Kangas<\/p>\n<h4>Varatoiminnantarkastaja<\/h4>\n<p>Jukka Ingman<\/p>\n<p>&nbsp;<\/p>\n<p>[\/et_pb_text][\/et_pb_column_inner][\/et_pb_row_inner][\/et_pb_column][et_pb_column type=&#8221;1_3&#8243; _builder_version=&#8221;4.16&#8243; custom_padding=&#8221;|||&#8221; global_colors_info=&#8221;{}&#8221; custom_padding__hover=&#8221;|||&#8221;][et_pb_sidebar area=&#8221;sidebar-1&#8243; module_class=&#8221;sivupalkki_sisalto&#8221; _builder_version=&#8221;4.16&#8243; locked=&#8221;on&#8221; global_colors_info=&#8221;{}&#8221;][\/et_pb_sidebar][\/et_pb_column][\/et_pb_section]<\/p>\n","protected":false},"excerpt":{"rendered":"<p>Hallitus ja toimihenkil\u00f6t Hallitus ja toimihenkil\u00f6t Hallitus Presidentti 2025-2026 Kari Markkula; kari.markkula@karituuli.fi\u00a0 p. 050 340 4855\u00a0 \u00a0 \u00a0 Tuleva presidentti Jukka Ahonen Varapresidentti Jukka Niiranen Past presidentti Mikko Timisj\u00e4rvi Sihteeri Risto Keponen Rahastonhoitaja P\u00e4ivi Melamies S\u00e4\u00e4ti\u00f6asiamies Pertti Alanne Nuorisovaihtoasiamies\u00a0Esa Linna Virkailijat ja komiteat J\u00e4senyys- ja luokituskomitea Jukka Ahonen Klubipalvelukomitea Pentti Raunio 1. klubimestari Pentti Raunio [&hellip;]<\/p>\n","protected":false},"author":833,"featured_media":0,"parent":129,"menu_order":0,"comment_status":"closed","ping_status":"closed","template":"","meta":{"_acf_changed":false,"_et_pb_use_builder":"on","_et_pb_old_content":"","_et_gb_content_width":"","footnotes":""},"class_list":["post-2020","page","type-page","status-publish","hentry"],"acf":[],"yoast_head":"<!-- This site is optimized with the Yoast SEO plugin v27.0 - https:\/\/yoast.com\/product\/yoast-seo-wordpress\/ -->\n<title>Hallitus ja toimihenkil\u00f6t - Herttoniemi - Herton\u00e4s Rotaryklubi ry<\/title>\n<meta name=\"robots\" content=\"index, follow, max-snippet:-1, max-image-preview:large, max-video-preview:-1\" \/>\n<link rel=\"canonical\" href=\"https:\/\/rotary.fi\/herttoniemi\/etusivu\/keita-olemme\/hallitus-ja-toimihenkilot\/\" \/>\n<meta property=\"og:locale\" content=\"fi_FI\" \/>\n<meta property=\"og:type\" content=\"article\" \/>\n<meta property=\"og:title\" content=\"Hallitus ja toimihenkil\u00f6t - Herttoniemi - Herton\u00e4s Rotaryklubi ry\" \/>\n<meta property=\"og:description\" content=\"Hallitus ja toimihenkil\u00f6t Hallitus ja toimihenkil\u00f6t Hallitus Presidentti 2025-2026 Kari Markkula; kari.markkula@karituuli.fi\u00a0 p. 050 340 4855\u00a0 \u00a0 \u00a0 Tuleva presidentti Jukka Ahonen Varapresidentti Jukka Niiranen Past presidentti Mikko Timisj\u00e4rvi Sihteeri Risto Keponen Rahastonhoitaja P\u00e4ivi Melamies S\u00e4\u00e4ti\u00f6asiamies Pertti Alanne Nuorisovaihtoasiamies\u00a0Esa Linna Virkailijat ja komiteat J\u00e4senyys- ja luokituskomitea Jukka Ahonen Klubipalvelukomitea Pentti Raunio 1. klubimestari Pentti Raunio [&hellip;]\" \/>\n<meta property=\"og:url\" content=\"https:\/\/rotary.fi\/herttoniemi\/etusivu\/keita-olemme\/hallitus-ja-toimihenkilot\/\" \/>\n<meta property=\"og:site_name\" content=\"Herttoniemi - Herton\u00e4s Rotaryklubi ry\" \/>\n<meta property=\"article:modified_time\" content=\"2026-02-16T19:53:58+00:00\" \/>\n<meta property=\"og:image\" content=\"https:\/\/rotary.fi\/herttoniemi\/wp-content\/uploads\/sites\/143\/2025\/11\/4a-kari-markkula.jpg\" \/>\n\t<meta property=\"og:image:width\" content=\"1157\" \/>\n\t<meta property=\"og:image:height\" content=\"1735\" \/>\n\t<meta property=\"og:image:type\" content=\"image\/jpeg\" \/>\n<meta name=\"twitter:card\" content=\"summary_large_image\" \/>\n<meta name=\"twitter:label1\" content=\"Arvioitu lukuaika\" \/>\n\t<meta name=\"twitter:data1\" content=\"2 minuuttia\" \/>\n<script type=\"application\/ld+json\" class=\"yoast-schema-graph\">{\"@context\":\"https:\/\/schema.org\",\"@graph\":[{\"@type\":\"WebPage\",\"@id\":\"https:\/\/rotary.fi\/herttoniemi\/etusivu\/keita-olemme\/hallitus-ja-toimihenkilot\/\",\"url\":\"https:\/\/rotary.fi\/herttoniemi\/etusivu\/keita-olemme\/hallitus-ja-toimihenkilot\/\",\"name\":\"Hallitus ja toimihenkil\u00f6t - Herttoniemi - Herton\u00e4s Rotaryklubi ry\",\"isPartOf\":{\"@id\":\"https:\/\/rotary.fi\/herttoniemi\/#website\"},\"primaryImageOfPage\":{\"@id\":\"https:\/\/rotary.fi\/herttoniemi\/etusivu\/keita-olemme\/hallitus-ja-toimihenkilot\/#primaryimage\"},\"image\":{\"@id\":\"https:\/\/rotary.fi\/herttoniemi\/etusivu\/keita-olemme\/hallitus-ja-toimihenkilot\/#primaryimage\"},\"thumbnailUrl\":\"https:\/\/rotary.fi\/herttoniemi\/wp-content\/uploads\/sites\/143\/2025\/11\/4a-kari-markkula-200x300.jpg\",\"datePublished\":\"2025-10-16T13:54:55+00:00\",\"dateModified\":\"2026-02-16T19:53:58+00:00\",\"breadcrumb\":{\"@id\":\"https:\/\/rotary.fi\/herttoniemi\/etusivu\/keita-olemme\/hallitus-ja-toimihenkilot\/#breadcrumb\"},\"inLanguage\":\"fi\",\"potentialAction\":[{\"@type\":\"ReadAction\",\"target\":[\"https:\/\/rotary.fi\/herttoniemi\/etusivu\/keita-olemme\/hallitus-ja-toimihenkilot\/\"]}]},{\"@type\":\"ImageObject\",\"inLanguage\":\"fi\",\"@id\":\"https:\/\/rotary.fi\/herttoniemi\/etusivu\/keita-olemme\/hallitus-ja-toimihenkilot\/#primaryimage\",\"url\":\"https:\/\/rotary.fi\/herttoniemi\/wp-content\/uploads\/sites\/143\/2025\/11\/4a-kari-markkula.jpg\",\"contentUrl\":\"https:\/\/rotary.fi\/herttoniemi\/wp-content\/uploads\/sites\/143\/2025\/11\/4a-kari-markkula.jpg\",\"width\":1157,\"height\":1735},{\"@type\":\"BreadcrumbList\",\"@id\":\"https:\/\/rotary.fi\/herttoniemi\/etusivu\/keita-olemme\/hallitus-ja-toimihenkilot\/#breadcrumb\",\"itemListElement\":[{\"@type\":\"ListItem\",\"position\":1,\"name\":\"Home\",\"item\":\"https:\/\/rotary.fi\/herttoniemi\/\"},{\"@type\":\"ListItem\",\"position\":2,\"name\":\"Etusivu\",\"item\":\"https:\/\/rotary.fi\/herttoniemi\/\"},{\"@type\":\"ListItem\",\"position\":3,\"name\":\"Keit\u00e4 olemme\",\"item\":\"https:\/\/rotary.fi\/herttoniemi\/etusivu\/keita-olemme\/\"},{\"@type\":\"ListItem\",\"position\":4,\"name\":\"Hallitus ja toimihenkil\u00f6t\"}]},{\"@type\":\"WebSite\",\"@id\":\"https:\/\/rotary.fi\/herttoniemi\/#website\",\"url\":\"https:\/\/rotary.fi\/herttoniemi\/\",\"name\":\"Herttoniemi - Herton\u00e4s Rotaryklubi ry\",\"description\":\"Uusi Rotary klubisivusto\",\"potentialAction\":[{\"@type\":\"SearchAction\",\"target\":{\"@type\":\"EntryPoint\",\"urlTemplate\":\"https:\/\/rotary.fi\/herttoniemi\/?s={search_term_string}\"},\"query-input\":{\"@type\":\"PropertyValueSpecification\",\"valueRequired\":true,\"valueName\":\"search_term_string\"}}],\"inLanguage\":\"fi\"}]}<\/script>\n<!-- \/ Yoast SEO plugin. -->","yoast_head_json":{"title":"Hallitus ja toimihenkil\u00f6t - Herttoniemi - Herton\u00e4s Rotaryklubi ry","robots":{"index":"index","follow":"follow","max-snippet":"max-snippet:-1","max-image-preview":"max-image-preview:large","max-video-preview":"max-video-preview:-1"},"canonical":"https:\/\/rotary.fi\/herttoniemi\/etusivu\/keita-olemme\/hallitus-ja-toimihenkilot\/","og_locale":"fi_FI","og_type":"article","og_title":"Hallitus ja toimihenkil\u00f6t - Herttoniemi - Herton\u00e4s Rotaryklubi ry","og_description":"Hallitus ja toimihenkil\u00f6t Hallitus ja toimihenkil\u00f6t Hallitus Presidentti 2025-2026 Kari Markkula; kari.markkula@karituuli.fi\u00a0 p. 050 340 4855\u00a0 \u00a0 \u00a0 Tuleva presidentti Jukka Ahonen Varapresidentti Jukka Niiranen Past presidentti Mikko Timisj\u00e4rvi Sihteeri Risto Keponen Rahastonhoitaja P\u00e4ivi Melamies S\u00e4\u00e4ti\u00f6asiamies Pertti Alanne Nuorisovaihtoasiamies\u00a0Esa Linna Virkailijat ja komiteat J\u00e4senyys- ja luokituskomitea Jukka Ahonen Klubipalvelukomitea Pentti Raunio 1. klubimestari Pentti Raunio [&hellip;]","og_url":"https:\/\/rotary.fi\/herttoniemi\/etusivu\/keita-olemme\/hallitus-ja-toimihenkilot\/","og_site_name":"Herttoniemi - Herton\u00e4s Rotaryklubi ry","article_modified_time":"2026-02-16T19:53:58+00:00","og_image":[{"width":1157,"height":1735,"url":"https:\/\/rotary.fi\/herttoniemi\/wp-content\/uploads\/sites\/143\/2025\/11\/4a-kari-markkula.jpg","type":"image\/jpeg"}],"twitter_card":"summary_large_image","twitter_misc":{"Arvioitu lukuaika":"2 minuuttia"},"schema":{"@context":"https:\/\/schema.org","@graph":[{"@type":"WebPage","@id":"https:\/\/rotary.fi\/herttoniemi\/etusivu\/keita-olemme\/hallitus-ja-toimihenkilot\/","url":"https:\/\/rotary.fi\/herttoniemi\/etusivu\/keita-olemme\/hallitus-ja-toimihenkilot\/","name":"Hallitus ja toimihenkil\u00f6t - Herttoniemi - Herton\u00e4s Rotaryklubi ry","isPartOf":{"@id":"https:\/\/rotary.fi\/herttoniemi\/#website"},"primaryImageOfPage":{"@id":"https:\/\/rotary.fi\/herttoniemi\/etusivu\/keita-olemme\/hallitus-ja-toimihenkilot\/#primaryimage"},"image":{"@id":"https:\/\/rotary.fi\/herttoniemi\/etusivu\/keita-olemme\/hallitus-ja-toimihenkilot\/#primaryimage"},"thumbnailUrl":"https:\/\/rotary.fi\/herttoniemi\/wp-content\/uploads\/sites\/143\/2025\/11\/4a-kari-markkula-200x300.jpg","datePublished":"2025-10-16T13:54:55+00:00","dateModified":"2026-02-16T19:53:58+00:00","breadcrumb":{"@id":"https:\/\/rotary.fi\/herttoniemi\/etusivu\/keita-olemme\/hallitus-ja-toimihenkilot\/#breadcrumb"},"inLanguage":"fi","potentialAction":[{"@type":"ReadAction","target":["https:\/\/rotary.fi\/herttoniemi\/etusivu\/keita-olemme\/hallitus-ja-toimihenkilot\/"]}]},{"@type":"ImageObject","inLanguage":"fi","@id":"https:\/\/rotary.fi\/herttoniemi\/etusivu\/keita-olemme\/hallitus-ja-toimihenkilot\/#primaryimage","url":"https:\/\/rotary.fi\/herttoniemi\/wp-content\/uploads\/sites\/143\/2025\/11\/4a-kari-markkula.jpg","contentUrl":"https:\/\/rotary.fi\/herttoniemi\/wp-content\/uploads\/sites\/143\/2025\/11\/4a-kari-markkula.jpg","width":1157,"height":1735},{"@type":"BreadcrumbList","@id":"https:\/\/rotary.fi\/herttoniemi\/etusivu\/keita-olemme\/hallitus-ja-toimihenkilot\/#breadcrumb","itemListElement":[{"@type":"ListItem","position":1,"name":"Home","item":"https:\/\/rotary.fi\/herttoniemi\/"},{"@type":"ListItem","position":2,"name":"Etusivu","item":"https:\/\/rotary.fi\/herttoniemi\/"},{"@type":"ListItem","position":3,"name":"Keit\u00e4 olemme","item":"https:\/\/rotary.fi\/herttoniemi\/etusivu\/keita-olemme\/"},{"@type":"ListItem","position":4,"name":"Hallitus ja toimihenkil\u00f6t"}]},{"@type":"WebSite","@id":"https:\/\/rotary.fi\/herttoniemi\/#website","url":"https:\/\/rotary.fi\/herttoniemi\/","name":"Herttoniemi - Herton\u00e4s Rotaryklubi ry","description":"Uusi Rotary klubisivusto","potentialAction":[{"@type":"SearchAction","target":{"@type":"EntryPoint","urlTemplate":"https:\/\/rotary.fi\/herttoniemi\/?s={search_term_string}"},"query-input":{"@type":"PropertyValueSpecification","valueRequired":true,"valueName":"search_term_string"}}],"inLanguage":"fi"}]}},"lang":"fi","translations":{"fi":2020},"pll_sync_post":[],"_links":{"self":[{"href":"https:\/\/rotary.fi\/herttoniemi\/wp-json\/wp\/v2\/pages\/2020","targetHints":{"allow":["GET"]}}],"collection":[{"href":"https:\/\/rotary.fi\/herttoniemi\/wp-json\/wp\/v2\/pages"}],"about":[{"href":"https:\/\/rotary.fi\/herttoniemi\/wp-json\/wp\/v2\/types\/page"}],"author":[{"embeddable":true,"href":"https:\/\/rotary.fi\/herttoniemi\/wp-json\/wp\/v2\/users\/833"}],"replies":[{"embeddable":true,"href":"https:\/\/rotary.fi\/herttoniemi\/wp-json\/wp\/v2\/comments?post=2020"}],"version-history":[{"count":8,"href":"https:\/\/rotary.fi\/herttoniemi\/wp-json\/wp\/v2\/pages\/2020\/revisions"}],"predecessor-version":[{"id":2594,"href":"https:\/\/rotary.fi\/herttoniemi\/wp-json\/wp\/v2\/pages\/2020\/revisions\/2594"}],"up":[{"embeddable":true,"href":"https:\/\/rotary.fi\/herttoniemi\/wp-json\/wp\/v2\/pages\/129"}],"wp:attachment":[{"href":"https:\/\/rotary.fi\/herttoniemi\/wp-json\/wp\/v2\/media?parent=2020"}],"curies":[{"name":"wp","href":"https:\/\/api.w.org\/{rel}","templated":true}]}}