{"id":129,"date":"2018-08-10T13:41:39","date_gmt":"2018-08-10T10:41:39","guid":{"rendered":"https:\/\/rotary.fi\/klubi2\/?page_id=129"},"modified":"2023-08-22T09:22:37","modified_gmt":"2023-08-22T06:22:37","slug":"keita-olemme","status":"publish","type":"page","link":"https:\/\/rotary.fi\/helsinkitoolo\/keita-olemme\/","title":{"rendered":"Keit\u00e4 olemme"},"content":{"rendered":"<p>[et_pb_section fb_built=&#8221;1&#8243; module_class=&#8221;jumbotron-page&#8221; _builder_version=&#8221;4.16&#8243; background_image=&#8221;https:\/\/rotary.fi\/helsinkitoolo\/wp-content\/uploads\/sites\/180\/2019\/12\/toolon-rotaryklubi-yhteiskuva-nauha.jpg&#8221; global_colors_info=&#8221;{}&#8221;][et_pb_row _builder_version=&#8221;4.16&#8243; background_size=&#8221;initial&#8221; background_position=&#8221;top_left&#8221; background_repeat=&#8221;repeat&#8221; global_colors_info=&#8221;{}&#8221;][et_pb_column type=&#8221;4_4&#8243; _builder_version=&#8221;4.16&#8243; custom_padding=&#8221;|||&#8221; global_colors_info=&#8221;{}&#8221; custom_padding__hover=&#8221;|||&#8221;][et_pb_text admin_label=&#8221;P\u00e4\u00e4otsikko&#8221; _builder_version=&#8221;4.16&#8243; text_orientation=&#8221;center&#8221; background_layout=&#8221;dark&#8221; global_colors_info=&#8221;{}&#8221;]<\/p>\n<h1>Keit\u00e4 olemme<\/h1>\n<p>[\/et_pb_text][\/et_pb_column][\/et_pb_row][\/et_pb_section][et_pb_section fb_built=&#8221;1&#8243; specialty=&#8221;on&#8221; module_class_2=&#8221;sivupalkki&#8221; _builder_version=&#8221;4.16&#8243; global_colors_info=&#8221;{}&#8221;][et_pb_column type=&#8221;2_3&#8243; specialty_columns=&#8221;2&#8243; _builder_version=&#8221;4.16&#8243; custom_padding=&#8221;|||&#8221; global_colors_info=&#8221;{}&#8221; custom_padding__hover=&#8221;|||&#8221;][et_pb_row_inner admin_label=&#8221;Rivi&#8221; _builder_version=&#8221;4.16&#8243; global_colors_info=&#8221;{}&#8221;][et_pb_column_inner saved_specialty_column_type=&#8221;2_3&#8243; _builder_version=&#8221;4.16&#8243; custom_padding=&#8221;|||&#8221; global_colors_info=&#8221;{}&#8221; custom_padding__hover=&#8221;|||&#8221;][et_pb_text admin_label=&#8221;Otsikko&#8221; _builder_version=&#8221;4.16&#8243; text_orientation=&#8221;center&#8221; global_colors_info=&#8221;{}&#8221;]<\/p>\n<h1>Keit\u00e4 olemme<\/h1>\n<p>[\/et_pb_text][et_pb_text _builder_version=&#8221;4.16&#8243; global_colors_info=&#8221;{}&#8221;]<\/p>\n<p><span style=\"font-size: 16px\">T\u00f6\u00f6l\u00f6n Rotaryklubi on aktiivinen helsinkil\u00e4inen rotaryklubi. Kokoonnumme joka torstai lounaskokoukseen klo 11.30-13.00 ravintola Ostrobotnian (Bottan) juhlakerroksessa. Kokouksemme avataan aina reippaalla yhteislaululla, jonka maestromme valitsee ja johtaa. Monipuolisen lounaan j\u00e4lkeen kuulemme korkeatasoisen esitelm\u00e4n oman sisaremme\/veljemme tai vierailevan luennoitsijan pit\u00e4m\u00e4n\u00e4.<\/span><span style=\"font-size: 16px\">\u00a0<\/span><\/p>\n<p><span style=\"font-size: 16px\">T\u00f6\u00f6l\u00f6n klubi on yksi Helsingin vanhimpia ja elinvoimaisimpia. J\u00e4senm\u00e4\u00e4r\u00e4mme kasvaa ja kokouksissamme on aina vilkas puheensorina, ellei per\u00e4ti meteli, joka on merkki sisarellisten\/veljellisten keskusteluiden innosta ja voimasta. J\u00e4seni\u00e4 meill\u00e4 on seitsemisenkymment\u00e4, ja viikkokokousten osallistujam\u00e4\u00e4r\u00e4 on tyypillisesti n. 30 henke\u00e4. Vapaamuotoisia tapaamisia j\u00e4rjestet\u00e4\u00e4n v\u00e4hint\u00e4\u00e4n yksi syksyll\u00e4 ja yksi kev\u00e4\u00e4ll\u00e4.<\/span><span style=\"font-size: 16px\">\u00a0<\/span><span style=\"font-size: 16px\">\u00a0<\/span><\/p>\n<p>T\u00f6\u00f6l\u00f6n Rotaryklubi on perustettu alunperin Viipurissa vuonna 1931 ja on Suomen kolmanneksi vanhin rotaryklubi. Silloin sen kotipaikka oli Suomen toiseksi suurin kaupunki ja klubin nimi oli Viipurin Rotaryklubi. T\u00f6\u00f6l\u00f6n Rotaryklubina se on toiminut 16.5.1949 l\u00e4htien. Rotary Internationalin j\u00e4seneksi silloinen Viipurin Rotaryklubi otettiin 1.4.1931. T\u00f6\u00f6l\u00f6n Rotaryklubi on 26.11.2013 lukien rekister\u00f6ity yhdistys (Helsinki &#8211; T\u00f6\u00f6l\u00f6n Rotaryklubi ry).\u00a0<\/p>\n<p>Lue lis\u00e4\u00e4 historiastamme, <a href=\"https:\/\/www.dropbox.com\/s\/oldcnya4521lldj\/rotary85v-ekirja.pdf?dl=0\" target=\"_blank\" rel=\"noopener noreferrer\">T\u00f6\u00f6l\u00f6n Rotaryklubi 85-vuotishistoriikki<\/a> .<\/p>\n<p>&nbsp;<\/p>\n<h3>Rotary on kansainv\u00e4linen verkosto<\/h3>\n<p>Rotary on Chicagossa 23.2.1905 perustettu kansainv\u00e4linen palvelu- ja hyv\u00e4ntekev\u00e4isyysorganisaatio. Rotaryyn kuuluu 1,2 miljoona j\u00e4sent\u00e4 35 000 klubissa yli 200 maassa. Suomi on jaettu kuuteen rotarypiiriin, joista yhteen niist\u00e4 kuuluvat my\u00f6s Viron klubit. Suomessa ja Virossa on yhteens\u00e4 300 klubia, joissa on runsaat 10 000 rotaria.<span style=\"font-size: 16px\">\u00a0<\/span><span style=\"font-size: 16px\">\u00a0<\/span><\/p>\n<p>Rotary Internationalin kotipaikka on Evanston, USA:n osavaltiossa Illinoisissa. Tunnuslauseemme on Palvelu itsekkyyden edelle (Service Above Self). Rotary on kansainv\u00e4linen palvelu- ja hyv\u00e4ntekev\u00e4isyysj\u00e4rjest\u00f6.<\/p>\n<p>&nbsp;<\/p>\n<p>&nbsp;<\/p>\n<p>&nbsp;<\/p>\n<p>&nbsp;<\/p>\n<p>&nbsp;<\/p>\n<p>&nbsp;<\/p>\n<p>&nbsp;<\/p>\n<p>&nbsp;<\/p>\n<p>&nbsp;<\/p>\n<p>&nbsp;<\/p>\n<p>&nbsp;<\/p>\n<p>&nbsp;<\/p>\n<p>&nbsp;<\/p>\n<p>&nbsp;<\/p>\n<p>&nbsp;<\/p>\n<p>&nbsp;<\/p>\n<p>&nbsp;<\/p>\n<p>&nbsp;<\/p>\n<p>&nbsp;<\/p>\n<p>&nbsp;<\/p>\n<p>&nbsp;<\/p>\n<p>&nbsp;<\/p>\n<p>&nbsp;<\/p>\n<p>[\/et_pb_text][\/et_pb_column_inner][\/et_pb_row_inner][\/et_pb_column][et_pb_column type=&#8221;1_3&#8243; _builder_version=&#8221;4.16&#8243; custom_padding=&#8221;|||&#8221; global_colors_info=&#8221;{}&#8221; custom_padding__hover=&#8221;|||&#8221;][et_pb_sidebar area=&#8221;sidebar-1&#8243; module_class=&#8221;sivupalkki_sisalto&#8221; _builder_version=&#8221;4.16&#8243; locked=&#8221;on&#8221; global_colors_info=&#8221;{}&#8221;]<\/p>\n<p>[\/et_pb_sidebar][\/et_pb_column][\/et_pb_section]<\/p>\n","protected":false},"excerpt":{"rendered":"<p>Keit\u00e4 olemmeKeit\u00e4 olemmeT\u00f6\u00f6l\u00f6n Rotaryklubi on aktiivinen helsinkil\u00e4inen rotaryklubi. Kokoonnumme joka torstai lounaskokoukseen klo 11.30-13.00 ravintola Ostrobotnian (Bottan) juhlakerroksessa. Kokouksemme avataan aina reippaalla yhteislaululla, jonka maestromme valitsee ja johtaa. Monipuolisen lounaan j\u00e4lkeen kuulemme korkeatasoisen esitelm\u00e4n oman sisaremme\/veljemme tai vierailevan luennoitsijan pit\u00e4m\u00e4n\u00e4.\u00a0 T\u00f6\u00f6l\u00f6n klubi on yksi Helsingin vanhimpia ja elinvoimaisimpia. J\u00e4senm\u00e4\u00e4r\u00e4mme kasvaa ja kokouksissamme on aina vilkas [&hellip;]<\/p>\n","protected":false},"author":1,"featured_media":0,"parent":0,"menu_order":1,"comment_status":"closed","ping_status":"closed","template":"","meta":{"_acf_changed":false,"_et_pb_use_builder":"on","_et_pb_old_content":"","_et_gb_content_width":"","footnotes":""},"class_list":["post-129","page","type-page","status-publish","hentry"],"acf":[],"yoast_head":"<!-- This site is optimized with the Yoast SEO plugin v27.0 - https:\/\/yoast.com\/product\/yoast-seo-wordpress\/ -->\n<title>Keit\u00e4 olemme - Helsinki - T\u00f6\u00f6l\u00f6n Rotaryklubi<\/title>\n<meta name=\"robots\" content=\"index, follow, max-snippet:-1, max-image-preview:large, max-video-preview:-1\" \/>\n<link rel=\"canonical\" href=\"https:\/\/rotary.fi\/helsinkitoolo\/keita-olemme\/\" \/>\n<meta property=\"og:locale\" content=\"fi_FI\" \/>\n<meta property=\"og:type\" content=\"article\" \/>\n<meta property=\"og:title\" content=\"Keit\u00e4 olemme - Helsinki - T\u00f6\u00f6l\u00f6n Rotaryklubi\" \/>\n<meta property=\"og:description\" content=\"Keit\u00e4 olemmeKeit\u00e4 olemmeT\u00f6\u00f6l\u00f6n Rotaryklubi on aktiivinen helsinkil\u00e4inen rotaryklubi. Kokoonnumme joka torstai lounaskokoukseen klo 11.30-13.00 ravintola Ostrobotnian (Bottan) juhlakerroksessa. Kokouksemme avataan aina reippaalla yhteislaululla, jonka maestromme valitsee ja johtaa. Monipuolisen lounaan j\u00e4lkeen kuulemme korkeatasoisen esitelm\u00e4n oman sisaremme\/veljemme tai vierailevan luennoitsijan pit\u00e4m\u00e4n\u00e4.\u00a0 T\u00f6\u00f6l\u00f6n klubi on yksi Helsingin vanhimpia ja elinvoimaisimpia. J\u00e4senm\u00e4\u00e4r\u00e4mme kasvaa ja kokouksissamme on aina vilkas [&hellip;]\" \/>\n<meta property=\"og:url\" content=\"https:\/\/rotary.fi\/helsinkitoolo\/keita-olemme\/\" \/>\n<meta property=\"og:site_name\" content=\"Helsinki - T\u00f6\u00f6l\u00f6n Rotaryklubi\" \/>\n<meta property=\"article:modified_time\" content=\"2023-08-22T06:22:37+00:00\" \/>\n<meta name=\"twitter:card\" content=\"summary_large_image\" \/>\n<meta name=\"twitter:label1\" content=\"Arvioitu lukuaika\" \/>\n\t<meta name=\"twitter:data1\" content=\"2 minuuttia\" \/>\n<script type=\"application\/ld+json\" class=\"yoast-schema-graph\">{\"@context\":\"https:\/\/schema.org\",\"@graph\":[{\"@type\":\"WebPage\",\"@id\":\"https:\/\/rotary.fi\/helsinkitoolo\/keita-olemme\/\",\"url\":\"https:\/\/rotary.fi\/helsinkitoolo\/keita-olemme\/\",\"name\":\"Keit\u00e4 olemme - Helsinki - T\u00f6\u00f6l\u00f6n Rotaryklubi\",\"isPartOf\":{\"@id\":\"https:\/\/rotary.fi\/helsinkitoolo\/#website\"},\"datePublished\":\"2018-08-10T10:41:39+00:00\",\"dateModified\":\"2023-08-22T06:22:37+00:00\",\"breadcrumb\":{\"@id\":\"https:\/\/rotary.fi\/helsinkitoolo\/keita-olemme\/#breadcrumb\"},\"inLanguage\":\"fi\",\"potentialAction\":[{\"@type\":\"ReadAction\",\"target\":[\"https:\/\/rotary.fi\/helsinkitoolo\/keita-olemme\/\"]}]},{\"@type\":\"BreadcrumbList\",\"@id\":\"https:\/\/rotary.fi\/helsinkitoolo\/keita-olemme\/#breadcrumb\",\"itemListElement\":[{\"@type\":\"ListItem\",\"position\":1,\"name\":\"Home\",\"item\":\"https:\/\/rotary.fi\/helsinkitoolo\/\"},{\"@type\":\"ListItem\",\"position\":2,\"name\":\"Keit\u00e4 olemme\"}]},{\"@type\":\"WebSite\",\"@id\":\"https:\/\/rotary.fi\/helsinkitoolo\/#website\",\"url\":\"https:\/\/rotary.fi\/helsinkitoolo\/\",\"name\":\"Helsinki - T\u00f6\u00f6l\u00f6n Rotaryklubi\",\"description\":\"Uusi Rotary klubisivusto\",\"potentialAction\":[{\"@type\":\"SearchAction\",\"target\":{\"@type\":\"EntryPoint\",\"urlTemplate\":\"https:\/\/rotary.fi\/helsinkitoolo\/?s={search_term_string}\"},\"query-input\":{\"@type\":\"PropertyValueSpecification\",\"valueRequired\":true,\"valueName\":\"search_term_string\"}}],\"inLanguage\":\"fi\"}]}<\/script>\n<!-- \/ Yoast SEO plugin. -->","yoast_head_json":{"title":"Keit\u00e4 olemme - Helsinki - T\u00f6\u00f6l\u00f6n Rotaryklubi","robots":{"index":"index","follow":"follow","max-snippet":"max-snippet:-1","max-image-preview":"max-image-preview:large","max-video-preview":"max-video-preview:-1"},"canonical":"https:\/\/rotary.fi\/helsinkitoolo\/keita-olemme\/","og_locale":"fi_FI","og_type":"article","og_title":"Keit\u00e4 olemme - Helsinki - T\u00f6\u00f6l\u00f6n Rotaryklubi","og_description":"Keit\u00e4 olemmeKeit\u00e4 olemmeT\u00f6\u00f6l\u00f6n Rotaryklubi on aktiivinen helsinkil\u00e4inen rotaryklubi. Kokoonnumme joka torstai lounaskokoukseen klo 11.30-13.00 ravintola Ostrobotnian (Bottan) juhlakerroksessa. Kokouksemme avataan aina reippaalla yhteislaululla, jonka maestromme valitsee ja johtaa. Monipuolisen lounaan j\u00e4lkeen kuulemme korkeatasoisen esitelm\u00e4n oman sisaremme\/veljemme tai vierailevan luennoitsijan pit\u00e4m\u00e4n\u00e4.\u00a0 T\u00f6\u00f6l\u00f6n klubi on yksi Helsingin vanhimpia ja elinvoimaisimpia. J\u00e4senm\u00e4\u00e4r\u00e4mme kasvaa ja kokouksissamme on aina vilkas [&hellip;]","og_url":"https:\/\/rotary.fi\/helsinkitoolo\/keita-olemme\/","og_site_name":"Helsinki - T\u00f6\u00f6l\u00f6n Rotaryklubi","article_modified_time":"2023-08-22T06:22:37+00:00","twitter_card":"summary_large_image","twitter_misc":{"Arvioitu lukuaika":"2 minuuttia"},"schema":{"@context":"https:\/\/schema.org","@graph":[{"@type":"WebPage","@id":"https:\/\/rotary.fi\/helsinkitoolo\/keita-olemme\/","url":"https:\/\/rotary.fi\/helsinkitoolo\/keita-olemme\/","name":"Keit\u00e4 olemme - Helsinki - T\u00f6\u00f6l\u00f6n Rotaryklubi","isPartOf":{"@id":"https:\/\/rotary.fi\/helsinkitoolo\/#website"},"datePublished":"2018-08-10T10:41:39+00:00","dateModified":"2023-08-22T06:22:37+00:00","breadcrumb":{"@id":"https:\/\/rotary.fi\/helsinkitoolo\/keita-olemme\/#breadcrumb"},"inLanguage":"fi","potentialAction":[{"@type":"ReadAction","target":["https:\/\/rotary.fi\/helsinkitoolo\/keita-olemme\/"]}]},{"@type":"BreadcrumbList","@id":"https:\/\/rotary.fi\/helsinkitoolo\/keita-olemme\/#breadcrumb","itemListElement":[{"@type":"ListItem","position":1,"name":"Home","item":"https:\/\/rotary.fi\/helsinkitoolo\/"},{"@type":"ListItem","position":2,"name":"Keit\u00e4 olemme"}]},{"@type":"WebSite","@id":"https:\/\/rotary.fi\/helsinkitoolo\/#website","url":"https:\/\/rotary.fi\/helsinkitoolo\/","name":"Helsinki - T\u00f6\u00f6l\u00f6n Rotaryklubi","description":"Uusi Rotary klubisivusto","potentialAction":[{"@type":"SearchAction","target":{"@type":"EntryPoint","urlTemplate":"https:\/\/rotary.fi\/helsinkitoolo\/?s={search_term_string}"},"query-input":{"@type":"PropertyValueSpecification","valueRequired":true,"valueName":"search_term_string"}}],"inLanguage":"fi"}]}},"lang":"fi","translations":{"fi":129,"en":1424,"sv":1565},"pll_sync_post":[],"_links":{"self":[{"href":"https:\/\/rotary.fi\/helsinkitoolo\/wp-json\/wp\/v2\/pages\/129","targetHints":{"allow":["GET"]}}],"collection":[{"href":"https:\/\/rotary.fi\/helsinkitoolo\/wp-json\/wp\/v2\/pages"}],"about":[{"href":"https:\/\/rotary.fi\/helsinkitoolo\/wp-json\/wp\/v2\/types\/page"}],"author":[{"embeddable":true,"href":"https:\/\/rotary.fi\/helsinkitoolo\/wp-json\/wp\/v2\/users\/1"}],"replies":[{"embeddable":true,"href":"https:\/\/rotary.fi\/helsinkitoolo\/wp-json\/wp\/v2\/comments?post=129"}],"version-history":[{"count":11,"href":"https:\/\/rotary.fi\/helsinkitoolo\/wp-json\/wp\/v2\/pages\/129\/revisions"}],"predecessor-version":[{"id":3896,"href":"https:\/\/rotary.fi\/helsinkitoolo\/wp-json\/wp\/v2\/pages\/129\/revisions\/3896"}],"wp:attachment":[{"href":"https:\/\/rotary.fi\/helsinkitoolo\/wp-json\/wp\/v2\/media?parent=129"}],"curies":[{"name":"wp","href":"https:\/\/api.w.org\/{rel}","templated":true}]}}