{"id":129,"date":"2018-08-10T13:41:39","date_gmt":"2018-08-10T10:41:39","guid":{"rendered":"https:\/\/rotary.fi\/klubi2\/?page_id=129"},"modified":"2026-03-26T09:08:24","modified_gmt":"2026-03-26T07:08:24","slug":"keita-olemme","status":"publish","type":"page","link":"https:\/\/rotary.fi\/heinola\/keita-olemme\/","title":{"rendered":"Keit\u00e4 olemme"},"content":{"rendered":"<p>[et_pb_section fb_built=&#8221;1&#8243; module_class=&#8221;jumbotron-page&#8221; _builder_version=&#8221;4.27.4&#8243; background_image=&#8221;https:\/\/rotary.fi\/heinola\/wp-content\/uploads\/sites\/278\/2026\/03\/maisema-heinola.jpg&#8221; hover_enabled=&#8221;0&#8243; global_colors_info=&#8221;{}&#8221; title_text=&#8221;Maisema_heinola&#8221; sticky_enabled=&#8221;0&#8243;][et_pb_row _builder_version=&#8221;4.16&#8243; background_size=&#8221;initial&#8221; background_position=&#8221;top_left&#8221; background_repeat=&#8221;repeat&#8221; global_colors_info=&#8221;{}&#8221;][et_pb_column type=&#8221;4_4&#8243; _builder_version=&#8221;4.16&#8243; custom_padding=&#8221;|||&#8221; global_colors_info=&#8221;{}&#8221; custom_padding__hover=&#8221;|||&#8221;][et_pb_text admin_label=&#8221;P\u00e4\u00e4otsikko&#8221; _builder_version=&#8221;4.16&#8243; text_orientation=&#8221;center&#8221; background_layout=&#8221;dark&#8221; global_colors_info=&#8221;{}&#8221;]<\/p>\n<h1>Keit\u00e4 olemme<\/h1>\n<p>[\/et_pb_text][\/et_pb_column][\/et_pb_row][\/et_pb_section][et_pb_section fb_built=&#8221;1&#8243; specialty=&#8221;on&#8221; module_class_2=&#8221;sivupalkki&#8221; _builder_version=&#8221;4.16&#8243; global_colors_info=&#8221;{}&#8221;][et_pb_column type=&#8221;2_3&#8243; specialty_columns=&#8221;2&#8243; _builder_version=&#8221;4.16&#8243; custom_padding=&#8221;|||&#8221; global_colors_info=&#8221;{}&#8221; custom_padding__hover=&#8221;|||&#8221;][et_pb_row_inner admin_label=&#8221;Rivi&#8221; _builder_version=&#8221;4.16&#8243; global_colors_info=&#8221;{}&#8221;][et_pb_column_inner saved_specialty_column_type=&#8221;2_3&#8243; _builder_version=&#8221;4.16&#8243; custom_padding=&#8221;|||&#8221; global_colors_info=&#8221;{}&#8221; custom_padding__hover=&#8221;|||&#8221;][et_pb_text admin_label=&#8221;Otsikko&#8221; _builder_version=&#8221;4.16&#8243; text_orientation=&#8221;center&#8221; global_colors_info=&#8221;{}&#8221;]<\/p>\n<h1>Keit\u00e4 olemme<\/h1>\n<p>[\/et_pb_text][et_pb_text _builder_version=&#8221;4.16&#8243; global_colors_info=&#8221;{}&#8221;]<\/p>\n<h4><b>Heinolan Rotaryklubi \u2013 poimintoja menneest\u00e4<\/b><\/h4>\n<p style=\"text-align: justify\">Sodan p\u00e4\u00e4ttyess\u00e4 1944 Suomessa oli vain seitsem\u00e4n rotaryklubia, mutta jo seuraavana vuonna 1945 perustettiin kymmenen uutta klubia. Heinolan Rotaryklubi on perustamisj\u00e4rjestyksess\u00e4 Suomen kahdeksas. Monet suurempien Suomen paikkakuntien klubit enn\u00e4ttiv\u00e4t kuitenkin saada charterkirjansa ennen Heinolaa, Charterkirjojen p\u00e4iv\u00e4ysj\u00e4rjestyksess\u00e4 klubi on Suomen 17. ja Rotaryn klubien luettelossa\u00a0 \u2116 6179. Klubin kummina on Helsingin Rotaryklubi.<\/p>\n<p style=\"text-align: justify\">Pienelt\u00e4, mutta teollisuuden avulla kasvavalta paikkakunnalta l\u00f6ytyi kahdeksantoista asiasta innostunutta ja eri el\u00e4m\u00e4naloja edustavaa henkil\u00f6\u00e4 perustamaan uutta klubia. Toiminta alkoi vire\u00e4n\u00e4 niin lounaskokouksissa kuin niiden ulkopuolella. Vuonna 1967 klubi oli vuorostaan kummina Heinola Pohjoisen ja Sysm\u00e4n Rotaryklubeille.<\/p>\n<p style=\"text-align: justify\">Klubin j\u00e4senist\u00f6st\u00e4 on noussut kolme piirigovernoria. Veikko Laine oli vuonna 1974 \u2013 1975 silloisen piirin 142 governor. Seuraavana oli Jussi Ranta piirin 139 governor 1981\u20131982 \u00a0ja viimeksi Teuvo Maijala piirin 1390 governor 1992 \u2013 1993<\/p>\n<p style=\"text-align: justify\">Kev\u00e4\u00e4ll\u00e4 1987 klubi on ottanut virallisesti ohjelmaansa edesmenneen j\u00e4senens\u00e4 kenraali<span>\u00a0<\/span><span style=\"font-family: inherit;font-weight: normal;color: #0a0201\"><a href=\"http:\/\/fi.wikipedia.org\/wiki\/A._F._Airo\" target=\"_blank\" rel=\"noopener\" style=\"color: #0a0201\">A.F. Airon<\/a><\/span><span>\u00a0<\/span>perinneklubina toimimisen.<\/p>\n<div class=\"et-module-18cad286-d68d-4662-a543-12e14c3c8f2d et_pb_column_inner ui-sortable et_pb_column_inner_0 et-animated--vb et_pb_column_inner et_pb_column_4_4 et-first-child et-last-child et_pb_with_border\" data-address=\"1.0.0.0\" style=\"font-size: 16px;background-size: cover;background-repeat: no-repeat;background-color: #ffffff;width: 700.188px\">\n<div class=\"et_fb_editing_enabled et-module-2b5c74dc-37b0-4205-a8f0-e7a10b66f52d et_pb_text et_pb_module ui-sortable et_pb_text_2 et-animated--vb et_pb_text_align_left et_pb_bg_layout_light et-last-child\" data-address=\"1.0.0.0.1\" style=\"font-size: 16px;background-size: cover;background-repeat: no-repeat\">\n<div class=\"et_pb_text_inner\" style=\"font-size: 16px\">\n<div data-shortcode-id=\"1.0.0.0.1-1774358977350\" data-quickaccess-editable=\"yes\" class=\"et-fb-popover-tinymce\" style=\"font-size: 16px\">\n<div class=\"mce-content-body\" style=\"font-size: 16px;position: relative\">\n<p style=\"font-size: 16px\"><em style=\"font-size: 16px\">Teksti: Veikko Laukama<\/em><\/p>\n<\/div>\n<\/div>\n<\/div>\n<\/div>\n<\/div>\n<p>&nbsp;<\/p>\n<p>[\/et_pb_text][\/et_pb_column_inner][\/et_pb_row_inner][\/et_pb_column][et_pb_column type=&#8221;1_3&#8243; _builder_version=&#8221;4.16&#8243; custom_padding=&#8221;|||&#8221; global_colors_info=&#8221;{}&#8221; custom_padding__hover=&#8221;|||&#8221;][et_pb_sidebar area=&#8221;sidebar-1&#8243; module_class=&#8221;sivupalkki_sisalto&#8221; _builder_version=&#8221;4.16&#8243; locked=&#8221;on&#8221; global_colors_info=&#8221;{}&#8221;]<\/p>\n<p>[\/et_pb_sidebar][\/et_pb_column][\/et_pb_section]<\/p>\n","protected":false},"excerpt":{"rendered":"<p>Keit\u00e4 olemme Keit\u00e4 olemme Heinolan Rotaryklubi \u2013 poimintoja menneest\u00e4 Sodan p\u00e4\u00e4ttyess\u00e4 1944 Suomessa oli vain seitsem\u00e4n rotaryklubia, mutta jo seuraavana vuonna 1945 perustettiin kymmenen uutta klubia. Heinolan Rotaryklubi on perustamisj\u00e4rjestyksess\u00e4 Suomen kahdeksas. Monet suurempien Suomen paikkakuntien klubit enn\u00e4ttiv\u00e4t kuitenkin saada charterkirjansa ennen Heinolaa, Charterkirjojen p\u00e4iv\u00e4ysj\u00e4rjestyksess\u00e4 klubi on Suomen 17. ja Rotaryn klubien luettelossa\u00a0 \u2116 6179. [&hellip;]<\/p>\n","protected":false},"author":1,"featured_media":0,"parent":0,"menu_order":0,"comment_status":"closed","ping_status":"closed","template":"","meta":{"_acf_changed":false,"_et_pb_use_builder":"on","_et_pb_old_content":"","_et_gb_content_width":"","footnotes":""},"class_list":["post-129","page","type-page","status-publish","hentry"],"acf":[],"yoast_head":"<!-- This site is optimized with the Yoast SEO plugin v27.4 - https:\/\/yoast.com\/product\/yoast-seo-wordpress\/ -->\n<title>Keit\u00e4 olemme - Heinolan Rotaryklubi<\/title>\n<meta name=\"robots\" content=\"noindex, follow, max-snippet:-1, max-image-preview:large, max-video-preview:-1\" \/>\n<meta property=\"og:locale\" content=\"fi_FI\" \/>\n<meta property=\"og:type\" content=\"article\" \/>\n<meta property=\"og:title\" content=\"Keit\u00e4 olemme - Heinolan Rotaryklubi\" \/>\n<meta property=\"og:description\" content=\"Keit\u00e4 olemme Keit\u00e4 olemme Heinolan Rotaryklubi \u2013 poimintoja menneest\u00e4 Sodan p\u00e4\u00e4ttyess\u00e4 1944 Suomessa oli vain seitsem\u00e4n rotaryklubia, mutta jo seuraavana vuonna 1945 perustettiin kymmenen uutta klubia. Heinolan Rotaryklubi on perustamisj\u00e4rjestyksess\u00e4 Suomen kahdeksas. Monet suurempien Suomen paikkakuntien klubit enn\u00e4ttiv\u00e4t kuitenkin saada charterkirjansa ennen Heinolaa, Charterkirjojen p\u00e4iv\u00e4ysj\u00e4rjestyksess\u00e4 klubi on Suomen 17. ja Rotaryn klubien luettelossa\u00a0 \u2116 6179. [&hellip;]\" \/>\n<meta property=\"og:url\" content=\"https:\/\/rotary.fi\/heinola\/keita-olemme\/\" \/>\n<meta property=\"og:site_name\" content=\"Heinolan Rotaryklubi\" \/>\n<meta property=\"article:modified_time\" content=\"2026-03-26T07:08:24+00:00\" \/>\n<meta name=\"twitter:card\" content=\"summary_large_image\" \/>\n<meta name=\"twitter:label1\" content=\"Arvioitu lukuaika\" \/>\n\t<meta name=\"twitter:data1\" content=\"2 minuuttia\" \/>\n<script type=\"application\/ld+json\" class=\"yoast-schema-graph\">{\"@context\":\"https:\\\/\\\/schema.org\",\"@graph\":[{\"@type\":\"WebPage\",\"@id\":\"https:\\\/\\\/rotary.fi\\\/heinola\\\/keita-olemme\\\/\",\"url\":\"https:\\\/\\\/rotary.fi\\\/heinola\\\/keita-olemme\\\/\",\"name\":\"Keit\u00e4 olemme - Heinolan Rotaryklubi\",\"isPartOf\":{\"@id\":\"https:\\\/\\\/rotary.fi\\\/heinola\\\/#website\"},\"datePublished\":\"2018-08-10T10:41:39+00:00\",\"dateModified\":\"2026-03-26T07:08:24+00:00\",\"breadcrumb\":{\"@id\":\"https:\\\/\\\/rotary.fi\\\/heinola\\\/keita-olemme\\\/#breadcrumb\"},\"inLanguage\":\"fi\",\"potentialAction\":[{\"@type\":\"ReadAction\",\"target\":[\"https:\\\/\\\/rotary.fi\\\/heinola\\\/keita-olemme\\\/\"]}]},{\"@type\":\"BreadcrumbList\",\"@id\":\"https:\\\/\\\/rotary.fi\\\/heinola\\\/keita-olemme\\\/#breadcrumb\",\"itemListElement\":[{\"@type\":\"ListItem\",\"position\":1,\"name\":\"Home\",\"item\":\"https:\\\/\\\/rotary.fi\\\/heinola\\\/\"},{\"@type\":\"ListItem\",\"position\":2,\"name\":\"Keit\u00e4 olemme\"}]},{\"@type\":\"WebSite\",\"@id\":\"https:\\\/\\\/rotary.fi\\\/heinola\\\/#website\",\"url\":\"https:\\\/\\\/rotary.fi\\\/heinola\\\/\",\"name\":\"Heinolan Rotaryklubi\",\"description\":\"Uusi Rotary klubisivusto\",\"potentialAction\":[{\"@type\":\"SearchAction\",\"target\":{\"@type\":\"EntryPoint\",\"urlTemplate\":\"https:\\\/\\\/rotary.fi\\\/heinola\\\/?s={search_term_string}\"},\"query-input\":{\"@type\":\"PropertyValueSpecification\",\"valueRequired\":true,\"valueName\":\"search_term_string\"}}],\"inLanguage\":\"fi\"}]}<\/script>\n<!-- \/ Yoast SEO plugin. -->","yoast_head_json":{"title":"Keit\u00e4 olemme - Heinolan Rotaryklubi","robots":{"index":"noindex","follow":"follow","max-snippet":"max-snippet:-1","max-image-preview":"max-image-preview:large","max-video-preview":"max-video-preview:-1"},"og_locale":"fi_FI","og_type":"article","og_title":"Keit\u00e4 olemme - Heinolan Rotaryklubi","og_description":"Keit\u00e4 olemme Keit\u00e4 olemme Heinolan Rotaryklubi \u2013 poimintoja menneest\u00e4 Sodan p\u00e4\u00e4ttyess\u00e4 1944 Suomessa oli vain seitsem\u00e4n rotaryklubia, mutta jo seuraavana vuonna 1945 perustettiin kymmenen uutta klubia. Heinolan Rotaryklubi on perustamisj\u00e4rjestyksess\u00e4 Suomen kahdeksas. Monet suurempien Suomen paikkakuntien klubit enn\u00e4ttiv\u00e4t kuitenkin saada charterkirjansa ennen Heinolaa, Charterkirjojen p\u00e4iv\u00e4ysj\u00e4rjestyksess\u00e4 klubi on Suomen 17. ja Rotaryn klubien luettelossa\u00a0 \u2116 6179. [&hellip;]","og_url":"https:\/\/rotary.fi\/heinola\/keita-olemme\/","og_site_name":"Heinolan Rotaryklubi","article_modified_time":"2026-03-26T07:08:24+00:00","twitter_card":"summary_large_image","twitter_misc":{"Arvioitu lukuaika":"2 minuuttia"},"schema":{"@context":"https:\/\/schema.org","@graph":[{"@type":"WebPage","@id":"https:\/\/rotary.fi\/heinola\/keita-olemme\/","url":"https:\/\/rotary.fi\/heinola\/keita-olemme\/","name":"Keit\u00e4 olemme - Heinolan Rotaryklubi","isPartOf":{"@id":"https:\/\/rotary.fi\/heinola\/#website"},"datePublished":"2018-08-10T10:41:39+00:00","dateModified":"2026-03-26T07:08:24+00:00","breadcrumb":{"@id":"https:\/\/rotary.fi\/heinola\/keita-olemme\/#breadcrumb"},"inLanguage":"fi","potentialAction":[{"@type":"ReadAction","target":["https:\/\/rotary.fi\/heinola\/keita-olemme\/"]}]},{"@type":"BreadcrumbList","@id":"https:\/\/rotary.fi\/heinola\/keita-olemme\/#breadcrumb","itemListElement":[{"@type":"ListItem","position":1,"name":"Home","item":"https:\/\/rotary.fi\/heinola\/"},{"@type":"ListItem","position":2,"name":"Keit\u00e4 olemme"}]},{"@type":"WebSite","@id":"https:\/\/rotary.fi\/heinola\/#website","url":"https:\/\/rotary.fi\/heinola\/","name":"Heinolan Rotaryklubi","description":"Uusi Rotary klubisivusto","potentialAction":[{"@type":"SearchAction","target":{"@type":"EntryPoint","urlTemplate":"https:\/\/rotary.fi\/heinola\/?s={search_term_string}"},"query-input":{"@type":"PropertyValueSpecification","valueRequired":true,"valueName":"search_term_string"}}],"inLanguage":"fi"}]}},"lang":"fi","translations":{"fi":129},"pll_sync_post":[],"_links":{"self":[{"href":"https:\/\/rotary.fi\/heinola\/wp-json\/wp\/v2\/pages\/129","targetHints":{"allow":["GET"]}}],"collection":[{"href":"https:\/\/rotary.fi\/heinola\/wp-json\/wp\/v2\/pages"}],"about":[{"href":"https:\/\/rotary.fi\/heinola\/wp-json\/wp\/v2\/types\/page"}],"author":[{"embeddable":true,"href":"https:\/\/rotary.fi\/heinola\/wp-json\/wp\/v2\/users\/1"}],"replies":[{"embeddable":true,"href":"https:\/\/rotary.fi\/heinola\/wp-json\/wp\/v2\/comments?post=129"}],"version-history":[{"count":10,"href":"https:\/\/rotary.fi\/heinola\/wp-json\/wp\/v2\/pages\/129\/revisions"}],"predecessor-version":[{"id":1598,"href":"https:\/\/rotary.fi\/heinola\/wp-json\/wp\/v2\/pages\/129\/revisions\/1598"}],"wp:attachment":[{"href":"https:\/\/rotary.fi\/heinola\/wp-json\/wp\/v2\/media?parent=129"}],"curies":[{"name":"wp","href":"https:\/\/api.w.org\/{rel}","templated":true}]}}