{"id":138,"date":"2018-08-10T14:01:44","date_gmt":"2018-08-10T11:01:44","guid":{"rendered":"https:\/\/rotary.fi\/klubi2\/?page_id=138"},"modified":"2024-07-02T16:59:27","modified_gmt":"2024-07-02T13:59:27","slug":"vuositeema","status":"publish","type":"page","link":"https:\/\/rotary.fi\/harjavalta\/keita-olemme\/vuositeema\/","title":{"rendered":"Vuositeema"},"content":{"rendered":"<p>[et_pb_section fb_built=&#8221;1&#8243; module_class=&#8221;jumbotron-page&#8221; _builder_version=&#8221;4.16&#8243; background_image=&#8221;https:\/\/rotary.fi\/harjavalta\/wp-content\/uploads\/sites\/211\/2018\/08\/rotary_klubit_alasivu_paakuva_7.jpg&#8221; height=&#8221;220px&#8221; global_colors_info=&#8221;{}&#8221;][et_pb_row _builder_version=&#8221;4.16&#8243; background_size=&#8221;initial&#8221; background_position=&#8221;top_left&#8221; background_repeat=&#8221;repeat&#8221; global_colors_info=&#8221;{}&#8221;][et_pb_column type=&#8221;4_4&#8243; _builder_version=&#8221;4.16&#8243; custom_padding=&#8221;|||&#8221; global_colors_info=&#8221;{}&#8221; custom_padding__hover=&#8221;|||&#8221;][et_pb_text admin_label=&#8221;P\u00e4\u00e4otsikko&#8221; _builder_version=&#8221;4.16&#8243; text_orientation=&#8221;center&#8221; background_layout=&#8221;dark&#8221; custom_margin=&#8221;-80px||||false|false&#8221; global_colors_info=&#8221;{}&#8221;]<\/p>\n<h1>Vuositeema<\/h1>\n<p>&nbsp;<\/p>\n<p>[\/et_pb_text][\/et_pb_column][\/et_pb_row][\/et_pb_section][et_pb_section fb_built=&#8221;1&#8243; specialty=&#8221;on&#8221; module_class_2=&#8221;sivupalkki&#8221; _builder_version=&#8221;4.16&#8243; global_colors_info=&#8221;{}&#8221;][et_pb_column type=&#8221;2_3&#8243; specialty_columns=&#8221;2&#8243; _builder_version=&#8221;4.16&#8243; custom_padding=&#8221;|||&#8221; global_colors_info=&#8221;{}&#8221; custom_padding__hover=&#8221;|||&#8221;][et_pb_row_inner admin_label=&#8221;Rivi&#8221; _builder_version=&#8221;4.16&#8243; global_colors_info=&#8221;{}&#8221;][et_pb_column_inner saved_specialty_column_type=&#8221;2_3&#8243; _builder_version=&#8221;4.16&#8243; custom_padding=&#8221;|||&#8221; global_colors_info=&#8221;{}&#8221; custom_padding__hover=&#8221;|||&#8221;][et_pb_text admin_label=&#8221;Rotary Internationalin vuositeema &#8211; Otsikko&#8221; _builder_version=&#8221;4.16&#8243; text_orientation=&#8221;center&#8221; global_colors_info=&#8221;{}&#8221;]<\/p>\n<h3 style=\"text-align: left\">Rotary Internationalin vuositeema<\/h3>\n<p>[\/et_pb_text][et_pb_text _builder_version=&#8221;4.25.2&#8243; hover_enabled=&#8221;0&#8243; global_colors_info=&#8221;{}&#8221; sticky_enabled=&#8221;0&#8243;]<\/p>\n<div class=\"et_pb_module et_pb_text et_pb_text_3 et_pb_text_align_left et_pb_bg_layout_light\">\n<div class=\"et_pb_text_inner\">\n<div class=\"et_post_meta_wrapper\">\n<h4><a href=\"https:\/\/rotary.fi\/mika-on-rotary\/organisaatio\/ri\/\">Rotary international<\/a><\/h4>\n<p>Rotaryvuoden 2024-2025 teema on <strong>The Magic of Rotary eli Rotaryn taika<\/strong><\/p>\n<p>RI Presidentti 2024-2025 Stephanie Urchick on ottanut teemakseen Rotaryn taika. Ihmiset voivat laittaa mink\u00e4 tahansa verbin sen eteen. Usko Rotaryn taikuuteen. Levit\u00e4 Rotaryn taikuutta. Rakenna Rotaryn taikuuteen. Juhli Rotaryn taikuutta.<\/p>\n<p>Kuten Stephanie toteaa Rakastan t\u00e4t\u00e4 organisaatiota, aivan kuten jokaista tapaamani rotaryn j\u00e4sent\u00e4. Haluan, ett\u00e4 Rotarylla on tulevaisuus. Meid\u00e4n kaikkien tulisi toimia kuten h\u00e4n.<\/p>\n<\/div>\n<\/div>\n<\/div>\n<p>[\/et_pb_text][\/et_pb_column_inner][\/et_pb_row_inner][et_pb_row_inner admin_label=&#8221;Rivi&#8221; _builder_version=&#8221;4.16&#8243; global_colors_info=&#8221;{}&#8221;][et_pb_column_inner saved_specialty_column_type=&#8221;2_3&#8243; _builder_version=&#8221;4.16&#8243; custom_padding=&#8221;|||&#8221; global_colors_info=&#8221;{}&#8221; custom_padding__hover=&#8221;|||&#8221;][et_pb_text admin_label=&#8221;Klubin vuositeema &#8211; Otsikko&#8221; _builder_version=&#8221;4.16&#8243; text_orientation=&#8221;center&#8221; global_colors_info=&#8221;{}&#8221;]<\/p>\n<h4 style=\"text-align: left\">Harjavallan Rotaryklubin vuositeema<\/h4>\n<p>[\/et_pb_text][et_pb_text admin_label=&#8221;Teksti&#8221; _builder_version=&#8221;4.25.2&#8243; hover_enabled=&#8221;0&#8243; global_colors_info=&#8221;{}&#8221; sticky_enabled=&#8221;0&#8243;]<\/p>\n<p><strong>Toteutetaan Rotaryn taikuus yhdess\u00e4<\/strong><\/p>\n<p>Klubissa tulee olla innostava ja turvallinen ilmapiiri, jossa uusia ideoita uskalletaan kokeilla. Emme voi etuk\u00e4teen tiet\u00e4\u00e4 mik\u00e4 toimii ja mik\u00e4 ei, siksi kaikkea voi ja kannattaa kokeilla. Klubissa toimii lukuisa m\u00e4\u00e4r\u00e4 osaavia ja innokkaita rotareita. Heille on annettava mahdollisuus ja tilaa toimia. Hyvinvoivassa klubissa osataan my\u00f6s pit\u00e4\u00e4 hauskaa.\u200b<\/p>\n<p><strong>Harjavallan Rotaryklubi kuuluu<\/strong><\/p>\n<p>Rotary International piiri 1410 ry:n, jonka Governorin\u00e4 on Ilkka H\u00e4kli. H\u00e4nen teemansa on \u201dToteutetaan Rotaryn Taikuus Yhdess\u00e4\u201d.<\/p>\n<p>Piirill\u00e4 on nelj\u00e4 painopistett\u00e4, joka velvoittaa my\u00f6s meid\u00e4n klubiamme;<\/p>\n<p>1. Lis\u00e4\u00e4mme vaikuttavuuttamme<\/p>\n<p>2. Tavoitamme enemm\u00e4n ihmisi\u00e4<\/p>\n<p>3. Lis\u00e4\u00e4mme j\u00e4sentemme sitoutumista<\/p>\n<p>4. Parannamme sopeutumiskyky\u00e4mme<\/p>\n<p>Kuulumme piirinmme alue kolmoseen Huittisten, Kokem\u00e4en, Nakkilan, Punkalaitumen, Vammalan ja \u00c4ets\u00e4n klubien kanssa. Apulaiskuvern\u00f6\u00f6rimme on Timo Merikallio.<\/p>\n<p><strong>Projektit<\/strong><\/p>\n<p>Jatkamme jo vakiintuneita omia projektejamme. Valtalainen joulu- projekti (Eija- Maaria Jussila, Leena Lehtim\u00e4ki, Maaria Juvela). Ik\u00e4ihmisten digiopetus (Tuomo Lindgren , Erkki Karinen, Kalevi Ovaska, Juhani Juvela). Tienaa k\u00e4yt\u00f6ksell\u00e4si kes\u00e4ty\u00f6paikka (Leena Ranki, Heikki Saari, Juhani Juvela). Vesireppuprojekti sek\u00e4 nuorisovaihto (Hanna- Leena Markki).<\/p>\n<p><a href=\"https:\/\/rotary.fi\/wp-content\/uploads\/2022\/07\/Matrikkeli-2022%E2%80%932023.pdf\">Lis\u00e4\u00e4 tietoa rotareista<\/a><\/p>\n<p>[\/et_pb_text][\/et_pb_column_inner][\/et_pb_row_inner][\/et_pb_column][et_pb_column type=&#8221;1_3&#8243; _builder_version=&#8221;4.16&#8243; custom_padding=&#8221;|||&#8221; global_colors_info=&#8221;{}&#8221; custom_padding__hover=&#8221;|||&#8221;][et_pb_sidebar area=&#8221;sidebar-1&#8243; module_class=&#8221;sivupalkki_sisalto&#8221; _builder_version=&#8221;4.16&#8243; locked=&#8221;on&#8221; global_colors_info=&#8221;{}&#8221;][\/et_pb_sidebar][\/et_pb_column][\/et_pb_section][et_pb_section fb_built=&#8221;1&#8243; _builder_version=&#8221;4.17.4&#8243; _module_preset=&#8221;default&#8221; global_colors_info=&#8221;{}&#8221;][et_pb_row _builder_version=&#8221;4.17.4&#8243; _module_preset=&#8221;default&#8221; global_colors_info=&#8221;{}&#8221;][et_pb_column type=&#8221;4_4&#8243; _builder_version=&#8221;4.17.4&#8243; _module_preset=&#8221;default&#8221; global_colors_info=&#8221;{}&#8221;][et_pb_image _builder_version=&#8221;4.21.2&#8243; _module_preset=&#8221;default&#8221; global_colors_info=&#8221;{}&#8221;][\/et_pb_image][\/et_pb_column][\/et_pb_row][\/et_pb_section][et_pb_section fb_built=&#8221;1&#8243; _builder_version=&#8221;4.21.2&#8243; _module_preset=&#8221;default&#8221; global_colors_info=&#8221;{}&#8221;][et_pb_row _builder_version=&#8221;4.21.2&#8243; _module_preset=&#8221;default&#8221; global_colors_info=&#8221;{}&#8221;][et_pb_column type=&#8221;4_4&#8243; _builder_version=&#8221;4.21.2&#8243; _module_preset=&#8221;default&#8221; global_colors_info=&#8221;{}&#8221;][et_pb_image src=&#8221;https:\/\/rotary.fi\/harjavalta\/wp-content\/uploads\/sites\/211\/2023\/08\/rotary-vuositeema-2023-24.png&#8221; _builder_version=&#8221;4.21.2&#8243; _module_preset=&#8221;default&#8221; global_colors_info=&#8221;{}&#8221;][\/et_pb_image][\/et_pb_column][\/et_pb_row][\/et_pb_section]<\/p>\n","protected":false},"excerpt":{"rendered":"<p>Vuositeema &nbsp;Rotary Internationalin vuositeema Rotary international Rotaryvuoden 2024-2025 teema on The Magic of Rotary eli Rotaryn taika RI Presidentti 2024-2025 Stephanie Urchick on ottanut teemakseen Rotaryn taika. Ihmiset voivat laittaa mink\u00e4 tahansa verbin sen eteen. Usko Rotaryn taikuuteen. Levit\u00e4 Rotaryn taikuutta. Rakenna Rotaryn taikuuteen. Juhli Rotaryn taikuutta. Kuten Stephanie toteaa Rakastan t\u00e4t\u00e4 organisaatiota, aivan kuten [&hellip;]<\/p>\n","protected":false},"author":1,"featured_media":0,"parent":129,"menu_order":0,"comment_status":"closed","ping_status":"closed","template":"","meta":{"_acf_changed":false,"_et_pb_use_builder":"on","_et_pb_old_content":"","_et_gb_content_width":"","footnotes":""},"class_list":["post-138","page","type-page","status-publish","hentry"],"acf":[],"yoast_head":"<!-- This site is optimized with the Yoast SEO plugin v27.0 - https:\/\/yoast.com\/product\/yoast-seo-wordpress\/ -->\n<title>Vuositeema - Harjavallan Rotaryklubi<\/title>\n<meta name=\"robots\" content=\"index, follow, max-snippet:-1, max-image-preview:large, max-video-preview:-1\" \/>\n<link rel=\"canonical\" href=\"https:\/\/rotary.fi\/harjavalta\/keita-olemme\/vuositeema\/\" \/>\n<meta property=\"og:locale\" content=\"fi_FI\" \/>\n<meta property=\"og:type\" content=\"article\" \/>\n<meta property=\"og:title\" content=\"Vuositeema - Harjavallan Rotaryklubi\" \/>\n<meta property=\"og:description\" content=\"Vuositeema &nbsp;Rotary Internationalin vuositeema Rotary international Rotaryvuoden 2024-2025 teema on The Magic of Rotary eli Rotaryn taika RI Presidentti 2024-2025 Stephanie Urchick on ottanut teemakseen Rotaryn taika. Ihmiset voivat laittaa mink\u00e4 tahansa verbin sen eteen. Usko Rotaryn taikuuteen. Levit\u00e4 Rotaryn taikuutta. Rakenna Rotaryn taikuuteen. Juhli Rotaryn taikuutta. Kuten Stephanie toteaa Rakastan t\u00e4t\u00e4 organisaatiota, aivan kuten [&hellip;]\" \/>\n<meta property=\"og:url\" content=\"https:\/\/rotary.fi\/harjavalta\/keita-olemme\/vuositeema\/\" \/>\n<meta property=\"og:site_name\" content=\"Harjavallan Rotaryklubi\" \/>\n<meta property=\"article:modified_time\" content=\"2024-07-02T13:59:27+00:00\" \/>\n<meta name=\"twitter:card\" content=\"summary_large_image\" \/>\n<meta name=\"twitter:label1\" content=\"Arvioitu lukuaika\" \/>\n\t<meta name=\"twitter:data1\" content=\"2 minuuttia\" \/>\n<script type=\"application\/ld+json\" class=\"yoast-schema-graph\">{\"@context\":\"https:\/\/schema.org\",\"@graph\":[{\"@type\":\"WebPage\",\"@id\":\"https:\/\/rotary.fi\/harjavalta\/keita-olemme\/vuositeema\/\",\"url\":\"https:\/\/rotary.fi\/harjavalta\/keita-olemme\/vuositeema\/\",\"name\":\"Vuositeema - Harjavallan Rotaryklubi\",\"isPartOf\":{\"@id\":\"https:\/\/rotary.fi\/harjavalta\/#website\"},\"datePublished\":\"2018-08-10T11:01:44+00:00\",\"dateModified\":\"2024-07-02T13:59:27+00:00\",\"breadcrumb\":{\"@id\":\"https:\/\/rotary.fi\/harjavalta\/keita-olemme\/vuositeema\/#breadcrumb\"},\"inLanguage\":\"fi\",\"potentialAction\":[{\"@type\":\"ReadAction\",\"target\":[\"https:\/\/rotary.fi\/harjavalta\/keita-olemme\/vuositeema\/\"]}]},{\"@type\":\"BreadcrumbList\",\"@id\":\"https:\/\/rotary.fi\/harjavalta\/keita-olemme\/vuositeema\/#breadcrumb\",\"itemListElement\":[{\"@type\":\"ListItem\",\"position\":1,\"name\":\"Home\",\"item\":\"https:\/\/rotary.fi\/harjavalta\/\"},{\"@type\":\"ListItem\",\"position\":2,\"name\":\"Keit\u00e4 olemme\",\"item\":\"https:\/\/rotary.fi\/harjavalta\/keita-olemme\/\"},{\"@type\":\"ListItem\",\"position\":3,\"name\":\"Vuositeema\"}]},{\"@type\":\"WebSite\",\"@id\":\"https:\/\/rotary.fi\/harjavalta\/#website\",\"url\":\"https:\/\/rotary.fi\/harjavalta\/\",\"name\":\"Harjavallan Rotaryklubi\",\"description\":\"Uusi Rotary klubisivusto\",\"potentialAction\":[{\"@type\":\"SearchAction\",\"target\":{\"@type\":\"EntryPoint\",\"urlTemplate\":\"https:\/\/rotary.fi\/harjavalta\/?s={search_term_string}\"},\"query-input\":{\"@type\":\"PropertyValueSpecification\",\"valueRequired\":true,\"valueName\":\"search_term_string\"}}],\"inLanguage\":\"fi\"}]}<\/script>\n<!-- \/ Yoast SEO plugin. -->","yoast_head_json":{"title":"Vuositeema - Harjavallan Rotaryklubi","robots":{"index":"index","follow":"follow","max-snippet":"max-snippet:-1","max-image-preview":"max-image-preview:large","max-video-preview":"max-video-preview:-1"},"canonical":"https:\/\/rotary.fi\/harjavalta\/keita-olemme\/vuositeema\/","og_locale":"fi_FI","og_type":"article","og_title":"Vuositeema - Harjavallan Rotaryklubi","og_description":"Vuositeema &nbsp;Rotary Internationalin vuositeema Rotary international Rotaryvuoden 2024-2025 teema on The Magic of Rotary eli Rotaryn taika RI Presidentti 2024-2025 Stephanie Urchick on ottanut teemakseen Rotaryn taika. Ihmiset voivat laittaa mink\u00e4 tahansa verbin sen eteen. Usko Rotaryn taikuuteen. Levit\u00e4 Rotaryn taikuutta. Rakenna Rotaryn taikuuteen. Juhli Rotaryn taikuutta. Kuten Stephanie toteaa Rakastan t\u00e4t\u00e4 organisaatiota, aivan kuten [&hellip;]","og_url":"https:\/\/rotary.fi\/harjavalta\/keita-olemme\/vuositeema\/","og_site_name":"Harjavallan Rotaryklubi","article_modified_time":"2024-07-02T13:59:27+00:00","twitter_card":"summary_large_image","twitter_misc":{"Arvioitu lukuaika":"2 minuuttia"},"schema":{"@context":"https:\/\/schema.org","@graph":[{"@type":"WebPage","@id":"https:\/\/rotary.fi\/harjavalta\/keita-olemme\/vuositeema\/","url":"https:\/\/rotary.fi\/harjavalta\/keita-olemme\/vuositeema\/","name":"Vuositeema - Harjavallan Rotaryklubi","isPartOf":{"@id":"https:\/\/rotary.fi\/harjavalta\/#website"},"datePublished":"2018-08-10T11:01:44+00:00","dateModified":"2024-07-02T13:59:27+00:00","breadcrumb":{"@id":"https:\/\/rotary.fi\/harjavalta\/keita-olemme\/vuositeema\/#breadcrumb"},"inLanguage":"fi","potentialAction":[{"@type":"ReadAction","target":["https:\/\/rotary.fi\/harjavalta\/keita-olemme\/vuositeema\/"]}]},{"@type":"BreadcrumbList","@id":"https:\/\/rotary.fi\/harjavalta\/keita-olemme\/vuositeema\/#breadcrumb","itemListElement":[{"@type":"ListItem","position":1,"name":"Home","item":"https:\/\/rotary.fi\/harjavalta\/"},{"@type":"ListItem","position":2,"name":"Keit\u00e4 olemme","item":"https:\/\/rotary.fi\/harjavalta\/keita-olemme\/"},{"@type":"ListItem","position":3,"name":"Vuositeema"}]},{"@type":"WebSite","@id":"https:\/\/rotary.fi\/harjavalta\/#website","url":"https:\/\/rotary.fi\/harjavalta\/","name":"Harjavallan Rotaryklubi","description":"Uusi Rotary klubisivusto","potentialAction":[{"@type":"SearchAction","target":{"@type":"EntryPoint","urlTemplate":"https:\/\/rotary.fi\/harjavalta\/?s={search_term_string}"},"query-input":{"@type":"PropertyValueSpecification","valueRequired":true,"valueName":"search_term_string"}}],"inLanguage":"fi"}]}},"lang":"fi","translations":{"fi":138},"pll_sync_post":[],"_links":{"self":[{"href":"https:\/\/rotary.fi\/harjavalta\/wp-json\/wp\/v2\/pages\/138","targetHints":{"allow":["GET"]}}],"collection":[{"href":"https:\/\/rotary.fi\/harjavalta\/wp-json\/wp\/v2\/pages"}],"about":[{"href":"https:\/\/rotary.fi\/harjavalta\/wp-json\/wp\/v2\/types\/page"}],"author":[{"embeddable":true,"href":"https:\/\/rotary.fi\/harjavalta\/wp-json\/wp\/v2\/users\/1"}],"replies":[{"embeddable":true,"href":"https:\/\/rotary.fi\/harjavalta\/wp-json\/wp\/v2\/comments?post=138"}],"version-history":[{"count":11,"href":"https:\/\/rotary.fi\/harjavalta\/wp-json\/wp\/v2\/pages\/138\/revisions"}],"predecessor-version":[{"id":2536,"href":"https:\/\/rotary.fi\/harjavalta\/wp-json\/wp\/v2\/pages\/138\/revisions\/2536"}],"up":[{"embeddable":true,"href":"https:\/\/rotary.fi\/harjavalta\/wp-json\/wp\/v2\/pages\/129"}],"wp:attachment":[{"href":"https:\/\/rotary.fi\/harjavalta\/wp-json\/wp\/v2\/media?parent=138"}],"curies":[{"name":"wp","href":"https:\/\/api.w.org\/{rel}","templated":true}]}}