{"id":132,"date":"2018-08-10T13:59:56","date_gmt":"2018-08-10T10:59:56","guid":{"rendered":"https:\/\/rotary.fi\/klubi2\/?page_id=132"},"modified":"2025-08-01T10:59:36","modified_gmt":"2025-08-01T07:59:36","slug":"hallitus-ja-toimihenkilot","status":"publish","type":"page","link":"https:\/\/rotary.fi\/hamina\/keita-olemme\/hallitus-ja-toimihenkilot\/","title":{"rendered":"Hallitus ja toimihenkil\u00f6t 2025-2026"},"content":{"rendered":"<p>[et_pb_section fb_built=&#8221;1&#8243; admin_label=&#8221;section&#8221; _builder_version=&#8221;4.16&#8243; global_colors_info=&#8221;{}&#8221;][et_pb_row admin_label=&#8221;row&#8221; _builder_version=&#8221;4.16&#8243; background_size=&#8221;initial&#8221; background_position=&#8221;top_left&#8221; background_repeat=&#8221;repeat&#8221; global_colors_info=&#8221;{}&#8221;][et_pb_column type=&#8221;4_4&#8243; _builder_version=&#8221;4.16&#8243; custom_padding=&#8221;|||&#8221; global_colors_info=&#8221;{}&#8221; custom_padding__hover=&#8221;|||&#8221;][et_pb_text admin_label=&#8221;Text&#8221; _builder_version=&#8221;4.16&#8243; background_size=&#8221;initial&#8221; background_position=&#8221;top_left&#8221; background_repeat=&#8221;repeat&#8221; global_colors_info=&#8221;{}&#8221;]<\/p>\n<p>Presidentti Lehtinen Anu\u00a0<\/p>\n<p>Tuleva presidentti XX<\/p>\n<p>Past presidentti Myllykangas Markku<\/p>\n<p>Sihteeri R\u00f6nkk\u00f6 Immi<\/p>\n<p>Rahastonhoitaja Lonka Lea<\/p>\n<ol>\n<li>Klubimestari Lauri Eero<\/li>\n<li>Klubimestari Roimola Mikko<\/li>\n<\/ol>\n<p>Rotarys\u00e4\u00e4ti\u00f6komitean pj. R\u00f6nkk\u00f6 Paavo<\/p>\n<p>Julkisuuskuvakomitean pj. Vuorela Asta<\/p>\n<p>Yhteiskuntapalvelukomitean pj. Suurp\u00e4\u00e4 Pekka<\/p>\n<p>Toiminnantarkastaja Suomalainen Tuula<\/p>\n<p>[\/et_pb_text][\/et_pb_column][\/et_pb_row][\/et_pb_section]<\/p>\n","protected":false},"excerpt":{"rendered":"<p>Presidentti Lehtinen Anu\u00a0 Tuleva presidentti XX Past presidentti Myllykangas Markku Sihteeri R\u00f6nkk\u00f6 Immi Rahastonhoitaja Lonka Lea Klubimestari Lauri Eero Klubimestari Roimola Mikko Rotarys\u00e4\u00e4ti\u00f6komitean pj. R\u00f6nkk\u00f6 Paavo Julkisuuskuvakomitean pj. Vuorela Asta Yhteiskuntapalvelukomitean pj. Suurp\u00e4\u00e4 Pekka Toiminnantarkastaja Suomalainen Tuula<\/p>\n","protected":false},"author":1,"featured_media":0,"parent":129,"menu_order":0,"comment_status":"closed","ping_status":"closed","template":"","meta":{"_acf_changed":false,"_et_pb_use_builder":"on","_et_pb_old_content":"Presidentti Myllykangas Markku\r\n\r\nTuleva presidentti Lehtinen Anu 2025-2026\r\n\r\nPast presidentti Hutka Markku\r\n\r\nSihteeri Helevuo Heikki\r\n\r\nRahastonhoitaja Lonka Lea\r\n<ol>\r\n \t<li>Klubimestari Lauri Eero<\/li>\r\n \t<li>Klubimestari Roimola Mikko<\/li>\r\n<\/ol>\r\nRotarys\u00e4\u00e4ti\u00f6komitean pj. Helevuo Heikki\r\n\r\nJulkisuuskuvakomitean pj. Lehtinen Anu\r\n\r\nYhteiskuntapalvelukomitean pj. Suurp\u00e4\u00e4 Pekka\r\n\r\nToiminnantarkastaja Tuula Suomalainen","_et_gb_content_width":"","footnotes":""},"class_list":["post-132","page","type-page","status-publish","hentry"],"acf":[],"yoast_head":"<!-- This site is optimized with the Yoast SEO plugin v27.0 - https:\/\/yoast.com\/product\/yoast-seo-wordpress\/ -->\n<title>Hallitus ja toimihenkil\u00f6t 2025-2026 - Haminan Rotaryklubi<\/title>\n<meta name=\"robots\" content=\"index, follow, max-snippet:-1, max-image-preview:large, max-video-preview:-1\" \/>\n<link rel=\"canonical\" href=\"https:\/\/rotary.fi\/hamina\/keita-olemme\/hallitus-ja-toimihenkilot\/\" \/>\n<meta property=\"og:locale\" content=\"fi_FI\" \/>\n<meta property=\"og:type\" content=\"article\" \/>\n<meta property=\"og:title\" content=\"Hallitus ja toimihenkil\u00f6t 2025-2026 - Haminan Rotaryklubi\" \/>\n<meta property=\"og:description\" content=\"Presidentti Lehtinen Anu\u00a0 Tuleva presidentti XX Past presidentti Myllykangas Markku Sihteeri R\u00f6nkk\u00f6 Immi Rahastonhoitaja Lonka Lea Klubimestari Lauri Eero Klubimestari Roimola Mikko Rotarys\u00e4\u00e4ti\u00f6komitean pj. R\u00f6nkk\u00f6 Paavo Julkisuuskuvakomitean pj. Vuorela Asta Yhteiskuntapalvelukomitean pj. Suurp\u00e4\u00e4 Pekka Toiminnantarkastaja Suomalainen Tuula\" \/>\n<meta property=\"og:url\" content=\"https:\/\/rotary.fi\/hamina\/keita-olemme\/hallitus-ja-toimihenkilot\/\" \/>\n<meta property=\"og:site_name\" content=\"Haminan Rotaryklubi\" \/>\n<meta property=\"article:modified_time\" content=\"2025-08-01T07:59:36+00:00\" \/>\n<meta name=\"twitter:card\" content=\"summary_large_image\" \/>\n<meta name=\"twitter:label1\" content=\"Arvioitu lukuaika\" \/>\n\t<meta name=\"twitter:data1\" content=\"1 minuutti\" \/>\n<script type=\"application\/ld+json\" class=\"yoast-schema-graph\">{\"@context\":\"https:\/\/schema.org\",\"@graph\":[{\"@type\":\"WebPage\",\"@id\":\"https:\/\/rotary.fi\/hamina\/keita-olemme\/hallitus-ja-toimihenkilot\/\",\"url\":\"https:\/\/rotary.fi\/hamina\/keita-olemme\/hallitus-ja-toimihenkilot\/\",\"name\":\"Hallitus ja toimihenkil\u00f6t 2025-2026 - Haminan Rotaryklubi\",\"isPartOf\":{\"@id\":\"https:\/\/rotary.fi\/hamina\/#website\"},\"datePublished\":\"2018-08-10T10:59:56+00:00\",\"dateModified\":\"2025-08-01T07:59:36+00:00\",\"breadcrumb\":{\"@id\":\"https:\/\/rotary.fi\/hamina\/keita-olemme\/hallitus-ja-toimihenkilot\/#breadcrumb\"},\"inLanguage\":\"fi\",\"potentialAction\":[{\"@type\":\"ReadAction\",\"target\":[\"https:\/\/rotary.fi\/hamina\/keita-olemme\/hallitus-ja-toimihenkilot\/\"]}]},{\"@type\":\"BreadcrumbList\",\"@id\":\"https:\/\/rotary.fi\/hamina\/keita-olemme\/hallitus-ja-toimihenkilot\/#breadcrumb\",\"itemListElement\":[{\"@type\":\"ListItem\",\"position\":1,\"name\":\"Home\",\"item\":\"https:\/\/rotary.fi\/hamina\/\"},{\"@type\":\"ListItem\",\"position\":2,\"name\":\"Keit\u00e4 olemme\",\"item\":\"https:\/\/rotary.fi\/hamina\/keita-olemme\/\"},{\"@type\":\"ListItem\",\"position\":3,\"name\":\"Hallitus ja toimihenkil\u00f6t 2025-2026\"}]},{\"@type\":\"WebSite\",\"@id\":\"https:\/\/rotary.fi\/hamina\/#website\",\"url\":\"https:\/\/rotary.fi\/hamina\/\",\"name\":\"Haminan Rotaryklubi\",\"description\":\"Uusi Rotary klubisivusto\",\"potentialAction\":[{\"@type\":\"SearchAction\",\"target\":{\"@type\":\"EntryPoint\",\"urlTemplate\":\"https:\/\/rotary.fi\/hamina\/?s={search_term_string}\"},\"query-input\":{\"@type\":\"PropertyValueSpecification\",\"valueRequired\":true,\"valueName\":\"search_term_string\"}}],\"inLanguage\":\"fi\"}]}<\/script>\n<!-- \/ Yoast SEO plugin. -->","yoast_head_json":{"title":"Hallitus ja toimihenkil\u00f6t 2025-2026 - Haminan Rotaryklubi","robots":{"index":"index","follow":"follow","max-snippet":"max-snippet:-1","max-image-preview":"max-image-preview:large","max-video-preview":"max-video-preview:-1"},"canonical":"https:\/\/rotary.fi\/hamina\/keita-olemme\/hallitus-ja-toimihenkilot\/","og_locale":"fi_FI","og_type":"article","og_title":"Hallitus ja toimihenkil\u00f6t 2025-2026 - Haminan Rotaryklubi","og_description":"Presidentti Lehtinen Anu\u00a0 Tuleva presidentti XX Past presidentti Myllykangas Markku Sihteeri R\u00f6nkk\u00f6 Immi Rahastonhoitaja Lonka Lea Klubimestari Lauri Eero Klubimestari Roimola Mikko Rotarys\u00e4\u00e4ti\u00f6komitean pj. R\u00f6nkk\u00f6 Paavo Julkisuuskuvakomitean pj. Vuorela Asta Yhteiskuntapalvelukomitean pj. Suurp\u00e4\u00e4 Pekka Toiminnantarkastaja Suomalainen Tuula","og_url":"https:\/\/rotary.fi\/hamina\/keita-olemme\/hallitus-ja-toimihenkilot\/","og_site_name":"Haminan Rotaryklubi","article_modified_time":"2025-08-01T07:59:36+00:00","twitter_card":"summary_large_image","twitter_misc":{"Arvioitu lukuaika":"1 minuutti"},"schema":{"@context":"https:\/\/schema.org","@graph":[{"@type":"WebPage","@id":"https:\/\/rotary.fi\/hamina\/keita-olemme\/hallitus-ja-toimihenkilot\/","url":"https:\/\/rotary.fi\/hamina\/keita-olemme\/hallitus-ja-toimihenkilot\/","name":"Hallitus ja toimihenkil\u00f6t 2025-2026 - Haminan Rotaryklubi","isPartOf":{"@id":"https:\/\/rotary.fi\/hamina\/#website"},"datePublished":"2018-08-10T10:59:56+00:00","dateModified":"2025-08-01T07:59:36+00:00","breadcrumb":{"@id":"https:\/\/rotary.fi\/hamina\/keita-olemme\/hallitus-ja-toimihenkilot\/#breadcrumb"},"inLanguage":"fi","potentialAction":[{"@type":"ReadAction","target":["https:\/\/rotary.fi\/hamina\/keita-olemme\/hallitus-ja-toimihenkilot\/"]}]},{"@type":"BreadcrumbList","@id":"https:\/\/rotary.fi\/hamina\/keita-olemme\/hallitus-ja-toimihenkilot\/#breadcrumb","itemListElement":[{"@type":"ListItem","position":1,"name":"Home","item":"https:\/\/rotary.fi\/hamina\/"},{"@type":"ListItem","position":2,"name":"Keit\u00e4 olemme","item":"https:\/\/rotary.fi\/hamina\/keita-olemme\/"},{"@type":"ListItem","position":3,"name":"Hallitus ja toimihenkil\u00f6t 2025-2026"}]},{"@type":"WebSite","@id":"https:\/\/rotary.fi\/hamina\/#website","url":"https:\/\/rotary.fi\/hamina\/","name":"Haminan Rotaryklubi","description":"Uusi Rotary klubisivusto","potentialAction":[{"@type":"SearchAction","target":{"@type":"EntryPoint","urlTemplate":"https:\/\/rotary.fi\/hamina\/?s={search_term_string}"},"query-input":{"@type":"PropertyValueSpecification","valueRequired":true,"valueName":"search_term_string"}}],"inLanguage":"fi"}]}},"lang":"fi","translations":{"fi":132},"pll_sync_post":[],"_links":{"self":[{"href":"https:\/\/rotary.fi\/hamina\/wp-json\/wp\/v2\/pages\/132","targetHints":{"allow":["GET"]}}],"collection":[{"href":"https:\/\/rotary.fi\/hamina\/wp-json\/wp\/v2\/pages"}],"about":[{"href":"https:\/\/rotary.fi\/hamina\/wp-json\/wp\/v2\/types\/page"}],"author":[{"embeddable":true,"href":"https:\/\/rotary.fi\/hamina\/wp-json\/wp\/v2\/users\/1"}],"replies":[{"embeddable":true,"href":"https:\/\/rotary.fi\/hamina\/wp-json\/wp\/v2\/comments?post=132"}],"version-history":[{"count":11,"href":"https:\/\/rotary.fi\/hamina\/wp-json\/wp\/v2\/pages\/132\/revisions"}],"predecessor-version":[{"id":2062,"href":"https:\/\/rotary.fi\/hamina\/wp-json\/wp\/v2\/pages\/132\/revisions\/2062"}],"up":[{"embeddable":true,"href":"https:\/\/rotary.fi\/hamina\/wp-json\/wp\/v2\/pages\/129"}],"wp:attachment":[{"href":"https:\/\/rotary.fi\/hamina\/wp-json\/wp\/v2\/media?parent=132"}],"curies":[{"name":"wp","href":"https:\/\/api.w.org\/{rel}","templated":true}]}}