{"id":2601,"date":"2022-08-16T15:51:26","date_gmt":"2022-08-16T12:51:26","guid":{"rendered":"https:\/\/rotary.fi\/hameenlinnaverkatehdas\/?page_id=2601"},"modified":"2022-08-16T15:51:26","modified_gmt":"2022-08-16T12:51:26","slug":"nuorisovaihtoon-hakuaika-on-nyt","status":"publish","type":"page","link":"https:\/\/rotary.fi\/hameenlinnaverkatehdas\/nuorisovaihtoon-hakuaika-on-nyt\/","title":{"rendered":"Nuorisovaihtoon hakuaika on nyt!"},"content":{"rendered":"<p>Ensi vuoden nuorisovaihtoon toivoville nyt on hyv\u00e4 aika laittaa hakemus sis\u00e4\u00e4n!<\/p>\n<p>Katso uusi nuorisonvaihdon video <a href=\"https:\/\/www.youtube.com\/watch?v=S6dcRzbKoZA\">t\u00e4st\u00e4 linkist\u00e4!<\/a><\/p>\n<p><img loading=\"lazy\" decoding=\"async\" class=\"alignnone  wp-image-2568\" src=\"https:\/\/rotary.fi\/hameenlinnaverkatehdas\/wp-content\/uploads\/sites\/95\/2022\/07\/imagine-rotary-pyorea-300x300.jpg\" alt=\"\" width=\"162\" height=\"162\" \/><\/p>\n","protected":false},"excerpt":{"rendered":"<p>Ensi vuoden nuorisovaihtoon toivoville nyt on hyv\u00e4 aika laittaa hakemus sis\u00e4\u00e4n! Katso uusi nuorisonvaihdon video t\u00e4st\u00e4 linkist\u00e4!<\/p>\n","protected":false},"author":121,"featured_media":0,"parent":0,"menu_order":0,"comment_status":"closed","ping_status":"closed","template":"","meta":{"_acf_changed":false,"_et_pb_use_builder":"","_et_pb_old_content":"","_et_gb_content_width":"","footnotes":""},"class_list":["post-2601","page","type-page","status-publish","hentry"],"acf":[],"yoast_head":"<!-- This site is optimized with the Yoast SEO plugin v27.4 - https:\/\/yoast.com\/product\/yoast-seo-wordpress\/ -->\n<title>Nuorisovaihtoon hakuaika on nyt! - H\u00e4meenlinna-Verkatehdas<\/title>\n<meta name=\"robots\" content=\"index, follow, max-snippet:-1, max-image-preview:large, max-video-preview:-1\" \/>\n<link rel=\"canonical\" href=\"https:\/\/rotary.fi\/hameenlinnaverkatehdas\/nuorisovaihtoon-hakuaika-on-nyt\/\" \/>\n<meta property=\"og:locale\" content=\"fi_FI\" \/>\n<meta property=\"og:type\" content=\"article\" \/>\n<meta property=\"og:title\" content=\"Nuorisovaihtoon hakuaika on nyt! - H\u00e4meenlinna-Verkatehdas\" \/>\n<meta property=\"og:description\" content=\"Ensi vuoden nuorisovaihtoon toivoville nyt on hyv\u00e4 aika laittaa hakemus sis\u00e4\u00e4n! Katso uusi nuorisonvaihdon video t\u00e4st\u00e4 linkist\u00e4!\" \/>\n<meta property=\"og:url\" content=\"https:\/\/rotary.fi\/hameenlinnaverkatehdas\/nuorisovaihtoon-hakuaika-on-nyt\/\" \/>\n<meta property=\"og:site_name\" content=\"H\u00e4meenlinna-Verkatehdas\" \/>\n<meta property=\"og:image\" content=\"https:\/\/rotary.fi\/hameenlinnaverkatehdas\/wp-content\/uploads\/sites\/95\/2022\/07\/imagine-rotary-pyorea-300x300.jpg\" \/>\n<meta name=\"twitter:card\" content=\"summary_large_image\" \/>\n<meta name=\"twitter:label1\" content=\"Arvioitu lukuaika\" \/>\n\t<meta name=\"twitter:data1\" content=\"1 minuutti\" \/>\n<script type=\"application\/ld+json\" class=\"yoast-schema-graph\">{\"@context\":\"https:\\\/\\\/schema.org\",\"@graph\":[{\"@type\":\"WebPage\",\"@id\":\"https:\\\/\\\/rotary.fi\\\/hameenlinnaverkatehdas\\\/nuorisovaihtoon-hakuaika-on-nyt\\\/\",\"url\":\"https:\\\/\\\/rotary.fi\\\/hameenlinnaverkatehdas\\\/nuorisovaihtoon-hakuaika-on-nyt\\\/\",\"name\":\"Nuorisovaihtoon hakuaika on nyt! - H\u00e4meenlinna-Verkatehdas\",\"isPartOf\":{\"@id\":\"https:\\\/\\\/rotary.fi\\\/hameenlinnaverkatehdas\\\/#website\"},\"primaryImageOfPage\":{\"@id\":\"https:\\\/\\\/rotary.fi\\\/hameenlinnaverkatehdas\\\/nuorisovaihtoon-hakuaika-on-nyt\\\/#primaryimage\"},\"image\":{\"@id\":\"https:\\\/\\\/rotary.fi\\\/hameenlinnaverkatehdas\\\/nuorisovaihtoon-hakuaika-on-nyt\\\/#primaryimage\"},\"thumbnailUrl\":\"https:\\\/\\\/rotary.fi\\\/hameenlinnaverkatehdas\\\/wp-content\\\/uploads\\\/sites\\\/95\\\/2022\\\/07\\\/imagine-rotary-pyorea-300x300.jpg\",\"datePublished\":\"2022-08-16T12:51:26+00:00\",\"breadcrumb\":{\"@id\":\"https:\\\/\\\/rotary.fi\\\/hameenlinnaverkatehdas\\\/nuorisovaihtoon-hakuaika-on-nyt\\\/#breadcrumb\"},\"inLanguage\":\"fi\",\"potentialAction\":[{\"@type\":\"ReadAction\",\"target\":[\"https:\\\/\\\/rotary.fi\\\/hameenlinnaverkatehdas\\\/nuorisovaihtoon-hakuaika-on-nyt\\\/\"]}]},{\"@type\":\"ImageObject\",\"inLanguage\":\"fi\",\"@id\":\"https:\\\/\\\/rotary.fi\\\/hameenlinnaverkatehdas\\\/nuorisovaihtoon-hakuaika-on-nyt\\\/#primaryimage\",\"url\":\"https:\\\/\\\/rotary.fi\\\/hameenlinnaverkatehdas\\\/wp-content\\\/uploads\\\/sites\\\/95\\\/2022\\\/07\\\/imagine-rotary-pyorea.jpg\",\"contentUrl\":\"https:\\\/\\\/rotary.fi\\\/hameenlinnaverkatehdas\\\/wp-content\\\/uploads\\\/sites\\\/95\\\/2022\\\/07\\\/imagine-rotary-pyorea.jpg\",\"width\":554,\"height\":554},{\"@type\":\"BreadcrumbList\",\"@id\":\"https:\\\/\\\/rotary.fi\\\/hameenlinnaverkatehdas\\\/nuorisovaihtoon-hakuaika-on-nyt\\\/#breadcrumb\",\"itemListElement\":[{\"@type\":\"ListItem\",\"position\":1,\"name\":\"Home\",\"item\":\"https:\\\/\\\/rotary.fi\\\/hameenlinnaverkatehdas\\\/\"},{\"@type\":\"ListItem\",\"position\":2,\"name\":\"Nuorisovaihtoon hakuaika on nyt!\"}]},{\"@type\":\"WebSite\",\"@id\":\"https:\\\/\\\/rotary.fi\\\/hameenlinnaverkatehdas\\\/#website\",\"url\":\"https:\\\/\\\/rotary.fi\\\/hameenlinnaverkatehdas\\\/\",\"name\":\"H\u00e4meenlinna-Verkatehdas\",\"description\":\"Uusi Rotary klubisivusto\",\"potentialAction\":[{\"@type\":\"SearchAction\",\"target\":{\"@type\":\"EntryPoint\",\"urlTemplate\":\"https:\\\/\\\/rotary.fi\\\/hameenlinnaverkatehdas\\\/?s={search_term_string}\"},\"query-input\":{\"@type\":\"PropertyValueSpecification\",\"valueRequired\":true,\"valueName\":\"search_term_string\"}}],\"inLanguage\":\"fi\"}]}<\/script>\n<!-- \/ Yoast SEO plugin. -->","yoast_head_json":{"title":"Nuorisovaihtoon hakuaika on nyt! - H\u00e4meenlinna-Verkatehdas","robots":{"index":"index","follow":"follow","max-snippet":"max-snippet:-1","max-image-preview":"max-image-preview:large","max-video-preview":"max-video-preview:-1"},"canonical":"https:\/\/rotary.fi\/hameenlinnaverkatehdas\/nuorisovaihtoon-hakuaika-on-nyt\/","og_locale":"fi_FI","og_type":"article","og_title":"Nuorisovaihtoon hakuaika on nyt! - H\u00e4meenlinna-Verkatehdas","og_description":"Ensi vuoden nuorisovaihtoon toivoville nyt on hyv\u00e4 aika laittaa hakemus sis\u00e4\u00e4n! Katso uusi nuorisonvaihdon video t\u00e4st\u00e4 linkist\u00e4!","og_url":"https:\/\/rotary.fi\/hameenlinnaverkatehdas\/nuorisovaihtoon-hakuaika-on-nyt\/","og_site_name":"H\u00e4meenlinna-Verkatehdas","og_image":[{"url":"https:\/\/rotary.fi\/hameenlinnaverkatehdas\/wp-content\/uploads\/sites\/95\/2022\/07\/imagine-rotary-pyorea-300x300.jpg","type":"","width":"","height":""}],"twitter_card":"summary_large_image","twitter_misc":{"Arvioitu lukuaika":"1 minuutti"},"schema":{"@context":"https:\/\/schema.org","@graph":[{"@type":"WebPage","@id":"https:\/\/rotary.fi\/hameenlinnaverkatehdas\/nuorisovaihtoon-hakuaika-on-nyt\/","url":"https:\/\/rotary.fi\/hameenlinnaverkatehdas\/nuorisovaihtoon-hakuaika-on-nyt\/","name":"Nuorisovaihtoon hakuaika on nyt! - H\u00e4meenlinna-Verkatehdas","isPartOf":{"@id":"https:\/\/rotary.fi\/hameenlinnaverkatehdas\/#website"},"primaryImageOfPage":{"@id":"https:\/\/rotary.fi\/hameenlinnaverkatehdas\/nuorisovaihtoon-hakuaika-on-nyt\/#primaryimage"},"image":{"@id":"https:\/\/rotary.fi\/hameenlinnaverkatehdas\/nuorisovaihtoon-hakuaika-on-nyt\/#primaryimage"},"thumbnailUrl":"https:\/\/rotary.fi\/hameenlinnaverkatehdas\/wp-content\/uploads\/sites\/95\/2022\/07\/imagine-rotary-pyorea-300x300.jpg","datePublished":"2022-08-16T12:51:26+00:00","breadcrumb":{"@id":"https:\/\/rotary.fi\/hameenlinnaverkatehdas\/nuorisovaihtoon-hakuaika-on-nyt\/#breadcrumb"},"inLanguage":"fi","potentialAction":[{"@type":"ReadAction","target":["https:\/\/rotary.fi\/hameenlinnaverkatehdas\/nuorisovaihtoon-hakuaika-on-nyt\/"]}]},{"@type":"ImageObject","inLanguage":"fi","@id":"https:\/\/rotary.fi\/hameenlinnaverkatehdas\/nuorisovaihtoon-hakuaika-on-nyt\/#primaryimage","url":"https:\/\/rotary.fi\/hameenlinnaverkatehdas\/wp-content\/uploads\/sites\/95\/2022\/07\/imagine-rotary-pyorea.jpg","contentUrl":"https:\/\/rotary.fi\/hameenlinnaverkatehdas\/wp-content\/uploads\/sites\/95\/2022\/07\/imagine-rotary-pyorea.jpg","width":554,"height":554},{"@type":"BreadcrumbList","@id":"https:\/\/rotary.fi\/hameenlinnaverkatehdas\/nuorisovaihtoon-hakuaika-on-nyt\/#breadcrumb","itemListElement":[{"@type":"ListItem","position":1,"name":"Home","item":"https:\/\/rotary.fi\/hameenlinnaverkatehdas\/"},{"@type":"ListItem","position":2,"name":"Nuorisovaihtoon hakuaika on nyt!"}]},{"@type":"WebSite","@id":"https:\/\/rotary.fi\/hameenlinnaverkatehdas\/#website","url":"https:\/\/rotary.fi\/hameenlinnaverkatehdas\/","name":"H\u00e4meenlinna-Verkatehdas","description":"Uusi Rotary klubisivusto","potentialAction":[{"@type":"SearchAction","target":{"@type":"EntryPoint","urlTemplate":"https:\/\/rotary.fi\/hameenlinnaverkatehdas\/?s={search_term_string}"},"query-input":{"@type":"PropertyValueSpecification","valueRequired":true,"valueName":"search_term_string"}}],"inLanguage":"fi"}]}},"lang":"fi","translations":{"fi":2601},"pll_sync_post":[],"_links":{"self":[{"href":"https:\/\/rotary.fi\/hameenlinnaverkatehdas\/wp-json\/wp\/v2\/pages\/2601","targetHints":{"allow":["GET"]}}],"collection":[{"href":"https:\/\/rotary.fi\/hameenlinnaverkatehdas\/wp-json\/wp\/v2\/pages"}],"about":[{"href":"https:\/\/rotary.fi\/hameenlinnaverkatehdas\/wp-json\/wp\/v2\/types\/page"}],"author":[{"embeddable":true,"href":"https:\/\/rotary.fi\/hameenlinnaverkatehdas\/wp-json\/wp\/v2\/users\/121"}],"replies":[{"embeddable":true,"href":"https:\/\/rotary.fi\/hameenlinnaverkatehdas\/wp-json\/wp\/v2\/comments?post=2601"}],"version-history":[{"count":1,"href":"https:\/\/rotary.fi\/hameenlinnaverkatehdas\/wp-json\/wp\/v2\/pages\/2601\/revisions"}],"predecessor-version":[{"id":2602,"href":"https:\/\/rotary.fi\/hameenlinnaverkatehdas\/wp-json\/wp\/v2\/pages\/2601\/revisions\/2602"}],"wp:attachment":[{"href":"https:\/\/rotary.fi\/hameenlinnaverkatehdas\/wp-json\/wp\/v2\/media?parent=2601"}],"curies":[{"name":"wp","href":"https:\/\/api.w.org\/{rel}","templated":true}]}}