{"id":2034,"date":"2026-08-19T10:44:52","date_gmt":"2026-08-19T07:44:52","guid":{"rendered":"https:\/\/rotary.fi\/godby\/?post_type=ajankohtaiset&#038;p=2034"},"modified":"2026-08-19T10:44:52","modified_gmt":"2026-08-19T07:44:52","slug":"besok-till-minnesstenen","status":"publish","type":"ajankohtaiset","link":"https:\/\/rotary.fi\/godby\/ajankohtaiset\/besok-till-minnesstenen\/","title":{"rendered":"Bes\u00f6k till minnesstenen"},"content":{"rendered":"<p>Godby Rotaryklubb bes\u00f6ker \u00e5rligen minnesstenen f\u00f6r flygolycka 1962 i Sviby.<\/p>\n<p>\u00c5ret bes\u00f6k sker torsdagen den 20 8. kl.17.00. Alla v\u00e4lkomna!<\/p>\n","protected":false},"template":"","class_list":["post-2034","ajankohtaiset","type-ajankohtaiset","status-publish","hentry"],"acf":[],"yoast_head":"<!-- This site is optimized with the Yoast SEO plugin v28.1 - https:\/\/yoast.com\/product\/yoast-seo-wordpress\/ -->\n<title>Bes\u00f6k till minnesstenen - Godby Rotaryklubb<\/title>\n<meta name=\"robots\" content=\"index, follow, max-snippet:-1, max-image-preview:large, max-video-preview:-1\" \/>\n<link rel=\"canonical\" href=\"https:\/\/rotary.fi\/godby\/ajankohtaiset\/besok-till-minnesstenen\/\" \/>\n<meta property=\"og:locale\" content=\"sv_SE\" \/>\n<meta property=\"og:type\" content=\"article\" \/>\n<meta property=\"og:title\" content=\"Bes\u00f6k till minnesstenen - Godby Rotaryklubb\" \/>\n<meta property=\"og:description\" content=\"Godby Rotaryklubb bes\u00f6ker \u00e5rligen minnesstenen f\u00f6r flygolycka 1962 i Sviby. \u00c5ret bes\u00f6k sker torsdagen den 20 8. kl.17.00. Alla v\u00e4lkomna!\" \/>\n<meta property=\"og:url\" content=\"https:\/\/rotary.fi\/godby\/ajankohtaiset\/besok-till-minnesstenen\/\" \/>\n<meta property=\"og:site_name\" content=\"Godby Rotaryklubb\" \/>\n<meta property=\"article:publisher\" content=\"https:\/\/www.facebook.com\/groups\/www.godbyrotary.org\" \/>\n<meta name=\"twitter:card\" content=\"summary_large_image\" \/>\n<meta name=\"twitter:label1\" content=\"Ber\u00e4knad l\u00e4stid\" \/>\n\t<meta name=\"twitter:data1\" content=\"1 minut\" \/>\n<script type=\"application\/ld+json\" class=\"yoast-schema-graph\">{\"@context\":\"https:\\\/\\\/schema.org\",\"@graph\":[{\"@type\":\"WebPage\",\"@id\":\"https:\\\/\\\/rotary.fi\\\/godby\\\/ajankohtaiset\\\/besok-till-minnesstenen\\\/\",\"url\":\"https:\\\/\\\/rotary.fi\\\/godby\\\/ajankohtaiset\\\/besok-till-minnesstenen\\\/\",\"name\":\"Bes\u00f6k till minnesstenen - Godby Rotaryklubb\",\"isPartOf\":{\"@id\":\"https:\\\/\\\/rotary.fi\\\/godby\\\/#website\"},\"datePublished\":\"2026-08-19T07:44:52+00:00\",\"breadcrumb\":{\"@id\":\"https:\\\/\\\/rotary.fi\\\/godby\\\/ajankohtaiset\\\/besok-till-minnesstenen\\\/#breadcrumb\"},\"inLanguage\":\"sv-SE\",\"potentialAction\":[{\"@type\":\"ReadAction\",\"target\":[\"https:\\\/\\\/rotary.fi\\\/godby\\\/ajankohtaiset\\\/besok-till-minnesstenen\\\/\"]}]},{\"@type\":\"BreadcrumbList\",\"@id\":\"https:\\\/\\\/rotary.fi\\\/godby\\\/ajankohtaiset\\\/besok-till-minnesstenen\\\/#breadcrumb\",\"itemListElement\":[{\"@type\":\"ListItem\",\"position\":1,\"name\":\"Home\",\"item\":\"https:\\\/\\\/rotary.fi\\\/godby\\\/\"},{\"@type\":\"ListItem\",\"position\":2,\"name\":\"Bes\u00f6k till minnesstenen\"}]},{\"@type\":\"WebSite\",\"@id\":\"https:\\\/\\\/rotary.fi\\\/godby\\\/#website\",\"url\":\"https:\\\/\\\/rotary.fi\\\/godby\\\/\",\"name\":\"Godby Rotaryklubb\",\"description\":\"Ny rotaryklubbs hemsida\",\"publisher\":{\"@id\":\"https:\\\/\\\/rotary.fi\\\/godby\\\/#organization\"},\"potentialAction\":[{\"@type\":\"SearchAction\",\"target\":{\"@type\":\"EntryPoint\",\"urlTemplate\":\"https:\\\/\\\/rotary.fi\\\/godby\\\/?s={search_term_string}\"},\"query-input\":{\"@type\":\"PropertyValueSpecification\",\"valueRequired\":true,\"valueName\":\"search_term_string\"}}],\"inLanguage\":\"sv-SE\"},{\"@type\":\"Organization\",\"@id\":\"https:\\\/\\\/rotary.fi\\\/godby\\\/#organization\",\"name\":\"Godby Rotaryklubb\",\"url\":\"https:\\\/\\\/rotary.fi\\\/godby\\\/\",\"logo\":{\"@type\":\"ImageObject\",\"inLanguage\":\"sv-SE\",\"@id\":\"https:\\\/\\\/rotary.fi\\\/godby\\\/#\\\/schema\\\/logo\\\/image\\\/\",\"url\":\"https:\\\/\\\/rotary.fi\\\/godby\\\/wp-content\\\/uploads\\\/sites\\\/242\\\/2018\\\/08\\\/rotary-logo-main-2.png\",\"contentUrl\":\"https:\\\/\\\/rotary.fi\\\/godby\\\/wp-content\\\/uploads\\\/sites\\\/242\\\/2018\\\/08\\\/rotary-logo-main-2.png\",\"width\":135,\"height\":52,\"caption\":\"Godby Rotaryklubb\"},\"image\":{\"@id\":\"https:\\\/\\\/rotary.fi\\\/godby\\\/#\\\/schema\\\/logo\\\/image\\\/\"},\"sameAs\":[\"https:\\\/\\\/www.facebook.com\\\/groups\\\/www.godbyrotary.org\"]}]}<\/script>\n<!-- \/ Yoast SEO plugin. -->","yoast_head_json":{"title":"Bes\u00f6k till minnesstenen - Godby Rotaryklubb","robots":{"index":"index","follow":"follow","max-snippet":"max-snippet:-1","max-image-preview":"max-image-preview:large","max-video-preview":"max-video-preview:-1"},"canonical":"https:\/\/rotary.fi\/godby\/ajankohtaiset\/besok-till-minnesstenen\/","og_locale":"sv_SE","og_type":"article","og_title":"Bes\u00f6k till minnesstenen - Godby Rotaryklubb","og_description":"Godby Rotaryklubb bes\u00f6ker \u00e5rligen minnesstenen f\u00f6r flygolycka 1962 i Sviby. \u00c5ret bes\u00f6k sker torsdagen den 20 8. kl.17.00. Alla v\u00e4lkomna!","og_url":"https:\/\/rotary.fi\/godby\/ajankohtaiset\/besok-till-minnesstenen\/","og_site_name":"Godby Rotaryklubb","article_publisher":"https:\/\/www.facebook.com\/groups\/www.godbyrotary.org","twitter_card":"summary_large_image","twitter_misc":{"Ber\u00e4knad l\u00e4stid":"1 minut"},"schema":{"@context":"https:\/\/schema.org","@graph":[{"@type":"WebPage","@id":"https:\/\/rotary.fi\/godby\/ajankohtaiset\/besok-till-minnesstenen\/","url":"https:\/\/rotary.fi\/godby\/ajankohtaiset\/besok-till-minnesstenen\/","name":"Bes\u00f6k till minnesstenen - Godby Rotaryklubb","isPartOf":{"@id":"https:\/\/rotary.fi\/godby\/#website"},"datePublished":"2026-08-19T07:44:52+00:00","breadcrumb":{"@id":"https:\/\/rotary.fi\/godby\/ajankohtaiset\/besok-till-minnesstenen\/#breadcrumb"},"inLanguage":"sv-SE","potentialAction":[{"@type":"ReadAction","target":["https:\/\/rotary.fi\/godby\/ajankohtaiset\/besok-till-minnesstenen\/"]}]},{"@type":"BreadcrumbList","@id":"https:\/\/rotary.fi\/godby\/ajankohtaiset\/besok-till-minnesstenen\/#breadcrumb","itemListElement":[{"@type":"ListItem","position":1,"name":"Home","item":"https:\/\/rotary.fi\/godby\/"},{"@type":"ListItem","position":2,"name":"Bes\u00f6k till minnesstenen"}]},{"@type":"WebSite","@id":"https:\/\/rotary.fi\/godby\/#website","url":"https:\/\/rotary.fi\/godby\/","name":"Godby Rotaryklubb","description":"Ny rotaryklubbs hemsida","publisher":{"@id":"https:\/\/rotary.fi\/godby\/#organization"},"potentialAction":[{"@type":"SearchAction","target":{"@type":"EntryPoint","urlTemplate":"https:\/\/rotary.fi\/godby\/?s={search_term_string}"},"query-input":{"@type":"PropertyValueSpecification","valueRequired":true,"valueName":"search_term_string"}}],"inLanguage":"sv-SE"},{"@type":"Organization","@id":"https:\/\/rotary.fi\/godby\/#organization","name":"Godby Rotaryklubb","url":"https:\/\/rotary.fi\/godby\/","logo":{"@type":"ImageObject","inLanguage":"sv-SE","@id":"https:\/\/rotary.fi\/godby\/#\/schema\/logo\/image\/","url":"https:\/\/rotary.fi\/godby\/wp-content\/uploads\/sites\/242\/2018\/08\/rotary-logo-main-2.png","contentUrl":"https:\/\/rotary.fi\/godby\/wp-content\/uploads\/sites\/242\/2018\/08\/rotary-logo-main-2.png","width":135,"height":52,"caption":"Godby Rotaryklubb"},"image":{"@id":"https:\/\/rotary.fi\/godby\/#\/schema\/logo\/image\/"},"sameAs":["https:\/\/www.facebook.com\/groups\/www.godbyrotary.org"]}]}},"lang":"sv","translations":{"sv":2034},"pll_sync_post":[],"_links":{"self":[{"href":"https:\/\/rotary.fi\/godby\/wp-json\/wp\/v2\/ajankohtaiset\/2034","targetHints":{"allow":["GET"]}}],"collection":[{"href":"https:\/\/rotary.fi\/godby\/wp-json\/wp\/v2\/ajankohtaiset"}],"about":[{"href":"https:\/\/rotary.fi\/godby\/wp-json\/wp\/v2\/types\/ajankohtaiset"}],"wp:attachment":[{"href":"https:\/\/rotary.fi\/godby\/wp-json\/wp\/v2\/media?parent=2034"}],"curies":[{"name":"wp","href":"https:\/\/api.w.org\/{rel}","templated":true}]}}

Besök till minnesstenen

<p>Godby Rotaryklubb besöker årligen minnesstenen för flygolycka 1962 i Sviby.</p>
<p>Året besök sker torsdagen den 20 8. kl.17.00. Alla välkomna!</p>

<!-- This site is optimized with the Yoast SEO plugin v28.1 - https://yoast.com/product/yoast-seo-wordpress/ -->
<title>Besök till minnesstenen - Godby Rotaryklubb</title>
<meta name="robots" content="index, follow, max-snippet:-1, max-image-preview:large, max-video-preview:-1" />
<link rel="canonical" href="https://rotary.fi/godby/ajankohtaiset/besok-till-minnesstenen/" />
<meta property="og:locale" content="sv_SE" />
<meta property="og:type" content="article" />
<meta property="og:title" content="Besök till minnesstenen - Godby Rotaryklubb" />
<meta property="og:description" content="Godby Rotaryklubb besöker årligen minnesstenen för flygolycka 1962 i Sviby. Året besök sker torsdagen den 20 8. kl.17.00. Alla välkomna!" />
<meta property="og:url" content="https://rotary.fi/godby/ajankohtaiset/besok-till-minnesstenen/" />
<meta property="og:site_name" content="Godby Rotaryklubb" />
<meta property="article:publisher" content="https://www.facebook.com/groups/www.godbyrotary.org" />
<meta name="twitter:card" content="summary_large_image" />
<meta name="twitter:label1" content="Beräknad lästid" />
	<meta name="twitter:data1" content="1 minut" />
<script type="application/ld+json" class="yoast-schema-graph">{"@context":"https:\/\/schema.org","@graph":[{"@type":"WebPage","@id":"https:\/\/rotary.fi\/godby\/ajankohtaiset\/besok-till-minnesstenen\/","url":"https:\/\/rotary.fi\/godby\/ajankohtaiset\/besok-till-minnesstenen\/","name":"Besök till minnesstenen - Godby Rotaryklubb","isPartOf":{"@id":"https:\/\/rotary.fi\/godby\/#website"},"datePublished":"2026-08-19T07:44:52+00:00","breadcrumb":{"@id":"https:\/\/rotary.fi\/godby\/ajankohtaiset\/besok-till-minnesstenen\/#breadcrumb"},"inLanguage":"sv-SE","potentialAction":[{"@type":"ReadAction","target":["https:\/\/rotary.fi\/godby\/ajankohtaiset\/besok-till-minnesstenen\/"]}]},{"@type":"BreadcrumbList","@id":"https:\/\/rotary.fi\/godby\/ajankohtaiset\/besok-till-minnesstenen\/#breadcrumb","itemListElement":[{"@type":"ListItem","position":1,"name":"Home","item":"https:\/\/rotary.fi\/godby\/"},{"@type":"ListItem","position":2,"name":"Besök till minnesstenen"}]},{"@type":"WebSite","@id":"https:\/\/rotary.fi\/godby\/#website","url":"https:\/\/rotary.fi\/godby\/","name":"Godby Rotaryklubb","description":"Ny rotaryklubbs hemsida","publisher":{"@id":"https:\/\/rotary.fi\/godby\/#organization"},"potentialAction":[{"@type":"SearchAction","target":{"@type":"EntryPoint","urlTemplate":"https:\/\/rotary.fi\/godby\/?s={search_term_string}"},"query-input":{"@type":"PropertyValueSpecification","valueRequired":true,"valueName":"search_term_string"}}],"inLanguage":"sv-SE"},{"@type":"Organization","@id":"https:\/\/rotary.fi\/godby\/#organization","name":"Godby Rotaryklubb","url":"https:\/\/rotary.fi\/godby\/","logo":{"@type":"ImageObject","inLanguage":"sv-SE","@id":"https:\/\/rotary.fi\/godby\/#\/schema\/logo\/image\/","url":"https:\/\/rotary.fi\/godby\/wp-content\/uploads\/sites\/242\/2018\/08\/rotary-logo-main-2.png","contentUrl":"https:\/\/rotary.fi\/godby\/wp-content\/uploads\/sites\/242\/2018\/08\/rotary-logo-main-2.png","width":135,"height":52,"caption":"Godby Rotaryklubb"},"image":{"@id":"https:\/\/rotary.fi\/godby\/#\/schema\/logo\/image\/"},"sameAs":["https:\/\/www.facebook.com\/groups\/www.godbyrotary.org"]}]}</script>
<!-- / Yoast SEO plugin. -->

Besök till minnesstenen - Godby Rotaryklubb

Godby Rotaryklubb besöker årligen minnesstenen för flygolycka 1962 i Sviby. Året besök sker torsdagen den 20 8. kl.17.00. Alla välkomna!
