{"id":179,"date":"2018-08-13T10:43:11","date_gmt":"2018-08-13T07:43:11","guid":{"rendered":"https:\/\/rotary.fi\/forssanrotaryklubi\/?page_id=179"},"modified":"2024-11-04T09:21:59","modified_gmt":"2024-11-04T07:21:59","slug":"ryla-johtajuuskoulutus-nuorille","status":"publish","type":"page","link":"https:\/\/rotary.fi\/forssanrotaryklubi\/tule-mukaan\/ryla-johtajuuskoulutus-nuorille\/","title":{"rendered":"RYLA &#8211; Johtajuuskoulutus nuorille"},"content":{"rendered":"<p>[et_pb_section fb_built=&#8221;1&#8243; module_class=&#8221;jumbotron-page&#8221; _builder_version=&#8221;4.16&#8243; background_image=&#8221;https:\/\/rotary.fi\/forssanrotaryklubi\/wp-content\/uploads\/sites\/258\/2018\/10\/rotary_klubit_alasivu_paakuva_10.jpg&#8221; global_colors_info=&#8221;{}&#8221;][et_pb_row _builder_version=&#8221;4.16&#8243; background_size=&#8221;initial&#8221; background_position=&#8221;top_left&#8221; background_repeat=&#8221;repeat&#8221; global_colors_info=&#8221;{}&#8221;][et_pb_column type=&#8221;4_4&#8243; _builder_version=&#8221;4.16&#8243; custom_padding=&#8221;|||&#8221; global_colors_info=&#8221;{}&#8221; custom_padding__hover=&#8221;|||&#8221;][et_pb_text admin_label=&#8221;P\u00e4\u00e4otsikko&#8221; _builder_version=&#8221;4.16&#8243; text_orientation=&#8221;center&#8221; background_layout=&#8221;dark&#8221; global_colors_info=&#8221;{}&#8221;]<\/p>\n<h1>RYLA<\/h1>\n<p>[\/et_pb_text][\/et_pb_column][\/et_pb_row][\/et_pb_section][et_pb_section fb_built=&#8221;1&#8243; specialty=&#8221;on&#8221; module_class_2=&#8221;sivupalkki&#8221; _builder_version=&#8221;4.16&#8243; global_colors_info=&#8221;{}&#8221;][et_pb_column type=&#8221;2_3&#8243; specialty_columns=&#8221;2&#8243; _builder_version=&#8221;4.16&#8243; custom_padding=&#8221;|||&#8221; global_colors_info=&#8221;{}&#8221; parallax__hover=&#8221;off&#8221; parallax_method__hover=&#8221;on&#8221; custom_padding__hover=&#8221;|||&#8221;][et_pb_row_inner admin_label=&#8221;Rivi&#8221; _builder_version=&#8221;4.16&#8243; global_colors_info=&#8221;{}&#8221;][et_pb_column_inner saved_specialty_column_type=&#8221;2_3&#8243; _builder_version=&#8221;4.16&#8243; custom_padding=&#8221;|||&#8221; global_colors_info=&#8221;{}&#8221; parallax__hover=&#8221;off&#8221; parallax_method__hover=&#8221;on&#8221; custom_padding__hover=&#8221;|||&#8221;][et_pb_text admin_label=&#8221;Otsikko ennen teksti\u00e4&#8221; _builder_version=&#8221;4.16&#8243; text_orientation=&#8221;center&#8221; global_colors_info=&#8221;{}&#8221;]<\/p>\n<h1>RYLA &#8211;<br \/>\nJohtajuuskoulutusta nuorille<\/h1>\n<p>[\/et_pb_text][et_pb_text _builder_version=&#8221;4.16&#8243; global_colors_info=&#8221;{}&#8221;]<\/p>\n<p><strong>RYLA (Rotary Youth Leadership Awards)<\/strong><\/p>\n<p class=\"p1\"><span class=\"s1\">RYLA on Rotaryn nuorisotoimintamuoto, jolla koulutamme 14<\/span><span class=\"s2\">\u2500<\/span><span class=\"s1\">30-vuotiaita aloitekykyisi\u00e4 ja aktiivisia nuoria omatoimisuuteen ja johtajuuteen. T\u00e4m\u00e4 tapahtuu Rotaryn j\u00e4rjest\u00e4miss\u00e4 RYLA-seminaareissa, joissa kehitet\u00e4\u00e4n mm. nuorten harkintakyky\u00e4, p\u00e4\u00e4t\u00f6ksentekokyky\u00e4 sek\u00e4 esiintymistaitoa. Kouluttajina toimivat paikallisen rotaryklubin j\u00e4senet tai muut eri alojen asiantuntijat, jotka kertovat ammattiinsa ja johtajuuteen liittyvist\u00e4 omista kokemuksistaan.<\/span><\/p>\n<h2><span style=\"font-weight: 400\">RYLA-koulutus t\u00e4yteen ik\u00e4\u00e4n Lounais-H\u00e4meess\u00e4<\/span><\/h2>\n<p><span style=\"font-weight: 400\"><\/span><\/p>\n<p><span style=\"font-weight: 400\">Piirin 1410 alue 5 on ottanut Ryla-koulutuksen yhdeksi toimintansa peruskiveksi suhteessa l\u00e4hiyhteiskuntaansa. Kuluvana vuonna 2023 j\u00e4rjestet\u00e4\u00e4n alueella jo 19. Ryla enn\u00e4tysm\u00e4\u00e4r\u00e4ll\u00e4 osanottajia. Historia juontaa siis vuoteen 2005 ja niin kuin kest\u00e4viss\u00e4 jutuissa aina, ei nykytilaa olisi ilman aiempia kokemuksia ja vastuuhenkil\u00f6it\u00e4. Ennen nykyist\u00e4 muotoa Ryla on j\u00e4rjestetty l\u00e4hinn\u00e4 lukioik\u00e4isille nuorille y\u00f6n yli kest\u00e4v\u00e4n\u00e4 internaattikoulutuksena ja sen j\u00e4lkeen englanninkielisen\u00e4 p\u00e4iv\u00e4koulutuksena H\u00e4meen ammattikorkeakoulun opiskelijoille. Nykymuotonsa koulutus sai 2014 yhteisty\u00f6ss\u00e4 paikallisten oppilaitosten, H\u00e4meen ammattikorkeakoulun ja Forssan ammatti-instituutin, kanssa.\u00a0<\/span><\/p>\n<p><span style=\"font-weight: 400\">RYLA23 muodostuu kolmesta koulutusp\u00e4iv\u00e4st\u00e4, joista kahden p\u00e4\u00e4tteeksi on viel\u00e4 yritysvierailu. HAMK:sta Rylaan osallistuu kest\u00e4v\u00e4n kehityksen ja bioinsin\u00f6\u00f6rin koulutusohjelmien opiskelijoita. FAI:n opiskelijat ovat ensisijaisesti liiketalouden ja sosiaali- ja terveysalan koulutusohjelmista. Luentoja on yhteens\u00e4 yhdeks\u00e4n kappaletta ja koulutus p\u00e4\u00e4ttyy todistustenjakotilaisuuteen maaliskuun alkupuolella.<\/span><\/p>\n<p><span style=\"font-weight: 400\">Osallistujien joukossa on ollut paljon aikuisopiskelijoita ja siten my\u00f6s henkil\u00f6it\u00e4, joilla on omakohtaista esihenkil\u00f6kokemusta ty\u00f6el\u00e4m\u00e4st\u00e4. Lis\u00e4ksi osallistujissa tapaa olla esimerkiksi harrastuksen parista johtamiskokemusta saaneita, joten aiheeseen liittyv\u00e4 keskustelu on ollut koulutuksissa runsasta ja yll\u00e4tt\u00e4v\u00e4nkin valistunutta.<\/span><\/p>\n<p><span style=\"font-weight: 400\">Aiemmilta vuosilta tied\u00e4mme, ett\u00e4 vain osa osallistujista haluaa esihenkil\u00f6asemaan. Moni osallistuja p\u00e4\u00e4tyy kuitenkin asiantuntijaksi ja t\u00e4m\u00e4n vuoksi painotamme nykyisin ihmisten v\u00e4liseen kanssak\u00e4ymiseen liittyvi\u00e4 luentoja. Johtaminen tapahtuu ihmiskontekstissa ja sosiaaliset taidot ovat keskeinen osa johtamista. Sosiaalisista taidoista on hy\u00f6ty\u00e4 kaikissa teht\u00e4viss\u00e4 ja my\u00f6s yksityisel\u00e4m\u00e4ss\u00e4, joten koulutuksessa on n\u00e4in ollen selv\u00e4 yleissivist\u00e4v\u00e4 n\u00e4k\u00f6kulma.\u00a0<\/span><\/p>\n<p><span style=\"font-weight: 400\">Luennoitsijoista selv\u00e4 v\u00e4hemmist\u00f6 on rotareita, suurin osa on alueella toimivia asiantuntijoita tai edustamansa organisaation johtohenkil\u00f6it\u00e4. N\u00e4in toimien pystymme rakentamaan laajemman osaamisalueen koulutusohjelman. T\u00e4n\u00e4 vuonna mukaan on tullut ymp\u00e4rist\u00f6asioiden johtamista ja my\u00f6s naisluennoitsijoiden m\u00e4\u00e4r\u00e4 on noussut samalle tasolle miesten kanssa.\u00a0<\/span><\/p>\n<p><span style=\"font-weight: 400\">T\u00e4m\u00e4n vuoden koulutusprosessin j\u00e4lkeen olemme kouluttaneet yhteens\u00e4 vajaa 600 osallistujaa. Ai niin, se enn\u00e4tysosallistujam\u00e4\u00e4r\u00e4 on t\u00e4n\u00e4 vuonna 74. Ryla el\u00e4\u00e4 ja voi hyvin alueellamme ja siit\u00e4 kiitos niin aiemmille vastuuhenkil\u00f6ille kuin kaikille ty\u00f6h\u00f6n osallistuneille tahoille.\u00a0<\/span><\/p>\n<p><span style=\"font-weight: 400\"><\/span><\/p>\n<p class=\"p1\">\n<p>[\/et_pb_text][\/et_pb_column_inner][\/et_pb_row_inner][et_pb_row_inner _builder_version=&#8221;4.27.0&#8243; _module_preset=&#8221;default&#8221; column_structure=&#8221;1_2,1_2&#8243;][et_pb_column_inner saved_specialty_column_type=&#8221;2_3&#8243; _builder_version=&#8221;4.27.0&#8243; _module_preset=&#8221;default&#8221; type=&#8221;1_2&#8243;][et_pb_text _builder_version=&#8221;4.27.0&#8243; _module_preset=&#8221;default&#8221; hover_enabled=&#8221;0&#8243; sticky_enabled=&#8221;0&#8243;]<\/p>\n<p><span style=\"font-weight: 400\">Heikki Lauronen<\/span>\u00a0<span style=\"font-weight: 400\"><br \/><\/span><span style=\"font-weight: 400\">Piirin 1410 alueen 5<br \/><\/span><span style=\"font-weight: 400\">Ryla-koordinaattori<\/span>\u00a0<\/p>\n<p>[\/et_pb_text][\/et_pb_column_inner][et_pb_column_inner saved_specialty_column_type=&#8221;2_3&#8243; _builder_version=&#8221;4.27.0&#8243; _module_preset=&#8221;default&#8221; type=&#8221;1_2&#8243;][et_pb_text _builder_version=&#8221;4.27.0&#8243; _module_preset=&#8221;default&#8221; hover_enabled=&#8221;0&#8243; sticky_enabled=&#8221;0&#8243;]<\/p>\n<p><span style=\"font-weight: 400\">Jari Kaunisto<\/span><span style=\"font-weight: 400\"><br \/><\/span><span style=\"font-weight: 400\">Piirin 1410 alueen 5<\/span><span style=\"font-weight: 400\"><br \/><\/span><span style=\"font-weight: 400\">edellinen Ryla-koordinaattor<\/span><span style=\"font-weight: 400\"><br \/><\/span><\/p>\n<p>[\/et_pb_text][\/et_pb_column_inner][\/et_pb_row_inner][\/et_pb_column][et_pb_column type=&#8221;1_3&#8243; module_class=&#8221;sivupalkki&#8221; _builder_version=&#8221;4.16&#8243; custom_padding=&#8221;|||&#8221; global_colors_info=&#8221;{}&#8221; parallax__hover=&#8221;off&#8221; parallax_method__hover=&#8221;on&#8221; module_class__hover=&#8221;sivupalkki&#8221; custom_padding__hover=&#8221;|||&#8221;][et_pb_sidebar area=&#8221;sidebar-1&#8243; module_class=&#8221;sivupalkki_sisalto&#8221; _builder_version=&#8221;4.16&#8243; locked=&#8221;on&#8221; global_colors_info=&#8221;{}&#8221;][\/et_pb_sidebar][\/et_pb_column][\/et_pb_section]<\/p>\n","protected":false},"excerpt":{"rendered":"<p>RYLA RYLA &#8211; Johtajuuskoulutusta nuorille RYLA (Rotary Youth Leadership Awards) RYLA on Rotaryn nuorisotoimintamuoto, jolla koulutamme 14\u250030-vuotiaita aloitekykyisi\u00e4 ja aktiivisia nuoria omatoimisuuteen ja johtajuuteen. T\u00e4m\u00e4 tapahtuu Rotaryn j\u00e4rjest\u00e4miss\u00e4 RYLA-seminaareissa, joissa kehitet\u00e4\u00e4n mm. nuorten harkintakyky\u00e4, p\u00e4\u00e4t\u00f6ksentekokyky\u00e4 sek\u00e4 esiintymistaitoa. Kouluttajina toimivat paikallisen rotaryklubin j\u00e4senet tai muut eri alojen asiantuntijat, jotka kertovat ammattiinsa ja johtajuuteen liittyvist\u00e4 omista kokemuksistaan. [&hellip;]<\/p>\n","protected":false},"author":1,"featured_media":0,"parent":89,"menu_order":0,"comment_status":"closed","ping_status":"closed","template":"","meta":{"_acf_changed":false,"_et_pb_use_builder":"on","_et_pb_old_content":"","_et_gb_content_width":"","footnotes":""},"class_list":["post-179","page","type-page","status-publish","hentry"],"acf":[],"yoast_head":"<!-- This site is optimized with the Yoast SEO plugin v27.4 - https:\/\/yoast.com\/product\/yoast-seo-wordpress\/ -->\n<title>RYLA - Johtajuuskoulutus nuorille - Forssan Rotaryklubi<\/title>\n<meta name=\"robots\" content=\"index, follow, max-snippet:-1, max-image-preview:large, max-video-preview:-1\" \/>\n<link rel=\"canonical\" href=\"https:\/\/rotary.fi\/forssanrotaryklubi\/tule-mukaan\/ryla-johtajuuskoulutus-nuorille\/\" \/>\n<meta property=\"og:locale\" content=\"fi_FI\" \/>\n<meta property=\"og:type\" content=\"article\" \/>\n<meta property=\"og:title\" content=\"RYLA - Johtajuuskoulutus nuorille - Forssan Rotaryklubi\" \/>\n<meta property=\"og:description\" content=\"RYLA RYLA - Johtajuuskoulutusta nuorille RYLA (Rotary Youth Leadership Awards) RYLA on Rotaryn nuorisotoimintamuoto, jolla koulutamme 14\u250030-vuotiaita aloitekykyisi\u00e4 ja aktiivisia nuoria omatoimisuuteen ja johtajuuteen. T\u00e4m\u00e4 tapahtuu Rotaryn j\u00e4rjest\u00e4miss\u00e4 RYLA-seminaareissa, joissa kehitet\u00e4\u00e4n mm. nuorten harkintakyky\u00e4, p\u00e4\u00e4t\u00f6ksentekokyky\u00e4 sek\u00e4 esiintymistaitoa. Kouluttajina toimivat paikallisen rotaryklubin j\u00e4senet tai muut eri alojen asiantuntijat, jotka kertovat ammattiinsa ja johtajuuteen liittyvist\u00e4 omista kokemuksistaan. [&hellip;]\" \/>\n<meta property=\"og:url\" content=\"https:\/\/rotary.fi\/forssanrotaryklubi\/tule-mukaan\/ryla-johtajuuskoulutus-nuorille\/\" \/>\n<meta property=\"og:site_name\" content=\"Forssan Rotaryklubi\" \/>\n<meta property=\"article:publisher\" content=\"https:\/\/www.facebook.com\/forssarotary\" \/>\n<meta property=\"article:modified_time\" content=\"2024-11-04T07:21:59+00:00\" \/>\n<meta name=\"twitter:card\" content=\"summary_large_image\" \/>\n<meta name=\"twitter:label1\" content=\"Arvioitu lukuaika\" \/>\n\t<meta name=\"twitter:data1\" content=\"4 minuuttia\" \/>\n<script type=\"application\/ld+json\" class=\"yoast-schema-graph\">{\"@context\":\"https:\\\/\\\/schema.org\",\"@graph\":[{\"@type\":\"WebPage\",\"@id\":\"https:\\\/\\\/rotary.fi\\\/forssanrotaryklubi\\\/tule-mukaan\\\/ryla-johtajuuskoulutus-nuorille\\\/\",\"url\":\"https:\\\/\\\/rotary.fi\\\/forssanrotaryklubi\\\/tule-mukaan\\\/ryla-johtajuuskoulutus-nuorille\\\/\",\"name\":\"RYLA - Johtajuuskoulutus nuorille - Forssan Rotaryklubi\",\"isPartOf\":{\"@id\":\"https:\\\/\\\/rotary.fi\\\/forssanrotaryklubi\\\/#website\"},\"datePublished\":\"2018-08-13T07:43:11+00:00\",\"dateModified\":\"2024-11-04T07:21:59+00:00\",\"breadcrumb\":{\"@id\":\"https:\\\/\\\/rotary.fi\\\/forssanrotaryklubi\\\/tule-mukaan\\\/ryla-johtajuuskoulutus-nuorille\\\/#breadcrumb\"},\"inLanguage\":\"fi\",\"potentialAction\":[{\"@type\":\"ReadAction\",\"target\":[\"https:\\\/\\\/rotary.fi\\\/forssanrotaryklubi\\\/tule-mukaan\\\/ryla-johtajuuskoulutus-nuorille\\\/\"]}]},{\"@type\":\"BreadcrumbList\",\"@id\":\"https:\\\/\\\/rotary.fi\\\/forssanrotaryklubi\\\/tule-mukaan\\\/ryla-johtajuuskoulutus-nuorille\\\/#breadcrumb\",\"itemListElement\":[{\"@type\":\"ListItem\",\"position\":1,\"name\":\"Home\",\"item\":\"https:\\\/\\\/rotary.fi\\\/forssanrotaryklubi\\\/\"},{\"@type\":\"ListItem\",\"position\":2,\"name\":\"Tule mukaan\",\"item\":\"https:\\\/\\\/rotary.fi\\\/forssanrotaryklubi\\\/tule-mukaan\\\/\"},{\"@type\":\"ListItem\",\"position\":3,\"name\":\"RYLA &#8211; Johtajuuskoulutus nuorille\"}]},{\"@type\":\"WebSite\",\"@id\":\"https:\\\/\\\/rotary.fi\\\/forssanrotaryklubi\\\/#website\",\"url\":\"https:\\\/\\\/rotary.fi\\\/forssanrotaryklubi\\\/\",\"name\":\"Forssan Rotaryklubi\",\"description\":\"Uusi Rotary klubisivusto\",\"publisher\":{\"@id\":\"https:\\\/\\\/rotary.fi\\\/forssanrotaryklubi\\\/#organization\"},\"potentialAction\":[{\"@type\":\"SearchAction\",\"target\":{\"@type\":\"EntryPoint\",\"urlTemplate\":\"https:\\\/\\\/rotary.fi\\\/forssanrotaryklubi\\\/?s={search_term_string}\"},\"query-input\":{\"@type\":\"PropertyValueSpecification\",\"valueRequired\":true,\"valueName\":\"search_term_string\"}}],\"inLanguage\":\"fi\"},{\"@type\":\"Organization\",\"@id\":\"https:\\\/\\\/rotary.fi\\\/forssanrotaryklubi\\\/#organization\",\"name\":\"Forssan Rotaryklubi\",\"url\":\"https:\\\/\\\/rotary.fi\\\/forssanrotaryklubi\\\/\",\"logo\":{\"@type\":\"ImageObject\",\"inLanguage\":\"fi\",\"@id\":\"https:\\\/\\\/rotary.fi\\\/forssanrotaryklubi\\\/#\\\/schema\\\/logo\\\/image\\\/\",\"url\":\"https:\\\/\\\/rotary.fi\\\/forssanrotaryklubi\\\/wp-content\\\/uploads\\\/sites\\\/258\\\/2018\\\/08\\\/rotary-logo-main-2.png\",\"contentUrl\":\"https:\\\/\\\/rotary.fi\\\/forssanrotaryklubi\\\/wp-content\\\/uploads\\\/sites\\\/258\\\/2018\\\/08\\\/rotary-logo-main-2.png\",\"width\":135,\"height\":52,\"caption\":\"Forssan Rotaryklubi\"},\"image\":{\"@id\":\"https:\\\/\\\/rotary.fi\\\/forssanrotaryklubi\\\/#\\\/schema\\\/logo\\\/image\\\/\"},\"sameAs\":[\"https:\\\/\\\/www.facebook.com\\\/forssarotary\"]}]}<\/script>\n<!-- \/ Yoast SEO plugin. -->","yoast_head_json":{"title":"RYLA - Johtajuuskoulutus nuorille - Forssan Rotaryklubi","robots":{"index":"index","follow":"follow","max-snippet":"max-snippet:-1","max-image-preview":"max-image-preview:large","max-video-preview":"max-video-preview:-1"},"canonical":"https:\/\/rotary.fi\/forssanrotaryklubi\/tule-mukaan\/ryla-johtajuuskoulutus-nuorille\/","og_locale":"fi_FI","og_type":"article","og_title":"RYLA - Johtajuuskoulutus nuorille - Forssan Rotaryklubi","og_description":"RYLA RYLA - Johtajuuskoulutusta nuorille RYLA (Rotary Youth Leadership Awards) RYLA on Rotaryn nuorisotoimintamuoto, jolla koulutamme 14\u250030-vuotiaita aloitekykyisi\u00e4 ja aktiivisia nuoria omatoimisuuteen ja johtajuuteen. T\u00e4m\u00e4 tapahtuu Rotaryn j\u00e4rjest\u00e4miss\u00e4 RYLA-seminaareissa, joissa kehitet\u00e4\u00e4n mm. nuorten harkintakyky\u00e4, p\u00e4\u00e4t\u00f6ksentekokyky\u00e4 sek\u00e4 esiintymistaitoa. Kouluttajina toimivat paikallisen rotaryklubin j\u00e4senet tai muut eri alojen asiantuntijat, jotka kertovat ammattiinsa ja johtajuuteen liittyvist\u00e4 omista kokemuksistaan. [&hellip;]","og_url":"https:\/\/rotary.fi\/forssanrotaryklubi\/tule-mukaan\/ryla-johtajuuskoulutus-nuorille\/","og_site_name":"Forssan Rotaryklubi","article_publisher":"https:\/\/www.facebook.com\/forssarotary","article_modified_time":"2024-11-04T07:21:59+00:00","twitter_card":"summary_large_image","twitter_misc":{"Arvioitu lukuaika":"4 minuuttia"},"schema":{"@context":"https:\/\/schema.org","@graph":[{"@type":"WebPage","@id":"https:\/\/rotary.fi\/forssanrotaryklubi\/tule-mukaan\/ryla-johtajuuskoulutus-nuorille\/","url":"https:\/\/rotary.fi\/forssanrotaryklubi\/tule-mukaan\/ryla-johtajuuskoulutus-nuorille\/","name":"RYLA - Johtajuuskoulutus nuorille - Forssan Rotaryklubi","isPartOf":{"@id":"https:\/\/rotary.fi\/forssanrotaryklubi\/#website"},"datePublished":"2018-08-13T07:43:11+00:00","dateModified":"2024-11-04T07:21:59+00:00","breadcrumb":{"@id":"https:\/\/rotary.fi\/forssanrotaryklubi\/tule-mukaan\/ryla-johtajuuskoulutus-nuorille\/#breadcrumb"},"inLanguage":"fi","potentialAction":[{"@type":"ReadAction","target":["https:\/\/rotary.fi\/forssanrotaryklubi\/tule-mukaan\/ryla-johtajuuskoulutus-nuorille\/"]}]},{"@type":"BreadcrumbList","@id":"https:\/\/rotary.fi\/forssanrotaryklubi\/tule-mukaan\/ryla-johtajuuskoulutus-nuorille\/#breadcrumb","itemListElement":[{"@type":"ListItem","position":1,"name":"Home","item":"https:\/\/rotary.fi\/forssanrotaryklubi\/"},{"@type":"ListItem","position":2,"name":"Tule mukaan","item":"https:\/\/rotary.fi\/forssanrotaryklubi\/tule-mukaan\/"},{"@type":"ListItem","position":3,"name":"RYLA &#8211; Johtajuuskoulutus nuorille"}]},{"@type":"WebSite","@id":"https:\/\/rotary.fi\/forssanrotaryklubi\/#website","url":"https:\/\/rotary.fi\/forssanrotaryklubi\/","name":"Forssan Rotaryklubi","description":"Uusi Rotary klubisivusto","publisher":{"@id":"https:\/\/rotary.fi\/forssanrotaryklubi\/#organization"},"potentialAction":[{"@type":"SearchAction","target":{"@type":"EntryPoint","urlTemplate":"https:\/\/rotary.fi\/forssanrotaryklubi\/?s={search_term_string}"},"query-input":{"@type":"PropertyValueSpecification","valueRequired":true,"valueName":"search_term_string"}}],"inLanguage":"fi"},{"@type":"Organization","@id":"https:\/\/rotary.fi\/forssanrotaryklubi\/#organization","name":"Forssan Rotaryklubi","url":"https:\/\/rotary.fi\/forssanrotaryklubi\/","logo":{"@type":"ImageObject","inLanguage":"fi","@id":"https:\/\/rotary.fi\/forssanrotaryklubi\/#\/schema\/logo\/image\/","url":"https:\/\/rotary.fi\/forssanrotaryklubi\/wp-content\/uploads\/sites\/258\/2018\/08\/rotary-logo-main-2.png","contentUrl":"https:\/\/rotary.fi\/forssanrotaryklubi\/wp-content\/uploads\/sites\/258\/2018\/08\/rotary-logo-main-2.png","width":135,"height":52,"caption":"Forssan Rotaryklubi"},"image":{"@id":"https:\/\/rotary.fi\/forssanrotaryklubi\/#\/schema\/logo\/image\/"},"sameAs":["https:\/\/www.facebook.com\/forssarotary"]}]}},"lang":"fi","translations":{"fi":179},"pll_sync_post":[],"_links":{"self":[{"href":"https:\/\/rotary.fi\/forssanrotaryklubi\/wp-json\/wp\/v2\/pages\/179","targetHints":{"allow":["GET"]}}],"collection":[{"href":"https:\/\/rotary.fi\/forssanrotaryklubi\/wp-json\/wp\/v2\/pages"}],"about":[{"href":"https:\/\/rotary.fi\/forssanrotaryklubi\/wp-json\/wp\/v2\/types\/page"}],"author":[{"embeddable":true,"href":"https:\/\/rotary.fi\/forssanrotaryklubi\/wp-json\/wp\/v2\/users\/1"}],"replies":[{"embeddable":true,"href":"https:\/\/rotary.fi\/forssanrotaryklubi\/wp-json\/wp\/v2\/comments?post=179"}],"version-history":[{"count":9,"href":"https:\/\/rotary.fi\/forssanrotaryklubi\/wp-json\/wp\/v2\/pages\/179\/revisions"}],"predecessor-version":[{"id":1667,"href":"https:\/\/rotary.fi\/forssanrotaryklubi\/wp-json\/wp\/v2\/pages\/179\/revisions\/1667"}],"up":[{"embeddable":true,"href":"https:\/\/rotary.fi\/forssanrotaryklubi\/wp-json\/wp\/v2\/pages\/89"}],"wp:attachment":[{"href":"https:\/\/rotary.fi\/forssanrotaryklubi\/wp-json\/wp\/v2\/media?parent=179"}],"curies":[{"name":"wp","href":"https:\/\/api.w.org\/{rel}","templated":true}]}}