{"id":129,"date":"2018-08-10T13:41:39","date_gmt":"2018-08-10T10:41:39","guid":{"rendered":"https:\/\/rotary.fi\/klubi2\/?page_id=129"},"modified":"2025-08-20T21:13:08","modified_gmt":"2025-08-20T18:13:08","slug":"keita-olemme","status":"publish","type":"page","link":"https:\/\/rotary.fi\/forssanrotaryklubi\/keita-olemme\/","title":{"rendered":"Keit\u00e4 olemme"},"content":{"rendered":"<p>[et_pb_section fb_built=&#8221;1&#8243; module_class=&#8221;jumbotron-page&#8221; _builder_version=&#8221;4.27.4&#8243; background_image=&#8221;https:\/\/rotary.fi\/forssanrotaryklubi\/wp-content\/uploads\/sites\/258\/2025\/08\/42867667224-826d76fc3c-o.jpg&#8221; hover_enabled=&#8221;0&#8243; global_colors_info=&#8221;{}&#8221; title_text=&#8221;42867667224_826d76fc3c_o&#8221; sticky_enabled=&#8221;0&#8243;][et_pb_row _builder_version=&#8221;4.16&#8243; background_size=&#8221;initial&#8221; background_position=&#8221;top_left&#8221; background_repeat=&#8221;repeat&#8221; global_colors_info=&#8221;{}&#8221;][et_pb_column type=&#8221;4_4&#8243; _builder_version=&#8221;4.16&#8243; custom_padding=&#8221;|||&#8221; global_colors_info=&#8221;{}&#8221; custom_padding__hover=&#8221;|||&#8221;][et_pb_text admin_label=&#8221;P\u00e4\u00e4otsikko&#8221; _builder_version=&#8221;4.16&#8243; text_orientation=&#8221;center&#8221; background_layout=&#8221;dark&#8221; global_colors_info=&#8221;{}&#8221;]<\/p>\n<h1>Keit\u00e4 olemme<\/h1>\n<p>[\/et_pb_text][\/et_pb_column][\/et_pb_row][\/et_pb_section][et_pb_section fb_built=&#8221;1&#8243; specialty=&#8221;on&#8221; module_class_2=&#8221;sivupalkki&#8221; _builder_version=&#8221;4.16&#8243; global_colors_info=&#8221;{}&#8221;][et_pb_column type=&#8221;2_3&#8243; specialty_columns=&#8221;2&#8243; _builder_version=&#8221;4.16&#8243; custom_padding=&#8221;|||&#8221; global_colors_info=&#8221;{}&#8221; custom_padding__hover=&#8221;|||&#8221;][et_pb_row_inner admin_label=&#8221;Rivi&#8221; _builder_version=&#8221;4.16&#8243; global_colors_info=&#8221;{}&#8221;][et_pb_column_inner saved_specialty_column_type=&#8221;2_3&#8243; _builder_version=&#8221;4.16&#8243; custom_padding=&#8221;|||&#8221; global_colors_info=&#8221;{}&#8221; custom_padding__hover=&#8221;|||&#8221;][et_pb_text admin_label=&#8221;Otsikko&#8221; _builder_version=&#8221;4.16&#8243; text_orientation=&#8221;center&#8221; global_colors_info=&#8221;{}&#8221;]<\/p>\n<h1>Keit\u00e4 olemme<\/h1>\n<p>[\/et_pb_text][et_pb_text _builder_version=&#8221;4.16&#8243; global_colors_info=&#8221;{}&#8221;]<\/p>\n<p><span class=\"s1\"><\/span><\/p>\n<p><span class=\"s1\"><\/span><\/p>\n<p><span class=\"s1\">Forssan Rotaryklubi<\/span><span class=\"s2\"><span>\u00a0<\/span>on aktiivinen<span>\u00a0<\/span><\/span><span class=\"s1\">rotaryklubi, jonka toiminta-alueena on koko Forssan seutu<\/span><span class=\"s2\">. Kokoonnumme<span>\u00a0<\/span><\/span><span class=\"s1\">lounaskokoukseen kaksi kertaa kuussa<\/span><span class=\"s2\"><span>\u00a0<\/span>tapaamaan toisiamme, kuulemaan kiinnostavia esitelmi\u00e4 ja edist\u00e4m\u00e4\u00e4n hyv\u00e4\u00e4 omalla paikkakunnallamme.<\/span><\/p>\n<p><span class=\"s2\"> Lis\u00e4ksi k\u00e4ymme kerran kuussa yritysvierailuilla paikallisissa yrityksiss\u00e4 kuulemassa eri toimialojen uusista tuulista. Tuemme my\u00f6s<span class=\"Apple-converted-space\">\u00a0<span>\u00a0<\/span><\/span>kansainv\u00e4lisen Rotaryj\u00e4rjest\u00f6n humanitaarisia projekteja ja edist\u00e4mme l\u00e4hiseudun hyvinvointia.<\/span><\/p>\n<p>Klubimme on perustettu 27.4.1950 ja klubissamme on 54 j\u00e4sent\u00e4 ja 3 kunniaj\u00e4sent\u00e4. Olemme osa <a href=\"https:\/\/rotary.fi\/d1410\/\">piiri\u00e4 1410<\/a>.<\/p>\n<p>Forssan kaksi rotaryklubia yhdistyiv\u00e4t 1.7.2024 ja silloin 1972 perustettu Sep\u00e4nhaan Rotaryklubi liittyi Forssan Rotaryklubiin.\u00a0<\/p>\n<p>\u00a0<span style=\"font-size: 16px;color: #263b4c;font-family: 'Open Sans', Helvetica, Arial, Lucida, sans-serif\">\u00a0<\/span><\/p>\n<h4>Vaikuttava kansainv\u00e4linen verkosto<\/h4>\n<p>&nbsp;<\/p>\n<p>Rotary on Chicagossa 23.2.1905 perustettu kansainv\u00e4linen palvelu- ja hyv\u00e4ntekev\u00e4isyysorganisaatio. Rotary Internationalin kotipaikka on Evanstonissa, USA:n osavaltiossa Illinoisissa.<\/p>\n<p>Tunnuslauseemme on Palvelu itsekkyyden edelle (Service Above Self).<\/p>\n<p>Rotaryyn kuuluu 1,4 miljoona j\u00e4sent\u00e4 35 000 klubissa yli 200 maassa. Rotary on merkitt\u00e4v\u00e4 kansainv\u00e4linen palvelu- ja hyv\u00e4ntekev\u00e4isyysj\u00e4rjest\u00f6. Suomi on jaettu viiteen rotarypiiriin, joista yhteen kuuluvat my\u00f6s Viron klubit.<\/p>\n<p>&nbsp;<\/p>\n<p>[\/et_pb_text][\/et_pb_column_inner][\/et_pb_row_inner][\/et_pb_column][et_pb_column type=&#8221;1_3&#8243; _builder_version=&#8221;4.16&#8243; custom_padding=&#8221;|||&#8221; global_colors_info=&#8221;{}&#8221; custom_padding__hover=&#8221;|||&#8221;][et_pb_sidebar area=&#8221;sidebar-1&#8243; module_class=&#8221;sivupalkki_sisalto&#8221; _builder_version=&#8221;4.16&#8243; locked=&#8221;on&#8221; global_colors_info=&#8221;{}&#8221;]<\/p>\n<p>[\/et_pb_sidebar][\/et_pb_column][\/et_pb_section]<\/p>\n","protected":false},"excerpt":{"rendered":"<p>Keit\u00e4 olemme Keit\u00e4 olemme Forssan Rotaryklubi\u00a0on aktiivinen\u00a0rotaryklubi, jonka toiminta-alueena on koko Forssan seutu. Kokoonnumme\u00a0lounaskokoukseen kaksi kertaa kuussa\u00a0tapaamaan toisiamme, kuulemaan kiinnostavia esitelmi\u00e4 ja edist\u00e4m\u00e4\u00e4n hyv\u00e4\u00e4 omalla paikkakunnallamme. Lis\u00e4ksi k\u00e4ymme kerran kuussa yritysvierailuilla paikallisissa yrityksiss\u00e4 kuulemassa eri toimialojen uusista tuulista. Tuemme my\u00f6s\u00a0\u00a0kansainv\u00e4lisen Rotaryj\u00e4rjest\u00f6n humanitaarisia projekteja ja edist\u00e4mme l\u00e4hiseudun hyvinvointia. Klubimme on perustettu 27.4.1950 ja klubissamme on 54 [&hellip;]<\/p>\n","protected":false},"author":1,"featured_media":0,"parent":0,"menu_order":0,"comment_status":"closed","ping_status":"closed","template":"","meta":{"_acf_changed":false,"_et_pb_use_builder":"on","_et_pb_old_content":"","_et_gb_content_width":"","footnotes":""},"class_list":["post-129","page","type-page","status-publish","hentry"],"acf":[],"yoast_head":"<!-- This site is optimized with the Yoast SEO plugin v27.4 - https:\/\/yoast.com\/product\/yoast-seo-wordpress\/ -->\n<title>Keit\u00e4 olemme - Forssan Rotaryklubi<\/title>\n<meta name=\"robots\" content=\"index, follow, max-snippet:-1, max-image-preview:large, max-video-preview:-1\" \/>\n<link rel=\"canonical\" href=\"https:\/\/rotary.fi\/forssanrotaryklubi\/keita-olemme\/\" \/>\n<meta property=\"og:locale\" content=\"fi_FI\" \/>\n<meta property=\"og:type\" content=\"article\" \/>\n<meta property=\"og:title\" content=\"Keit\u00e4 olemme - Forssan Rotaryklubi\" \/>\n<meta property=\"og:description\" content=\"Keit\u00e4 olemme Keit\u00e4 olemme Forssan Rotaryklubi\u00a0on aktiivinen\u00a0rotaryklubi, jonka toiminta-alueena on koko Forssan seutu. Kokoonnumme\u00a0lounaskokoukseen kaksi kertaa kuussa\u00a0tapaamaan toisiamme, kuulemaan kiinnostavia esitelmi\u00e4 ja edist\u00e4m\u00e4\u00e4n hyv\u00e4\u00e4 omalla paikkakunnallamme. Lis\u00e4ksi k\u00e4ymme kerran kuussa yritysvierailuilla paikallisissa yrityksiss\u00e4 kuulemassa eri toimialojen uusista tuulista. Tuemme my\u00f6s\u00a0\u00a0kansainv\u00e4lisen Rotaryj\u00e4rjest\u00f6n humanitaarisia projekteja ja edist\u00e4mme l\u00e4hiseudun hyvinvointia. Klubimme on perustettu 27.4.1950 ja klubissamme on 54 [&hellip;]\" \/>\n<meta property=\"og:url\" content=\"https:\/\/rotary.fi\/forssanrotaryklubi\/keita-olemme\/\" \/>\n<meta property=\"og:site_name\" content=\"Forssan Rotaryklubi\" \/>\n<meta property=\"article:publisher\" content=\"https:\/\/www.facebook.com\/forssarotary\" \/>\n<meta property=\"article:modified_time\" content=\"2025-08-20T18:13:08+00:00\" \/>\n<meta name=\"twitter:card\" content=\"summary_large_image\" \/>\n<meta name=\"twitter:label1\" content=\"Arvioitu lukuaika\" \/>\n\t<meta name=\"twitter:data1\" content=\"2 minuuttia\" \/>\n<script type=\"application\/ld+json\" class=\"yoast-schema-graph\">{\"@context\":\"https:\\\/\\\/schema.org\",\"@graph\":[{\"@type\":\"WebPage\",\"@id\":\"https:\\\/\\\/rotary.fi\\\/forssanrotaryklubi\\\/keita-olemme\\\/\",\"url\":\"https:\\\/\\\/rotary.fi\\\/forssanrotaryklubi\\\/keita-olemme\\\/\",\"name\":\"Keit\u00e4 olemme - Forssan Rotaryklubi\",\"isPartOf\":{\"@id\":\"https:\\\/\\\/rotary.fi\\\/forssanrotaryklubi\\\/#website\"},\"datePublished\":\"2018-08-10T10:41:39+00:00\",\"dateModified\":\"2025-08-20T18:13:08+00:00\",\"breadcrumb\":{\"@id\":\"https:\\\/\\\/rotary.fi\\\/forssanrotaryklubi\\\/keita-olemme\\\/#breadcrumb\"},\"inLanguage\":\"fi\",\"potentialAction\":[{\"@type\":\"ReadAction\",\"target\":[\"https:\\\/\\\/rotary.fi\\\/forssanrotaryklubi\\\/keita-olemme\\\/\"]}]},{\"@type\":\"BreadcrumbList\",\"@id\":\"https:\\\/\\\/rotary.fi\\\/forssanrotaryklubi\\\/keita-olemme\\\/#breadcrumb\",\"itemListElement\":[{\"@type\":\"ListItem\",\"position\":1,\"name\":\"Home\",\"item\":\"https:\\\/\\\/rotary.fi\\\/forssanrotaryklubi\\\/\"},{\"@type\":\"ListItem\",\"position\":2,\"name\":\"Keit\u00e4 olemme\"}]},{\"@type\":\"WebSite\",\"@id\":\"https:\\\/\\\/rotary.fi\\\/forssanrotaryklubi\\\/#website\",\"url\":\"https:\\\/\\\/rotary.fi\\\/forssanrotaryklubi\\\/\",\"name\":\"Forssan Rotaryklubi\",\"description\":\"Uusi Rotary klubisivusto\",\"publisher\":{\"@id\":\"https:\\\/\\\/rotary.fi\\\/forssanrotaryklubi\\\/#organization\"},\"potentialAction\":[{\"@type\":\"SearchAction\",\"target\":{\"@type\":\"EntryPoint\",\"urlTemplate\":\"https:\\\/\\\/rotary.fi\\\/forssanrotaryklubi\\\/?s={search_term_string}\"},\"query-input\":{\"@type\":\"PropertyValueSpecification\",\"valueRequired\":true,\"valueName\":\"search_term_string\"}}],\"inLanguage\":\"fi\"},{\"@type\":\"Organization\",\"@id\":\"https:\\\/\\\/rotary.fi\\\/forssanrotaryklubi\\\/#organization\",\"name\":\"Forssan Rotaryklubi\",\"url\":\"https:\\\/\\\/rotary.fi\\\/forssanrotaryklubi\\\/\",\"logo\":{\"@type\":\"ImageObject\",\"inLanguage\":\"fi\",\"@id\":\"https:\\\/\\\/rotary.fi\\\/forssanrotaryklubi\\\/#\\\/schema\\\/logo\\\/image\\\/\",\"url\":\"https:\\\/\\\/rotary.fi\\\/forssanrotaryklubi\\\/wp-content\\\/uploads\\\/sites\\\/258\\\/2018\\\/08\\\/rotary-logo-main-2.png\",\"contentUrl\":\"https:\\\/\\\/rotary.fi\\\/forssanrotaryklubi\\\/wp-content\\\/uploads\\\/sites\\\/258\\\/2018\\\/08\\\/rotary-logo-main-2.png\",\"width\":135,\"height\":52,\"caption\":\"Forssan Rotaryklubi\"},\"image\":{\"@id\":\"https:\\\/\\\/rotary.fi\\\/forssanrotaryklubi\\\/#\\\/schema\\\/logo\\\/image\\\/\"},\"sameAs\":[\"https:\\\/\\\/www.facebook.com\\\/forssarotary\"]}]}<\/script>\n<!-- \/ Yoast SEO plugin. -->","yoast_head_json":{"title":"Keit\u00e4 olemme - Forssan Rotaryklubi","robots":{"index":"index","follow":"follow","max-snippet":"max-snippet:-1","max-image-preview":"max-image-preview:large","max-video-preview":"max-video-preview:-1"},"canonical":"https:\/\/rotary.fi\/forssanrotaryklubi\/keita-olemme\/","og_locale":"fi_FI","og_type":"article","og_title":"Keit\u00e4 olemme - Forssan Rotaryklubi","og_description":"Keit\u00e4 olemme Keit\u00e4 olemme Forssan Rotaryklubi\u00a0on aktiivinen\u00a0rotaryklubi, jonka toiminta-alueena on koko Forssan seutu. Kokoonnumme\u00a0lounaskokoukseen kaksi kertaa kuussa\u00a0tapaamaan toisiamme, kuulemaan kiinnostavia esitelmi\u00e4 ja edist\u00e4m\u00e4\u00e4n hyv\u00e4\u00e4 omalla paikkakunnallamme. Lis\u00e4ksi k\u00e4ymme kerran kuussa yritysvierailuilla paikallisissa yrityksiss\u00e4 kuulemassa eri toimialojen uusista tuulista. Tuemme my\u00f6s\u00a0\u00a0kansainv\u00e4lisen Rotaryj\u00e4rjest\u00f6n humanitaarisia projekteja ja edist\u00e4mme l\u00e4hiseudun hyvinvointia. Klubimme on perustettu 27.4.1950 ja klubissamme on 54 [&hellip;]","og_url":"https:\/\/rotary.fi\/forssanrotaryklubi\/keita-olemme\/","og_site_name":"Forssan Rotaryklubi","article_publisher":"https:\/\/www.facebook.com\/forssarotary","article_modified_time":"2025-08-20T18:13:08+00:00","twitter_card":"summary_large_image","twitter_misc":{"Arvioitu lukuaika":"2 minuuttia"},"schema":{"@context":"https:\/\/schema.org","@graph":[{"@type":"WebPage","@id":"https:\/\/rotary.fi\/forssanrotaryklubi\/keita-olemme\/","url":"https:\/\/rotary.fi\/forssanrotaryklubi\/keita-olemme\/","name":"Keit\u00e4 olemme - Forssan Rotaryklubi","isPartOf":{"@id":"https:\/\/rotary.fi\/forssanrotaryklubi\/#website"},"datePublished":"2018-08-10T10:41:39+00:00","dateModified":"2025-08-20T18:13:08+00:00","breadcrumb":{"@id":"https:\/\/rotary.fi\/forssanrotaryklubi\/keita-olemme\/#breadcrumb"},"inLanguage":"fi","potentialAction":[{"@type":"ReadAction","target":["https:\/\/rotary.fi\/forssanrotaryklubi\/keita-olemme\/"]}]},{"@type":"BreadcrumbList","@id":"https:\/\/rotary.fi\/forssanrotaryklubi\/keita-olemme\/#breadcrumb","itemListElement":[{"@type":"ListItem","position":1,"name":"Home","item":"https:\/\/rotary.fi\/forssanrotaryklubi\/"},{"@type":"ListItem","position":2,"name":"Keit\u00e4 olemme"}]},{"@type":"WebSite","@id":"https:\/\/rotary.fi\/forssanrotaryklubi\/#website","url":"https:\/\/rotary.fi\/forssanrotaryklubi\/","name":"Forssan Rotaryklubi","description":"Uusi Rotary klubisivusto","publisher":{"@id":"https:\/\/rotary.fi\/forssanrotaryklubi\/#organization"},"potentialAction":[{"@type":"SearchAction","target":{"@type":"EntryPoint","urlTemplate":"https:\/\/rotary.fi\/forssanrotaryklubi\/?s={search_term_string}"},"query-input":{"@type":"PropertyValueSpecification","valueRequired":true,"valueName":"search_term_string"}}],"inLanguage":"fi"},{"@type":"Organization","@id":"https:\/\/rotary.fi\/forssanrotaryklubi\/#organization","name":"Forssan Rotaryklubi","url":"https:\/\/rotary.fi\/forssanrotaryklubi\/","logo":{"@type":"ImageObject","inLanguage":"fi","@id":"https:\/\/rotary.fi\/forssanrotaryklubi\/#\/schema\/logo\/image\/","url":"https:\/\/rotary.fi\/forssanrotaryklubi\/wp-content\/uploads\/sites\/258\/2018\/08\/rotary-logo-main-2.png","contentUrl":"https:\/\/rotary.fi\/forssanrotaryklubi\/wp-content\/uploads\/sites\/258\/2018\/08\/rotary-logo-main-2.png","width":135,"height":52,"caption":"Forssan Rotaryklubi"},"image":{"@id":"https:\/\/rotary.fi\/forssanrotaryklubi\/#\/schema\/logo\/image\/"},"sameAs":["https:\/\/www.facebook.com\/forssarotary"]}]}},"lang":"fi","translations":{"fi":129},"pll_sync_post":[],"_links":{"self":[{"href":"https:\/\/rotary.fi\/forssanrotaryklubi\/wp-json\/wp\/v2\/pages\/129","targetHints":{"allow":["GET"]}}],"collection":[{"href":"https:\/\/rotary.fi\/forssanrotaryklubi\/wp-json\/wp\/v2\/pages"}],"about":[{"href":"https:\/\/rotary.fi\/forssanrotaryklubi\/wp-json\/wp\/v2\/types\/page"}],"author":[{"embeddable":true,"href":"https:\/\/rotary.fi\/forssanrotaryklubi\/wp-json\/wp\/v2\/users\/1"}],"replies":[{"embeddable":true,"href":"https:\/\/rotary.fi\/forssanrotaryklubi\/wp-json\/wp\/v2\/comments?post=129"}],"version-history":[{"count":10,"href":"https:\/\/rotary.fi\/forssanrotaryklubi\/wp-json\/wp\/v2\/pages\/129\/revisions"}],"predecessor-version":[{"id":1674,"href":"https:\/\/rotary.fi\/forssanrotaryklubi\/wp-json\/wp\/v2\/pages\/129\/revisions\/1674"}],"wp:attachment":[{"href":"https:\/\/rotary.fi\/forssanrotaryklubi\/wp-json\/wp\/v2\/media?parent=129"}],"curies":[{"name":"wp","href":"https:\/\/api.w.org\/{rel}","templated":true}]}}