{"id":138,"date":"2018-08-10T14:01:44","date_gmt":"2018-08-10T11:01:44","guid":{"rendered":"https:\/\/rotary.fi\/klubi2\/?page_id=138"},"modified":"2024-09-01T22:52:40","modified_gmt":"2024-09-01T19:52:40","slug":"vuositeema","status":"publish","type":"page","link":"https:\/\/rotary.fi\/eurajoenrotaryklubi\/keita-olemme\/vuositeema\/","title":{"rendered":"Vuositeema"},"content":{"rendered":"<p>[et_pb_section fb_built=&#8221;1&#8243; module_class=&#8221;jumbotron-page&#8221; _builder_version=&#8221;4.16&#8243; background_image=&#8221;https:\/\/rotary.fi\/eurajoenrotaryklubi\/wp-content\/uploads\/sites\/35\/2018\/12\/dsc_4934-16.jpg&#8221; global_colors_info=&#8221;{}&#8221;][et_pb_row _builder_version=&#8221;4.16&#8243; background_size=&#8221;initial&#8221; background_position=&#8221;top_left&#8221; background_repeat=&#8221;repeat&#8221; global_colors_info=&#8221;{}&#8221;][et_pb_column type=&#8221;4_4&#8243; _builder_version=&#8221;4.16&#8243; custom_padding=&#8221;|||&#8221; global_colors_info=&#8221;{}&#8221; custom_padding__hover=&#8221;|||&#8221;][et_pb_text admin_label=&#8221;P\u00e4\u00e4otsikko&#8221; _builder_version=&#8221;4.16&#8243; text_orientation=&#8221;center&#8221; background_layout=&#8221;dark&#8221; global_colors_info=&#8221;{}&#8221;]<\/p>\n<h1>Vuositeema<\/h1>\n<p>&nbsp;<\/p>\n<p>[\/et_pb_text][\/et_pb_column][\/et_pb_row][\/et_pb_section][et_pb_section fb_built=&#8221;1&#8243; specialty=&#8221;on&#8221; module_class_2=&#8221;sivupalkki&#8221; _builder_version=&#8221;4.16&#8243; global_colors_info=&#8221;{}&#8221;][et_pb_column type=&#8221;2_3&#8243; specialty_columns=&#8221;2&#8243; _builder_version=&#8221;4.16&#8243; custom_padding=&#8221;|||&#8221; global_colors_info=&#8221;{}&#8221; custom_padding__hover=&#8221;|||&#8221;][et_pb_row_inner column_structure=&#8221;1_3,1_3,1_3&#8243; admin_label=&#8221;Rivi&#8221; _builder_version=&#8221;4.16&#8243; collapsed=&#8221;off&#8221; global_colors_info=&#8221;{}&#8221;][et_pb_column_inner type=&#8221;1_3&#8243; saved_specialty_column_type=&#8221;2_3&#8243; _builder_version=&#8221;4.16&#8243; custom_padding=&#8221;|||&#8221; custom_css_main_element=&#8221;width:24%!important;&#8221; global_colors_info=&#8221;{}&#8221; custom_padding__hover=&#8221;|||&#8221;][\/et_pb_column_inner][et_pb_column_inner type=&#8221;1_3&#8243; saved_specialty_column_type=&#8221;2_3&#8243; _builder_version=&#8221;4.16&#8243; custom_padding=&#8221;|||&#8221; custom_css_main_element=&#8221;width:24%!important;&#8221; global_colors_info=&#8221;{}&#8221; custom_padding__hover=&#8221;|||&#8221;][\/et_pb_column_inner][et_pb_column_inner type=&#8221;1_3&#8243; saved_specialty_column_type=&#8221;2_3&#8243; _builder_version=&#8221;4.16&#8243; custom_padding=&#8221;|||&#8221; custom_css_main_element=&#8221;width:24%!important;&#8221; global_colors_info=&#8221;{}&#8221; custom_padding__hover=&#8221;|||&#8221;][\/et_pb_column_inner][\/et_pb_row_inner][et_pb_row_inner admin_label=&#8221;Rivi&#8221; _builder_version=&#8221;4.16&#8243; global_colors_info=&#8221;{}&#8221;][et_pb_column_inner saved_specialty_column_type=&#8221;2_3&#8243; _builder_version=&#8221;4.16&#8243; custom_padding=&#8221;|||&#8221; global_colors_info=&#8221;{}&#8221; custom_padding__hover=&#8221;|||&#8221;][et_pb_text admin_label=&#8221;Rotary Internationalin vuositeema &#8211; Otsikko&#8221; _builder_version=&#8221;4.16&#8243; text_orientation=&#8221;center&#8221; global_colors_info=&#8221;{}&#8221;]<\/p>\n<h1>Rotary Internationalin\u00a0<\/h1>\n<p>[\/et_pb_text][et_pb_image src=&#8221;https:\/\/rotary.fi\/eurajoenrotaryklubi\/wp-content\/uploads\/sites\/35\/2024\/09\/t2425en-logo-rgb.png&#8221; title_text=&#8221;T2425EN-Logo-RGB&#8221; admin_label=&#8221;Kuva&#8221; _builder_version=&#8221;4.27.0&#8243; _module_preset=&#8221;default&#8221; hover_enabled=&#8221;0&#8243; global_colors_info=&#8221;{}&#8221; sticky_enabled=&#8221;0&#8243;][\/et_pb_image][et_pb_divider _builder_version=&#8221;4.16&#8243; _module_preset=&#8221;default&#8221; global_colors_info=&#8221;{}&#8221;][\/et_pb_divider][et_pb_text _builder_version=&#8221;4.27.0&#8243; z_index_tablet=&#8221;500&#8243; text_text_shadow_horizontal_length_tablet=&#8221;0px&#8221; text_text_shadow_vertical_length_tablet=&#8221;0px&#8221; text_text_shadow_blur_strength_tablet=&#8221;1px&#8221; link_text_shadow_horizontal_length_tablet=&#8221;0px&#8221; link_text_shadow_vertical_length_tablet=&#8221;0px&#8221; link_text_shadow_blur_strength_tablet=&#8221;1px&#8221; ul_text_shadow_horizontal_length_tablet=&#8221;0px&#8221; ul_text_shadow_vertical_length_tablet=&#8221;0px&#8221; ul_text_shadow_blur_strength_tablet=&#8221;1px&#8221; ol_text_shadow_horizontal_length_tablet=&#8221;0px&#8221; ol_text_shadow_vertical_length_tablet=&#8221;0px&#8221; ol_text_shadow_blur_strength_tablet=&#8221;1px&#8221; quote_text_shadow_horizontal_length_tablet=&#8221;0px&#8221; quote_text_shadow_vertical_length_tablet=&#8221;0px&#8221; quote_text_shadow_blur_strength_tablet=&#8221;1px&#8221; header_text_shadow_horizontal_length_tablet=&#8221;0px&#8221; header_text_shadow_vertical_length_tablet=&#8221;0px&#8221; header_text_shadow_blur_strength_tablet=&#8221;1px&#8221; header_2_text_shadow_horizontal_length_tablet=&#8221;0px&#8221; header_2_text_shadow_vertical_length_tablet=&#8221;0px&#8221; header_2_text_shadow_blur_strength_tablet=&#8221;1px&#8221; header_3_text_shadow_horizontal_length_tablet=&#8221;0px&#8221; header_3_text_shadow_vertical_length_tablet=&#8221;0px&#8221; header_3_text_shadow_blur_strength_tablet=&#8221;1px&#8221; header_4_text_shadow_horizontal_length_tablet=&#8221;0px&#8221; header_4_text_shadow_vertical_length_tablet=&#8221;0px&#8221; header_4_text_shadow_blur_strength_tablet=&#8221;1px&#8221; header_5_text_shadow_horizontal_length_tablet=&#8221;0px&#8221; header_5_text_shadow_vertical_length_tablet=&#8221;0px&#8221; header_5_text_shadow_blur_strength_tablet=&#8221;1px&#8221; header_6_text_shadow_horizontal_length_tablet=&#8221;0px&#8221; header_6_text_shadow_vertical_length_tablet=&#8221;0px&#8221; header_6_text_shadow_blur_strength_tablet=&#8221;1px&#8221; box_shadow_horizontal_tablet=&#8221;0px&#8221; box_shadow_vertical_tablet=&#8221;0px&#8221; box_shadow_blur_tablet=&#8221;40px&#8221; box_shadow_spread_tablet=&#8221;0px&#8221; global_colors_info=&#8221;{}&#8221;]<\/p>\n<h1>RI:n presidentti Stephanie A. Urchick vuositeema 2024-2025<\/h1>\n<p><strong>\u201cTHE MAGIC OF ROTARY\u201d ~ \u201cTOTEUTETAAN ROTARYN TAIKUUS YHDESS\u00c4\u201d<\/strong><\/p>\n<p>Rotary Internationalin keulahahmo on vuosittain vaihtuva presidentti ja h\u00e4n valitsee omalle toimintavuodelleen 1.7.-30.6. sopivaksi katsomansa teeman.<br \/>Rotaryvuonna 2024-2025 RI:n presidenttin\u00e4 toimii\u00a0<strong>Stephanie A. Urchick<\/strong>\u00a0Mc Murrayn Rotaryklubista Pensylvaniasta USA:sta.\u00a0 H\u00e4n on toinen naispresidentti kanadalaisen\u00a0\u00a0<strong>Jennifer Jonesin<\/strong>\u00a0(2022-23) j\u00e4lkeen.<\/p>\n<p><strong>ROTARYN VISIO<\/strong><br \/>TOGETHER, we see a world where PEOPLE unite and take action to CREATE lasting CHANGE &#8211; across the Globe, in our communities, and in ourselves.<br \/>YHDESS\u00c4 n\u00e4emme maailman, jossa IHMISET kokoontuvat, ryhtyv\u00e4t toimiin ja LUOVAT kest\u00e4v\u00e4n MUUTOKSEN \u2013 kaikkialla maailmassa, yhteis\u00f6iss\u00e4mme ja itsess\u00e4mme.<\/p>\n<p>T\u00e4m\u00e4n vision saavuttamiseksi on m\u00e4\u00e4ritelty nelj\u00e4 prioriteettia, jotka ohjaavat Rotaryn toimintaa:<br \/>\u2022 Increase our impact \u2248 lis\u00e4\u00e4 vaikutustamme<br \/>\u2022 Expand our reach \u2248 laajenna ulottuvuuttamme<br \/>\u2022 Enhance participant engagement \u2248 paranna osallistujien sitoutumista<br \/>\u2022 Increase our ability to adapt \u2248 lis\u00e4\u00e4 sopeutumiskyky\u00e4mme<\/p>\n<p>[\/et_pb_text][et_pb_divider _builder_version=&#8221;4.16&#8243; _module_preset=&#8221;default&#8221; global_colors_info=&#8221;{}&#8221;][\/et_pb_divider][et_pb_text _builder_version=&#8221;4.17.4&#8243; _module_preset=&#8221;default&#8221; global_colors_info=&#8221;{}&#8221;][\/et_pb_text][et_pb_divider _builder_version=&#8221;4.16&#8243; _module_preset=&#8221;default&#8221; global_colors_info=&#8221;{}&#8221;][\/et_pb_divider][\/et_pb_column_inner][\/et_pb_row_inner][et_pb_row_inner admin_label=&#8221;Rivi&#8221; _builder_version=&#8221;4.16&#8243; global_colors_info=&#8221;{}&#8221;][et_pb_column_inner saved_specialty_column_type=&#8221;2_3&#8243; _builder_version=&#8221;4.16&#8243; custom_padding=&#8221;|||&#8221; global_colors_info=&#8221;{}&#8221; custom_padding__hover=&#8221;|||&#8221;][et_pb_image src=&#8221;https:\/\/rotary.fi\/eurajoenrotaryklubi\/wp-content\/uploads\/sites\/35\/2022\/01\/vaihtokok2021.jpg&#8221; title_text=&#8221;vaihtokok2021&#8243; _builder_version=&#8221;4.16&#8243; _module_preset=&#8221;default&#8221; global_colors_info=&#8221;{}&#8221;][\/et_pb_image][et_pb_text _builder_version=&#8221;4.16&#8243; _module_preset=&#8221;default&#8221; global_colors_info=&#8221;{}&#8221;]<\/p>\n<p>Eurajoen Rotaryklubin k\u00e4\u00e4tyjen vaihto 10.7. Villa Lokarilla. President Erja Lindholm p\u00e4\u00e4tti kautensa 2020-2021 ja Jouni Laaksonen aloitti presidenttin\u00e4 2021-2022. Iltaa vietettiin hyv\u00e4n ruuan ja tapaamisen merkeiss\u00e4 pitk\u00e4st\u00e4 aikaa.<\/p>\n<p>[\/et_pb_text][\/et_pb_column_inner][\/et_pb_row_inner][et_pb_row_inner admin_label=&#8221;Rivi&#8221; _builder_version=&#8221;4.16&#8243; global_colors_info=&#8221;{}&#8221;][et_pb_column_inner saved_specialty_column_type=&#8221;2_3&#8243; _builder_version=&#8221;4.16&#8243; custom_padding=&#8221;|||&#8221; global_colors_info=&#8221;{}&#8221; custom_padding__hover=&#8221;|||&#8221;][et_pb_divider _builder_version=&#8221;4.16&#8243; _module_preset=&#8221;default&#8221; global_colors_info=&#8221;{}&#8221;][\/et_pb_divider][et_pb_text admin_label=&#8221;Klubin vuositeema &#8211; Otsikko&#8221; _builder_version=&#8221;4.16&#8243; text_orientation=&#8221;center&#8221; global_colors_info=&#8221;{}&#8221;]<\/p>\n<h1>Eurajoen Rotaryklubin vuositeema<\/h1>\n<p>[\/et_pb_text][et_pb_image src=&#8221;https:\/\/rotary.fi\/eurajoenrotaryklubi\/wp-content\/uploads\/sites\/35\/2018\/12\/20170630_202950.jpg&#8221; align_tablet=&#8221;center&#8221; align_phone=&#8221;&#8221; align_last_edited=&#8221;on|desktop&#8221; _builder_version=&#8221;4.16&#8243; global_colors_info=&#8221;{}&#8221;]<br \/>\n[\/et_pb_image][et_pb_text _builder_version=&#8221;4.16&#8243; global_colors_info=&#8221;{}&#8221;]<\/p>\n<p class=\"p1\"><span class=\"s1\">Kuvassa Arto Kankaanp\u00e4\u00e4, Timo Laine ja Jarmo Sallilla. <\/p>\n<p>Oma klubimme keskittyy j\u00e4senten aktivoimiseen<\/span>\u00a0kokouksiin ja etsimme jatkuvasti uusia ideoita vierailukohteista ja tapahtumia, jotka aktivoisivat j\u00e4seni\u00e4 osallistumaan. Strateginen tavoitteemme pitk\u00e4ll\u00e4 aikav\u00e4lill\u00e4 on nuoret rotarit. Haluamme n\u00e4ky\u00e4 ja vaikuttaa oman alueemme yhteis\u00f6ss\u00e4.<\/p>\n<p>[\/et_pb_text][et_pb_text _builder_version=&#8221;4.16&#8243; global_colors_info=&#8221;{}&#8221;]<\/p>\n<div class=\"et_pb_module et_pb_text et_pb_text_3 et_pb_bg_layout_light et_pb_text_align_center\">\n<div class=\"et_pb_module et_pb_text et_pb_text_5 et_pb_bg_layout_light et_pb_text_align_left\">\n<div class=\"et_pb_text_inner\">\n<h1 style=\"text-align: center\">Rotaryn k\u00e4rkiteemat<\/h1>\n<\/div>\n<\/div>\n<div class=\"et_pb_module et_pb_text et_pb_text_6 et_pb_bg_layout_light et_pb_text_align_left\">\n<div class=\"et_pb_text_inner\">\n<p><em>Rotary tekee m\u00e4\u00e4r\u00e4tietoista ty\u00f6t\u00e4, jotta maailmasta tulisi parempi paikka el\u00e4\u00e4. Kehit\u00e4mme kansainv\u00e4lisi\u00e4 suhteita ja rakennamme rauhaa, parannamme monin tavoin ihmisten el\u00e4m\u00e4\u00e4 ja torjumme sairauksia.<\/em><\/p>\n<\/div>\n<\/div>\n<\/div>\n<p>[\/et_pb_text][et_pb_text _builder_version=&#8221;4.16&#8243; global_colors_info=&#8221;{}&#8221;]<\/p>\n<p>Rakennamme rauhaa<\/p>\n<p>Rotary haluaa edist\u00e4\u00e4 kulttuurien v\u00e4list\u00e4 keskustelua ja ymm\u00e4rryst\u00e4. Koulutamme p\u00e4\u00e4tt\u00e4ji\u00e4 est\u00e4m\u00e4\u00e4n konflikteja ja sovittelemaan niit\u00e4 sek\u00e4 auttamaan pakolaisia, jotka ovat joutuneet l\u00e4htem\u00e4\u00e4n vaarallisiksi muuttuneilta kotiseuduiltaan.<\/p>\n<p>Torjumme sairauksia<\/p>\n<p>Rotary kouluttaa ja auttaa yhteis\u00f6j\u00e4 eri puolilla maailmaa pys\u00e4ytt\u00e4m\u00e4\u00e4n el\u00e4m\u00e4\u00e4 uhkaavia sairauksia kuten polio, HIV\/Aids ja malaria. Parannamme ihmisten mahdollisuuksia saada edullista tai maksutonta terveydenhoitoa.<\/p>\n<p>Huolehdimme puhtaasta vedest\u00e4, sanitaatiosta ja hygieniasta<\/p>\n<p>Rotary tukee hankkeita, joiden avulla yh\u00e4 useammat ihmiset saavat joka p\u00e4iv\u00e4 puhdasta vett\u00e4, paremman sanitaation ja hygienian. Pyrimme kest\u00e4v\u00e4\u00e4n kehitykseen ja koulutamme paikallisia, jotta hankkeemme toisivat pitk\u00e4kestoisen avun.<\/p>\n<p>Pelastamme \u00e4itej\u00e4 ja lapsia<\/p>\n<p>L\u00e4hes 6 miljoonaa alle 5-vuotiasta lasta kuolee vuosittain aliravitsemuksen, huonon terveydenhoidon ja riitt\u00e4m\u00e4tt\u00f6m\u00e4n sanitaation vuoksi. Pyrimme parantamaan ihmisten mahdollisuuksia parempaan terveydenhoitoon, jotta \u00e4idit ja lapset voisivat el\u00e4\u00e4 hyv\u00e4\u00e4 el\u00e4m\u00e4\u00e4 ja kasvaa normaalisti.<\/p>\n<p>Tuemme koulutusta<\/p>\n<p>Maailmassa on yli 775 miljoona yli 15-vuotiasta lukutaidotonta. Tavoitteemme on auttaa yhteis\u00f6j\u00e4 huolehtimaan lasten peruskoulutuksesta, v\u00e4hent\u00e4\u00e4 sukupuolten v\u00e4list\u00e4 eriarvoisuutta koulutuksessa ja parantaa aikuisten lukutaitoa.<\/p>\n<p>Kasvatamme paikallistalouksia<\/p>\n<p>Rotary toteuttaa hankkeita, jotka kehitt\u00e4v\u00e4t paikallistalouksia ja -yhteis\u00f6j\u00e4 turvaamaan kunnollisen ja tuottavan ty\u00f6n kaikenik\u00e4isille. Vahvistamme k\u00f6yhtyneiss\u00e4 yhteis\u00f6iss\u00e4 my\u00f6s paikallisia yritt\u00e4ji\u00e4, etenkin naisia.<\/p>\n<p>[\/et_pb_text][\/et_pb_column_inner][\/et_pb_row_inner][\/et_pb_column][et_pb_column type=&#8221;1_3&#8243; _builder_version=&#8221;4.16&#8243; custom_padding=&#8221;|||&#8221; global_colors_info=&#8221;{}&#8221; custom_padding__hover=&#8221;|||&#8221;][et_pb_sidebar area=&#8221;sidebar-1&#8243; module_class=&#8221;sivupalkki_sisalto&#8221; _builder_version=&#8221;4.16&#8243; locked=&#8221;on&#8221; global_colors_info=&#8221;{}&#8221;]<br \/>\n[\/et_pb_sidebar][\/et_pb_column][\/et_pb_section]<\/p>\n","protected":false},"excerpt":{"rendered":"<p>Vuositeema &nbsp; Rotary Internationalin\u00a0RI:n presidentti Stephanie A. Urchick vuositeema 2024-2025 \u201cTHE MAGIC OF ROTARY\u201d ~ \u201cTOTEUTETAAN ROTARYN TAIKUUS YHDESS\u00c4\u201d Rotary Internationalin keulahahmo on vuosittain vaihtuva presidentti ja h\u00e4n valitsee omalle toimintavuodelleen 1.7.-30.6. sopivaksi katsomansa teeman.Rotaryvuonna 2024-2025 RI:n presidenttin\u00e4 toimii\u00a0Stephanie A. Urchick\u00a0Mc Murrayn Rotaryklubista Pensylvaniasta USA:sta.\u00a0 H\u00e4n on toinen naispresidentti kanadalaisen\u00a0\u00a0Jennifer Jonesin\u00a0(2022-23) j\u00e4lkeen. ROTARYN VISIOTOGETHER, we [&hellip;]<\/p>\n","protected":false},"author":1,"featured_media":0,"parent":129,"menu_order":0,"comment_status":"closed","ping_status":"closed","template":"","meta":{"_acf_changed":false,"_et_pb_use_builder":"on","_et_pb_old_content":"","_et_gb_content_width":"","footnotes":""},"class_list":["post-138","page","type-page","status-publish","hentry"],"acf":[],"yoast_head":"<!-- This site is optimized with the Yoast SEO plugin v27.0 - https:\/\/yoast.com\/product\/yoast-seo-wordpress\/ -->\n<title>Vuositeema - Eurajoen Rotaryklubi<\/title>\n<meta name=\"robots\" content=\"index, follow, max-snippet:-1, max-image-preview:large, max-video-preview:-1\" \/>\n<link rel=\"canonical\" href=\"https:\/\/rotary.fi\/eurajoenrotaryklubi\/keita-olemme\/vuositeema\/\" \/>\n<meta property=\"og:locale\" content=\"fi_FI\" \/>\n<meta property=\"og:type\" content=\"article\" \/>\n<meta property=\"og:title\" content=\"Vuositeema - Eurajoen Rotaryklubi\" \/>\n<meta property=\"og:description\" content=\"Vuositeema &nbsp; Rotary Internationalin\u00a0RI:n presidentti Stephanie A. Urchick vuositeema 2024-2025 \u201cTHE MAGIC OF ROTARY\u201d ~ \u201cTOTEUTETAAN ROTARYN TAIKUUS YHDESS\u00c4\u201d Rotary Internationalin keulahahmo on vuosittain vaihtuva presidentti ja h\u00e4n valitsee omalle toimintavuodelleen 1.7.-30.6. sopivaksi katsomansa teeman.Rotaryvuonna 2024-2025 RI:n presidenttin\u00e4 toimii\u00a0Stephanie A. Urchick\u00a0Mc Murrayn Rotaryklubista Pensylvaniasta USA:sta.\u00a0 H\u00e4n on toinen naispresidentti kanadalaisen\u00a0\u00a0Jennifer Jonesin\u00a0(2022-23) j\u00e4lkeen. ROTARYN VISIOTOGETHER, we [&hellip;]\" \/>\n<meta property=\"og:url\" content=\"https:\/\/rotary.fi\/eurajoenrotaryklubi\/keita-olemme\/vuositeema\/\" \/>\n<meta property=\"og:site_name\" content=\"Eurajoen Rotaryklubi\" \/>\n<meta property=\"article:modified_time\" content=\"2024-09-01T19:52:40+00:00\" \/>\n<meta name=\"twitter:card\" content=\"summary_large_image\" \/>\n<meta name=\"twitter:label1\" content=\"Arvioitu lukuaika\" \/>\n\t<meta name=\"twitter:data1\" content=\"4 minuuttia\" \/>\n<script type=\"application\/ld+json\" class=\"yoast-schema-graph\">{\"@context\":\"https:\/\/schema.org\",\"@graph\":[{\"@type\":\"WebPage\",\"@id\":\"https:\/\/rotary.fi\/eurajoenrotaryklubi\/keita-olemme\/vuositeema\/\",\"url\":\"https:\/\/rotary.fi\/eurajoenrotaryklubi\/keita-olemme\/vuositeema\/\",\"name\":\"Vuositeema - Eurajoen Rotaryklubi\",\"isPartOf\":{\"@id\":\"https:\/\/rotary.fi\/eurajoenrotaryklubi\/#website\"},\"datePublished\":\"2018-08-10T11:01:44+00:00\",\"dateModified\":\"2024-09-01T19:52:40+00:00\",\"breadcrumb\":{\"@id\":\"https:\/\/rotary.fi\/eurajoenrotaryklubi\/keita-olemme\/vuositeema\/#breadcrumb\"},\"inLanguage\":\"fi\",\"potentialAction\":[{\"@type\":\"ReadAction\",\"target\":[\"https:\/\/rotary.fi\/eurajoenrotaryklubi\/keita-olemme\/vuositeema\/\"]}]},{\"@type\":\"BreadcrumbList\",\"@id\":\"https:\/\/rotary.fi\/eurajoenrotaryklubi\/keita-olemme\/vuositeema\/#breadcrumb\",\"itemListElement\":[{\"@type\":\"ListItem\",\"position\":1,\"name\":\"Home\",\"item\":\"https:\/\/rotary.fi\/eurajoenrotaryklubi\/\"},{\"@type\":\"ListItem\",\"position\":2,\"name\":\"Keit\u00e4 olemme\",\"item\":\"https:\/\/rotary.fi\/eurajoenrotaryklubi\/keita-olemme\/\"},{\"@type\":\"ListItem\",\"position\":3,\"name\":\"Vuositeema\"}]},{\"@type\":\"WebSite\",\"@id\":\"https:\/\/rotary.fi\/eurajoenrotaryklubi\/#website\",\"url\":\"https:\/\/rotary.fi\/eurajoenrotaryklubi\/\",\"name\":\"Eurajoen Rotaryklubi\",\"description\":\"Uusi Rotary klubisivusto\",\"potentialAction\":[{\"@type\":\"SearchAction\",\"target\":{\"@type\":\"EntryPoint\",\"urlTemplate\":\"https:\/\/rotary.fi\/eurajoenrotaryklubi\/?s={search_term_string}\"},\"query-input\":{\"@type\":\"PropertyValueSpecification\",\"valueRequired\":true,\"valueName\":\"search_term_string\"}}],\"inLanguage\":\"fi\"}]}<\/script>\n<!-- \/ Yoast SEO plugin. -->","yoast_head_json":{"title":"Vuositeema - Eurajoen Rotaryklubi","robots":{"index":"index","follow":"follow","max-snippet":"max-snippet:-1","max-image-preview":"max-image-preview:large","max-video-preview":"max-video-preview:-1"},"canonical":"https:\/\/rotary.fi\/eurajoenrotaryklubi\/keita-olemme\/vuositeema\/","og_locale":"fi_FI","og_type":"article","og_title":"Vuositeema - Eurajoen Rotaryklubi","og_description":"Vuositeema &nbsp; Rotary Internationalin\u00a0RI:n presidentti Stephanie A. Urchick vuositeema 2024-2025 \u201cTHE MAGIC OF ROTARY\u201d ~ \u201cTOTEUTETAAN ROTARYN TAIKUUS YHDESS\u00c4\u201d Rotary Internationalin keulahahmo on vuosittain vaihtuva presidentti ja h\u00e4n valitsee omalle toimintavuodelleen 1.7.-30.6. sopivaksi katsomansa teeman.Rotaryvuonna 2024-2025 RI:n presidenttin\u00e4 toimii\u00a0Stephanie A. Urchick\u00a0Mc Murrayn Rotaryklubista Pensylvaniasta USA:sta.\u00a0 H\u00e4n on toinen naispresidentti kanadalaisen\u00a0\u00a0Jennifer Jonesin\u00a0(2022-23) j\u00e4lkeen. ROTARYN VISIOTOGETHER, we [&hellip;]","og_url":"https:\/\/rotary.fi\/eurajoenrotaryklubi\/keita-olemme\/vuositeema\/","og_site_name":"Eurajoen Rotaryklubi","article_modified_time":"2024-09-01T19:52:40+00:00","twitter_card":"summary_large_image","twitter_misc":{"Arvioitu lukuaika":"4 minuuttia"},"schema":{"@context":"https:\/\/schema.org","@graph":[{"@type":"WebPage","@id":"https:\/\/rotary.fi\/eurajoenrotaryklubi\/keita-olemme\/vuositeema\/","url":"https:\/\/rotary.fi\/eurajoenrotaryklubi\/keita-olemme\/vuositeema\/","name":"Vuositeema - Eurajoen Rotaryklubi","isPartOf":{"@id":"https:\/\/rotary.fi\/eurajoenrotaryklubi\/#website"},"datePublished":"2018-08-10T11:01:44+00:00","dateModified":"2024-09-01T19:52:40+00:00","breadcrumb":{"@id":"https:\/\/rotary.fi\/eurajoenrotaryklubi\/keita-olemme\/vuositeema\/#breadcrumb"},"inLanguage":"fi","potentialAction":[{"@type":"ReadAction","target":["https:\/\/rotary.fi\/eurajoenrotaryklubi\/keita-olemme\/vuositeema\/"]}]},{"@type":"BreadcrumbList","@id":"https:\/\/rotary.fi\/eurajoenrotaryklubi\/keita-olemme\/vuositeema\/#breadcrumb","itemListElement":[{"@type":"ListItem","position":1,"name":"Home","item":"https:\/\/rotary.fi\/eurajoenrotaryklubi\/"},{"@type":"ListItem","position":2,"name":"Keit\u00e4 olemme","item":"https:\/\/rotary.fi\/eurajoenrotaryklubi\/keita-olemme\/"},{"@type":"ListItem","position":3,"name":"Vuositeema"}]},{"@type":"WebSite","@id":"https:\/\/rotary.fi\/eurajoenrotaryklubi\/#website","url":"https:\/\/rotary.fi\/eurajoenrotaryklubi\/","name":"Eurajoen Rotaryklubi","description":"Uusi Rotary klubisivusto","potentialAction":[{"@type":"SearchAction","target":{"@type":"EntryPoint","urlTemplate":"https:\/\/rotary.fi\/eurajoenrotaryklubi\/?s={search_term_string}"},"query-input":{"@type":"PropertyValueSpecification","valueRequired":true,"valueName":"search_term_string"}}],"inLanguage":"fi"}]}},"lang":"fi","translations":{"fi":138},"pll_sync_post":[],"_links":{"self":[{"href":"https:\/\/rotary.fi\/eurajoenrotaryklubi\/wp-json\/wp\/v2\/pages\/138","targetHints":{"allow":["GET"]}}],"collection":[{"href":"https:\/\/rotary.fi\/eurajoenrotaryklubi\/wp-json\/wp\/v2\/pages"}],"about":[{"href":"https:\/\/rotary.fi\/eurajoenrotaryklubi\/wp-json\/wp\/v2\/types\/page"}],"author":[{"embeddable":true,"href":"https:\/\/rotary.fi\/eurajoenrotaryklubi\/wp-json\/wp\/v2\/users\/1"}],"replies":[{"embeddable":true,"href":"https:\/\/rotary.fi\/eurajoenrotaryklubi\/wp-json\/wp\/v2\/comments?post=138"}],"version-history":[{"count":10,"href":"https:\/\/rotary.fi\/eurajoenrotaryklubi\/wp-json\/wp\/v2\/pages\/138\/revisions"}],"predecessor-version":[{"id":2616,"href":"https:\/\/rotary.fi\/eurajoenrotaryklubi\/wp-json\/wp\/v2\/pages\/138\/revisions\/2616"}],"up":[{"embeddable":true,"href":"https:\/\/rotary.fi\/eurajoenrotaryklubi\/wp-json\/wp\/v2\/pages\/129"}],"wp:attachment":[{"href":"https:\/\/rotary.fi\/eurajoenrotaryklubi\/wp-json\/wp\/v2\/media?parent=138"}],"curies":[{"name":"wp","href":"https:\/\/api.w.org\/{rel}","templated":true}]}}