{"id":5090,"date":"2022-09-18T10:04:20","date_gmt":"2022-09-18T08:04:20","guid":{"rendered":"https:\/\/rotary.fi\/d1430\/?page_id=5090"},"modified":"2024-02-22T08:01:56","modified_gmt":"2024-02-22T06:01:56","slug":"viestinta-zoom-klubien-nettisivut","status":"publish","type":"page","link":"https:\/\/rotary.fi\/d1430\/viestinta-zoom-klubien-nettisivut\/","title":{"rendered":"Viestint\u00e4 Zoom Klubien nettisivut"},"content":{"rendered":"<p>[et_pb_section fb_built=&#8221;1&#8243; admin_label=&#8221;section&#8221; _builder_version=&#8221;4.16&#8243; global_colors_info=&#8221;{}&#8221; theme_builder_area=&#8221;post_content&#8221;][et_pb_row admin_label=&#8221;row&#8221; _builder_version=&#8221;4.22.1&#8243; background_size=&#8221;initial&#8221; background_position=&#8221;top_left&#8221; background_repeat=&#8221;repeat&#8221; min_height=&#8221;150px&#8221; height=&#8221;178px&#8221; max_height=&#8221;169px&#8221; custom_padding=&#8221;||0px|||&#8221; global_colors_info=&#8221;{}&#8221; theme_builder_area=&#8221;post_content&#8221; custom_margin=&#8221;|auto|-56px|auto||&#8221;][et_pb_column type=&#8221;4_4&#8243; _builder_version=&#8221;4.16&#8243; custom_padding=&#8221;|||&#8221; global_colors_info=&#8221;{}&#8221; custom_padding__hover=&#8221;|||&#8221; theme_builder_area=&#8221;post_content&#8221;][et_pb_text _builder_version=&#8221;4.22.1&#8243; _module_preset=&#8221;default&#8221; hover_enabled=&#8221;0&#8243; global_colors_info=&#8221;{}&#8221; theme_builder_area=&#8221;post_content&#8221; sticky_enabled=&#8221;0&#8243;]<\/p>\n<h2 style=\"text-align: center\">Ohjeita nettisivuille ja viestint\u00e4\u00e4n<\/h2>\n<p>[\/et_pb_text][\/et_pb_column][\/et_pb_row][et_pb_row _builder_version=&#8221;4.22.1&#8243; _module_preset=&#8221;default&#8221; global_colors_info=&#8221;{}&#8221; theme_builder_area=&#8221;post_content&#8221;][et_pb_column type=&#8221;4_4&#8243; _builder_version=&#8221;4.22.1&#8243; _module_preset=&#8221;default&#8221; global_colors_info=&#8221;{}&#8221; theme_builder_area=&#8221;post_content&#8221;][et_pb_text _builder_version=&#8221;4.22.1&#8243; _module_preset=&#8221;default&#8221; hover_enabled=&#8221;0&#8243; global_colors_info=&#8221;{}&#8221; theme_builder_area=&#8221;post_content&#8221; sticky_enabled=&#8221;0&#8243;]<\/p>\n<h5><span style=\"font-size: large\">Koulutusmateriaali sis\u00e4inen ja ulkoinen viestint\u00e4. Esitetty 2023 syysseminaarissa:<\/span><\/h5>\n<p><a href=\"https:\/\/rotary.fi\/d1430\/wp-content\/uploads\/sites\/175\/2023\/10\/viestinta-presentaatio.pdf\"><span style=\"font-size: large\">Esitysmateriaali<\/span><\/a><\/p>\n<h4>Nettisivu ohjeita<\/h4>\n<p><strong>Valakian yll\u00e4pito- ja tukipalvelu<\/strong><br \/>Palvelu sis\u00e4lt\u00e4\u00e4 puhelin- ja s\u00e4hk\u00f6postituen, sivuston versio- ja tietoturvap\u00e4ivitykset, sek\u00e4 varmuuskopiot kuukausittain.<\/p>\n<p><strong>Opasvideot:<\/strong><\/p>\n<p><span style=\"font-size: 12pt\"><a href=\"https:\/\/youtu.be\/WI-cZEw6mi0\" target=\"_blank\" rel=\"noopener\">Visuaalinen rakentaja<\/a><br \/><a href=\"https:\/\/youtu.be\/ltESlkChbXU\" target=\"_blank\" rel=\"noopener\">Ajankohtaiset artikkelit, tapahtumat ja valikot<\/a><br \/><a href=\"https:\/\/www.youtube.com\/playlist?list=PLJf1PIBe-cKmlNBpelU_Y31cG_5HGOS8G\" target=\"_blank\" rel=\"noopener\">Kaikki opastusvideot nettisivujen p\u00e4ivitt\u00e4miseen<\/a><\/span><\/p>\n<p>Oheisilla videoilla esiteltyn\u00e4 perusasiat sivuston p\u00e4ivitt\u00e4misest\u00e4. Ongelmatilanteissa tai sivuston julkaisuun liittyen, ole Valakiaan yhteydess\u00e4.<\/p>\n<p>Teknisen tuen yhteystiedot<br \/>Ole yhteydess\u00e4 s\u00e4hk\u00f6postitse: <a href=\"mailto:tuki@valakia.fi\">tuki@valakia.fi<\/a><\/p>\n<h4>Yleisi\u00e4 ohjeita<\/h4>\n<p><span style=\"font-size: large\"><a href=\"https:\/\/rotary.fi\/d1430\/wp-content\/uploads\/sites\/175\/2023\/10\/klubi-tapahtuman-luominen.pdf\">Ohjeet<\/a>. Miten teen klubin nettisivuille tapahtuman joka n\u00e4kyy my\u00f6s piirin nettisivuilla.<\/span><\/p>\n<p><span style=\"font-size: large\"><\/span><\/p>\n<p><span style=\"font-size: large\"><\/span><\/p>\n<p>[\/et_pb_text][\/et_pb_column][\/et_pb_row][\/et_pb_section]<\/p>\n","protected":false},"excerpt":{"rendered":"<p>Ohjeita nettisivuille ja viestint\u00e4\u00e4nKoulutusmateriaali sis\u00e4inen ja ulkoinen viestint\u00e4. Esitetty 2023 syysseminaarissa: Esitysmateriaali Nettisivu ohjeita Valakian yll\u00e4pito- ja tukipalveluPalvelu sis\u00e4lt\u00e4\u00e4 puhelin- ja s\u00e4hk\u00f6postituen, sivuston versio- ja tietoturvap\u00e4ivitykset, sek\u00e4 varmuuskopiot kuukausittain. Opasvideot: Visuaalinen rakentajaAjankohtaiset artikkelit, tapahtumat ja valikotKaikki opastusvideot nettisivujen p\u00e4ivitt\u00e4miseen Oheisilla videoilla esiteltyn\u00e4 perusasiat sivuston p\u00e4ivitt\u00e4misest\u00e4. Ongelmatilanteissa tai sivuston julkaisuun liittyen, ole Valakiaan yhteydess\u00e4. Teknisen tuen [&hellip;]<\/p>\n","protected":false},"author":35,"featured_media":0,"parent":0,"menu_order":0,"comment_status":"closed","ping_status":"closed","template":"","meta":{"_acf_changed":false,"_et_pb_use_builder":"on","_et_pb_old_content":"","_et_gb_content_width":"","footnotes":""},"class_list":["post-5090","page","type-page","status-publish","hentry"],"acf":[],"yoast_head":"<!-- This site is optimized with the Yoast SEO plugin v27.4 - https:\/\/yoast.com\/product\/yoast-seo-wordpress\/ -->\n<title>Viestint\u00e4 Zoom Klubien nettisivut - Piiri 1430<\/title>\n<meta name=\"robots\" content=\"index, follow, max-snippet:-1, max-image-preview:large, max-video-preview:-1\" \/>\n<link rel=\"canonical\" href=\"https:\/\/rotary.fi\/d1430\/viestinta-zoom-klubien-nettisivut\/\" \/>\n<meta property=\"og:locale\" content=\"fi_FI\" \/>\n<meta property=\"og:type\" content=\"article\" \/>\n<meta property=\"og:title\" content=\"Viestint\u00e4 Zoom Klubien nettisivut - Piiri 1430\" \/>\n<meta property=\"og:description\" content=\"Ohjeita nettisivuille ja viestint\u00e4\u00e4nKoulutusmateriaali sis\u00e4inen ja ulkoinen viestint\u00e4. Esitetty 2023 syysseminaarissa: Esitysmateriaali Nettisivu ohjeita Valakian yll\u00e4pito- ja tukipalveluPalvelu sis\u00e4lt\u00e4\u00e4 puhelin- ja s\u00e4hk\u00f6postituen, sivuston versio- ja tietoturvap\u00e4ivitykset, sek\u00e4 varmuuskopiot kuukausittain. Opasvideot: Visuaalinen rakentajaAjankohtaiset artikkelit, tapahtumat ja valikotKaikki opastusvideot nettisivujen p\u00e4ivitt\u00e4miseen Oheisilla videoilla esiteltyn\u00e4 perusasiat sivuston p\u00e4ivitt\u00e4misest\u00e4. Ongelmatilanteissa tai sivuston julkaisuun liittyen, ole Valakiaan yhteydess\u00e4. Teknisen tuen [&hellip;]\" \/>\n<meta property=\"og:url\" content=\"https:\/\/rotary.fi\/d1430\/viestinta-zoom-klubien-nettisivut\/\" \/>\n<meta property=\"og:site_name\" content=\"Piiri 1430\" \/>\n<meta property=\"article:publisher\" content=\"https:\/\/www.facebook.com\/rotary\/\" \/>\n<meta property=\"article:modified_time\" content=\"2024-02-22T06:01:56+00:00\" \/>\n<meta name=\"twitter:card\" content=\"summary_large_image\" \/>\n<script type=\"application\/ld+json\" class=\"yoast-schema-graph\">{\"@context\":\"https:\\\/\\\/schema.org\",\"@graph\":[{\"@type\":\"WebPage\",\"@id\":\"https:\\\/\\\/rotary.fi\\\/d1430\\\/viestinta-zoom-klubien-nettisivut\\\/\",\"url\":\"https:\\\/\\\/rotary.fi\\\/d1430\\\/viestinta-zoom-klubien-nettisivut\\\/\",\"name\":\"Viestint\u00e4 Zoom Klubien nettisivut - Piiri 1430\",\"isPartOf\":{\"@id\":\"https:\\\/\\\/rotary.fi\\\/d1430\\\/#website\"},\"datePublished\":\"2022-09-18T08:04:20+00:00\",\"dateModified\":\"2024-02-22T06:01:56+00:00\",\"breadcrumb\":{\"@id\":\"https:\\\/\\\/rotary.fi\\\/d1430\\\/viestinta-zoom-klubien-nettisivut\\\/#breadcrumb\"},\"inLanguage\":\"fi\",\"potentialAction\":[{\"@type\":\"ReadAction\",\"target\":[\"https:\\\/\\\/rotary.fi\\\/d1430\\\/viestinta-zoom-klubien-nettisivut\\\/\"]}]},{\"@type\":\"BreadcrumbList\",\"@id\":\"https:\\\/\\\/rotary.fi\\\/d1430\\\/viestinta-zoom-klubien-nettisivut\\\/#breadcrumb\",\"itemListElement\":[{\"@type\":\"ListItem\",\"position\":1,\"name\":\"Home\",\"item\":\"https:\\\/\\\/rotary.fi\\\/d1430\\\/\"},{\"@type\":\"ListItem\",\"position\":2,\"name\":\"Viestint\u00e4 Zoom Klubien nettisivut\"}]},{\"@type\":\"WebSite\",\"@id\":\"https:\\\/\\\/rotary.fi\\\/d1430\\\/#website\",\"url\":\"https:\\\/\\\/rotary.fi\\\/d1430\\\/\",\"name\":\"Piiri 1430\",\"description\":\"Suomen Rotary\",\"potentialAction\":[{\"@type\":\"SearchAction\",\"target\":{\"@type\":\"EntryPoint\",\"urlTemplate\":\"https:\\\/\\\/rotary.fi\\\/d1430\\\/?s={search_term_string}\"},\"query-input\":{\"@type\":\"PropertyValueSpecification\",\"valueRequired\":true,\"valueName\":\"search_term_string\"}}],\"inLanguage\":\"fi\"}]}<\/script>\n<!-- \/ Yoast SEO plugin. -->","yoast_head_json":{"title":"Viestint\u00e4 Zoom Klubien nettisivut - Piiri 1430","robots":{"index":"index","follow":"follow","max-snippet":"max-snippet:-1","max-image-preview":"max-image-preview:large","max-video-preview":"max-video-preview:-1"},"canonical":"https:\/\/rotary.fi\/d1430\/viestinta-zoom-klubien-nettisivut\/","og_locale":"fi_FI","og_type":"article","og_title":"Viestint\u00e4 Zoom Klubien nettisivut - Piiri 1430","og_description":"Ohjeita nettisivuille ja viestint\u00e4\u00e4nKoulutusmateriaali sis\u00e4inen ja ulkoinen viestint\u00e4. Esitetty 2023 syysseminaarissa: Esitysmateriaali Nettisivu ohjeita Valakian yll\u00e4pito- ja tukipalveluPalvelu sis\u00e4lt\u00e4\u00e4 puhelin- ja s\u00e4hk\u00f6postituen, sivuston versio- ja tietoturvap\u00e4ivitykset, sek\u00e4 varmuuskopiot kuukausittain. Opasvideot: Visuaalinen rakentajaAjankohtaiset artikkelit, tapahtumat ja valikotKaikki opastusvideot nettisivujen p\u00e4ivitt\u00e4miseen Oheisilla videoilla esiteltyn\u00e4 perusasiat sivuston p\u00e4ivitt\u00e4misest\u00e4. Ongelmatilanteissa tai sivuston julkaisuun liittyen, ole Valakiaan yhteydess\u00e4. Teknisen tuen [&hellip;]","og_url":"https:\/\/rotary.fi\/d1430\/viestinta-zoom-klubien-nettisivut\/","og_site_name":"Piiri 1430","article_publisher":"https:\/\/www.facebook.com\/rotary\/","article_modified_time":"2024-02-22T06:01:56+00:00","twitter_card":"summary_large_image","schema":{"@context":"https:\/\/schema.org","@graph":[{"@type":"WebPage","@id":"https:\/\/rotary.fi\/d1430\/viestinta-zoom-klubien-nettisivut\/","url":"https:\/\/rotary.fi\/d1430\/viestinta-zoom-klubien-nettisivut\/","name":"Viestint\u00e4 Zoom Klubien nettisivut - Piiri 1430","isPartOf":{"@id":"https:\/\/rotary.fi\/d1430\/#website"},"datePublished":"2022-09-18T08:04:20+00:00","dateModified":"2024-02-22T06:01:56+00:00","breadcrumb":{"@id":"https:\/\/rotary.fi\/d1430\/viestinta-zoom-klubien-nettisivut\/#breadcrumb"},"inLanguage":"fi","potentialAction":[{"@type":"ReadAction","target":["https:\/\/rotary.fi\/d1430\/viestinta-zoom-klubien-nettisivut\/"]}]},{"@type":"BreadcrumbList","@id":"https:\/\/rotary.fi\/d1430\/viestinta-zoom-klubien-nettisivut\/#breadcrumb","itemListElement":[{"@type":"ListItem","position":1,"name":"Home","item":"https:\/\/rotary.fi\/d1430\/"},{"@type":"ListItem","position":2,"name":"Viestint\u00e4 Zoom Klubien nettisivut"}]},{"@type":"WebSite","@id":"https:\/\/rotary.fi\/d1430\/#website","url":"https:\/\/rotary.fi\/d1430\/","name":"Piiri 1430","description":"Suomen Rotary","potentialAction":[{"@type":"SearchAction","target":{"@type":"EntryPoint","urlTemplate":"https:\/\/rotary.fi\/d1430\/?s={search_term_string}"},"query-input":{"@type":"PropertyValueSpecification","valueRequired":true,"valueName":"search_term_string"}}],"inLanguage":"fi"}]}},"lang":"fi","translations":{"fi":5090},"pll_sync_post":[],"_links":{"self":[{"href":"https:\/\/rotary.fi\/d1430\/wp-json\/wp\/v2\/pages\/5090","targetHints":{"allow":["GET"]}}],"collection":[{"href":"https:\/\/rotary.fi\/d1430\/wp-json\/wp\/v2\/pages"}],"about":[{"href":"https:\/\/rotary.fi\/d1430\/wp-json\/wp\/v2\/types\/page"}],"author":[{"embeddable":true,"href":"https:\/\/rotary.fi\/d1430\/wp-json\/wp\/v2\/users\/35"}],"replies":[{"embeddable":true,"href":"https:\/\/rotary.fi\/d1430\/wp-json\/wp\/v2\/comments?post=5090"}],"version-history":[{"count":3,"href":"https:\/\/rotary.fi\/d1430\/wp-json\/wp\/v2\/pages\/5090\/revisions"}],"predecessor-version":[{"id":6761,"href":"https:\/\/rotary.fi\/d1430\/wp-json\/wp\/v2\/pages\/5090\/revisions\/6761"}],"wp:attachment":[{"href":"https:\/\/rotary.fi\/d1430\/wp-json\/wp\/v2\/media?parent=5090"}],"curies":[{"name":"wp","href":"https:\/\/api.w.org\/{rel}","templated":true}]}}