{"id":2037,"date":"2018-08-27T10:17:16","date_gmt":"2018-08-27T08:17:16","guid":{"rendered":"https:\/\/rotary.fi\/piirisivusto\/?page_id=2037"},"modified":"2026-04-17T21:13:05","modified_gmt":"2026-04-17T19:13:05","slug":"piirin-organisaatio","status":"publish","type":"page","link":"https:\/\/rotary.fi\/d1430\/rotarypiiri-1430\/piirin-organisaatio\/","title":{"rendered":"Piirin organisaatio"},"content":{"rendered":"<p>[et_pb_section fb_built=&#8221;1&#8243; module_class=&#8221;jumbotron-page&#8221; _builder_version=&#8221;4.16&#8243; background_image=&#8221;https:\/\/rotary.fi\/piirisivusto\/wp-content\/uploads\/sites\/175\/2019\/03\/rotary_piiri_alasivu_paakuva3.jpg&#8221; global_colors_info=&#8221;{}&#8221;][et_pb_row module_class=&#8221; et_pb_row_fullwidth&#8221; _builder_version=&#8221;4.16&#8243; width=&#8221;89%&#8221; width_tablet=&#8221;80%&#8221; width_phone=&#8221;&#8221; width_last_edited=&#8221;on|desktop&#8221; max_width=&#8221;89%&#8221; max_width_tablet=&#8221;80%&#8221; max_width_phone=&#8221;&#8221; max_width_last_edited=&#8221;on|desktop&#8221; make_fullwidth=&#8221;on&#8221; global_colors_info=&#8221;{}&#8221;][et_pb_column type=&#8221;4_4&#8243; _builder_version=&#8221;4.16&#8243; custom_padding=&#8221;|||&#8221; global_colors_info=&#8221;{}&#8221; custom_padding__hover=&#8221;|||&#8221;][et_pb_text admin_label=&#8221;P\u00e4\u00e4otsikko kuvan p\u00e4\u00e4ll\u00e4&#8221; _builder_version=&#8221;4.21.0&#8243; text_orientation=&#8221;center&#8221; background_layout=&#8221;dark&#8221; locked=&#8221;off&#8221; collapsed=&#8221;off&#8221; global_colors_info=&#8221;{}&#8221;]<\/p>\n<h1>Piirin organisaatio rotaryvuosi 2025-2026<\/h1>\n<p>[\/et_pb_text][\/et_pb_column][\/et_pb_row][\/et_pb_section][et_pb_section fb_built=&#8221;1&#8243; specialty=&#8221;on&#8221; module_class=&#8221;sisaltoalue_perus&#8221; _builder_version=&#8221;4.25.2&#8243; custom_padding=&#8221;0|0px|28px|0px|false|false&#8221; global_colors_info=&#8221;{}&#8221;][et_pb_column type=&#8221;1_4&#8243; _builder_version=&#8221;4.16&#8243; custom_padding=&#8221;|||&#8221; global_colors_info=&#8221;{}&#8221; custom_padding__hover=&#8221;|||&#8221;][et_pb_team_member name=&#8221; DG Atte von Wright&#8221; position=&#8221;Kuvern\u00f6\u00f6ri 2025-2026&#8243; image_url=&#8221;https:\/\/rotary.fi\/d1430\/wp-content\/uploads\/sites\/175\/2025\/07\/nayttokuva-2025-07-02-153755.png&#8221; _builder_version=&#8221;4.27.4&#8243; header_text_color=&#8221;#263B4C&#8221; body_text_color=&#8221;#263B4C&#8221; body_line_height=&#8221;1.6em&#8221; position_text_color=&#8221;#263B4C&#8221; position_line_height=&#8221;1.4em&#8221; width=&#8221;120%&#8221; global_colors_info=&#8221;{}&#8221;]<\/p>\n<p class=\"et_pb_member_position\">Kuopio Veljmies-Rotaryklubi\u00a0 \u00a0 \u00a0 \u00a0 \u00a0 Mobile +358 50 5376030<br \/>\nE-mail: attevonwright(\u00e4t)uef.fi<\/p>\n<p class=\"et_pb_member_position\">\n<p class=\"et_pb_member_position\">\n<p class=\"et_pb_member_position\">\n<p>&nbsp;<br \/>\n[\/et_pb_team_member][et_pb_image src=&#8221;https:\/\/rotary.fi\/d1430\/wp-content\/uploads\/sites\/175\/2026\/02\/img-6729.jpeg&#8221; title_text=&#8221;IMG_6729&#8243; _builder_version=&#8221;4.27.4&#8243; _module_preset=&#8221;default&#8221; global_colors_info=&#8221;{}&#8221;][\/et_pb_image][\/et_pb_column][et_pb_column type=&#8221;3_4&#8243; specialty_columns=&#8221;3&#8243; _builder_version=&#8221;4.16&#8243; custom_padding=&#8221;|||&#8221; global_colors_info=&#8221;{}&#8221; custom_padding__hover=&#8221;|||&#8221;][et_pb_row_inner column_structure=&#8221;1_2,1_2&#8243; admin_label=&#8221;Rivi&#8221; _builder_version=&#8221;4.25.2&#8243; custom_margin=&#8221;0px||||false|false&#8221; custom_padding=&#8221;6px|||||&#8221; global_colors_info=&#8221;{}&#8221;][et_pb_column_inner type=&#8221;1_2&#8243; saved_specialty_column_type=&#8221;3_4&#8243; _builder_version=&#8221;4.16&#8243; custom_padding=&#8221;|||&#8221; global_colors_info=&#8221;{}&#8221; custom_padding__hover=&#8221;|||&#8221;][et_pb_text admin_label=&#8221;Teksti&#8221; _builder_version=&#8221;4.27.4&#8243; width=&#8221;120%&#8221; min_height=&#8221;580.9px&#8221; custom_margin=&#8221;0px||||false|false&#8221; global_colors_info=&#8221;{}&#8221;]<\/p>\n<h4>Hallinto<\/h4>\n<p><strong>Piirihallituksen puheenjohtaja<\/strong><\/p>\n<p><strong>DG Atte von Wright, Kuopio<\/strong><br \/>\nMobile +358 50 5376030<br \/>\nE-mail: attevonwright(\u00e4t)uef.fi<\/p>\n<h4>Piirineuvoston j\u00e4senet<\/h4>\n<p><strong>IPDG Paavo R\u00f6nkk\u00f6, Hamina<\/strong><br \/>\nMobile: +358 40 507 6974<br \/>\nE-mail: ptronkko(\u00e4t)gmail.com<\/p>\n<p><strong>PDG Raimo Hallman, Kuopio<\/strong><br \/>\nMobile +358 45 271 2701<br \/>\nEmail: raimo.hallman(\u00e4t)gmail.com<\/p>\n<p><strong>DGE Arja-Irene Tiainen, Kitee<\/strong><br \/>\nMobile +358 50 3389877<br \/>\nE-mail: arjairene.tiainen(\u00e4t)gmail.com<\/p>\n<p><strong>DGN Markku Ranin, Mikkeli-Naisvuori<\/strong><br \/>\nMobile +358 50 5511828<br \/>\nE-mail: markku.ranin(\u00e4t)gmail.com<br \/>\nPiirineuvoston sihteeri,\u00a0Piirisihteeri<\/p>\n<p>&nbsp;<\/p>\n<p>&nbsp;<\/p>\n<p>&nbsp;<\/p>\n<p>&nbsp;[\/et_pb_text][\/et_pb_column_inner][et_pb_column_inner type=&#8221;1_2&#8243; saved_specialty_column_type=&#8221;3_4&#8243; _builder_version=&#8221;4.16&#8243; custom_padding=&#8221;|||&#8221; global_colors_info=&#8221;{}&#8221; custom_padding__hover=&#8221;|||&#8221;][et_pb_text _builder_version=&#8221;4.27.4&#8243; text_line_height=&#8221;1.2em&#8221; width=&#8221;100%&#8221; min_height=&#8221;396px&#8221; custom_margin=&#8221;||10px||false|false&#8221; custom_padding=&#8221;0px|0px|71px|||&#8221; global_colors_info=&#8221;{}&#8221;]<\/p>\n<p>&nbsp;<\/p>\n<h4>Piiriorganisaation tuki<\/h4>\n<p><strong>DES Immi R\u00f6nkk\u00f6<\/strong><br \/>Mobile +358 40 5774461<br \/>E-mail: immi.ronkko(\u00e4t)gmail.com<\/p>\n<h4>Piirin COL-edustaja<\/h4>\n<p><strong>IPDG Paavo R\u00f6nkk\u00f6, Hamina<br \/><\/strong>Mobile: +358 40 507 6974<br \/>E-mail: ptronkko(\u00e4t)gmail.com<\/p>\n<h4>Piirin COL-edustajan varahenkil\u00f6<\/h4>\n<p><strong>PDG Ari Jussila, Kuopio<\/strong><br \/>ajuxx@dnainternet.net<\/p>\n<h3><\/h3>\n<h3><\/h3>\n<h4><strong><br \/><\/strong><a href=\"https:\/\/rotary.fi\/d1430\/wp-content\/uploads\/sites\/175\/2025\/05\/Kauden-20252026-Toimintasuunnitelma-piiri-1430-2.docx\">Toimintasuunnitelma 2025-2026 -klikkaa<\/a><\/h4>\n<h3><\/h3>\n<h3><\/h3>\n<h3><\/h3>\n<h3><\/h3>\n<h3><\/h3>\n<h3><span style=\"font-size: xx-large\">Rotary International<\/span><\/h3>\n<p><a href=\"https:\/\/rotary.fi\/d1430\/wp-content\/uploads\/sites\/175\/2024\/02\/Resource-Team-Zones-1718-2023-2024_V3_print-1-1.pdf\"><span style=\"color: #f7a81b\"><span style=\"text-decoration: underline\">Resource Team Zones 17 and 18<\/span><\/span><\/a><\/p>\n<p><span style=\"text-decoration: underline;color: #f7a81b\"><a style=\"color: #f7a81b;text-decoration: underline\" href=\"https:\/\/rotary.fi\/d1430\/wp-content\/uploads\/sites\/175\/2023\/07\/D1430_EAO-Contacts.pdf\">RI Eurooppa \/ Afrikka Organisaatio<\/a><\/span><\/p>\n<p><span style=\"text-decoration: underline\"><a href=\"https:\/\/rotary.fi\/d1430\/wp-content\/uploads\/sites\/175\/2023\/07\/D1430_EAO-Contacts.pdf\"><span style=\"color: #0000ff;text-decoration: underline\"><span style=\"color: #000080;text-decoration: underline\"><span style=\"color: #f7a81b;text-decoration: underline\">RI yhteyshenkil\u00f6t<\/span><\/span><\/span><\/a><\/span><\/p>\n<p>&nbsp;<\/p>\n<p>[\/et_pb_text][\/et_pb_column_inner][\/et_pb_row_inner][\/et_pb_column][\/et_pb_section][et_pb_section fb_built=&#8221;1&#8243; module_class=&#8221;sisaltoalue_sininen&#8221; _builder_version=&#8221;4.25.2&#8243; background_size=&#8221;initial&#8221; background_position=&#8221;top_left&#8221; background_repeat=&#8221;repeat&#8221; background_blend=&#8221;overlay&#8221; custom_padding=&#8221;||16px|||&#8221; global_colors_info=&#8221;{}&#8221;][et_pb_row _builder_version=&#8221;4.21.0&#8243; _module_preset=&#8221;default&#8221; custom_padding=&#8221;||5px|||&#8221; global_colors_info=&#8221;{}&#8221;][et_pb_column type=&#8221;4_4&#8243; _builder_version=&#8221;4.21.0&#8243; _module_preset=&#8221;default&#8221; global_colors_info=&#8221;{}&#8221;][et_pb_text _builder_version=&#8221;4.25.2&#8243; _module_preset=&#8221;default&#8221; locked=&#8221;off&#8221; global_colors_info=&#8221;{}&#8221;]<\/p>\n<h3 style=\"text-align: center\">Apulaiskuvern\u00f6\u00f6rit ja klubit alueittain<\/h3>\n<p>[\/et_pb_text][\/et_pb_column][\/et_pb_row][et_pb_row column_structure=&#8221;1_3,1_3,1_3&#8243; _builder_version=&#8221;4.25.2&#8243; _module_preset=&#8221;default&#8221; width=&#8221;100%&#8221; max_width=&#8221;1496px&#8221; custom_margin=&#8221;||||false|false&#8221; custom_padding=&#8221;|||25px|false|false&#8221; hover_enabled=&#8221;0&#8243; global_colors_info=&#8221;{}&#8221; sticky_enabled=&#8221;0&#8243;][et_pb_column type=&#8221;1_3&#8243; _builder_version=&#8221;4.25.2&#8243; _module_preset=&#8221;default&#8221; global_colors_info=&#8221;{}&#8221;][et_pb_text _builder_version=&#8221;4.27.6&#8243; _module_preset=&#8221;default&#8221; hover_enabled=&#8221;0&#8243; locked=&#8221;off&#8221; global_colors_info=&#8221;{}&#8221; sticky_enabled=&#8221;0&#8243;]<\/p>\n<h3>Kymenlaakso<\/h3>\n<p><span style=\"color: #000000\"><strong>Paavo R\u00f6nkk\u00f6, Hamina<br \/><\/strong>+358 40 507 6974<br \/>ptronkko(\u00e4t)gmail.com<\/span><\/p>\n<p class=\"p1\">Alueen klubit \u2013 Elim\u00e4ki, Hamina, Karhula, Kotka-Langinkoski,\u00a0 Kotka-Ruotsinsalmi, Kouvola, Kuusankoski<\/p>\n<h3 class=\"p1\">Etel\u00e4-Savo<\/h3>\n<p><strong>Markku Ranin, Mikkeli-Naisvuori<\/strong><br \/>+358 50 5511828<br \/>markku.ranin(\u00e4t)gmail.com<\/p>\n<p>Alueen klubit \u2013 Juva, Mikkeli-Sankt Michel, Mikkeli-Naisvuori, Rantasalmi, Ristiina, Savonlinna<\/p>\n<p>[\/et_pb_text][\/et_pb_column][et_pb_column type=&#8221;1_3&#8243; _builder_version=&#8221;4.25.2&#8243; _module_preset=&#8221;default&#8221; global_colors_info=&#8221;{}&#8221;][et_pb_text _builder_version=&#8221;4.25.2&#8243; _module_preset=&#8221;default&#8221; locked=&#8221;off&#8221; global_colors_info=&#8221;{}&#8221;]<\/p>\n<h3>Etel\u00e4-Karjala<\/h3>\n<p><strong>Juhani Kettunen, Joutseno<\/strong><br \/>\n+358 <span class=\"monospace\">40 6749603<\/span><br \/>\n<span class=\"monospace\">juhanikettunen(\u00e4t)icloud.com<\/span><\/p>\n<p>Alueen klubit \u2013 Imatra, Joutseno, Lappeenranta-Saimaa, Parikkala-Simpelej\u00e4rvi<\/p>\n<h3>Pohjois-Karjala<\/h3>\n<p><strong>Martti Riekki<\/strong><br \/>\n+358 50 5651730<br \/>\nmartti.riekki@itasuomenturvatalo.fi<\/p>\n<p>Alueen klubit \u2013 Joensuu Etel\u00e4inen, Kitee, Lieksa, Outokumpu<\/p>\n<p>&nbsp;<br \/>\n[\/et_pb_text][\/et_pb_column][et_pb_column type=&#8221;1_3&#8243; _builder_version=&#8221;4.25.2&#8243; _module_preset=&#8221;default&#8221; global_colors_info=&#8221;{}&#8221;][et_pb_text _builder_version=&#8221;4.25.2&#8243; _module_preset=&#8221;default&#8221; locked=&#8221;off&#8221; global_colors_info=&#8221;{}&#8221;]<\/p>\n<h3>Pohjois-Savo<\/h3>\n<p><strong>Sakari Nieminen, Kuopio-Kallavesi<\/strong><br \/>\n+358 40 1263009<br \/>\nsakari.nieminen1(\u00e4t)gmail.com<\/p>\n<p>Alueen klubit \u2013 Iisalmi, Kiuruvesi, Kuopio, Kuopion Huomenklubi, Kuopio-Kallavesi, Kuopio-Puijo, Kuopio-Veljmies, Lepp\u00e4virta, Suonenjoki, Warkaus<br \/>\n[\/et_pb_text][\/et_pb_column][\/et_pb_row][\/et_pb_section][et_pb_section fb_built=&#8221;1&#8243; module_class=&#8221;sisaltoalue_sininen&#8221; _builder_version=&#8221;4.25.2&#8243; background_color=&#8221;#F8F9FA&#8221; background_size=&#8221;initial&#8221; background_position=&#8221;top_left&#8221; background_repeat=&#8221;repeat&#8221; background_blend=&#8221;overlay&#8221; custom_padding=&#8221;||16px|||&#8221; global_colors_info=&#8221;{}&#8221;][et_pb_row _builder_version=&#8221;4.21.0&#8243; _module_preset=&#8221;default&#8221; custom_padding=&#8221;||5px|||&#8221; global_colors_info=&#8221;{}&#8221;][et_pb_column type=&#8221;4_4&#8243; _builder_version=&#8221;4.21.0&#8243; _module_preset=&#8221;default&#8221; global_colors_info=&#8221;{}&#8221;][et_pb_text _builder_version=&#8221;4.21.0&#8243; _module_preset=&#8221;default&#8221; width=&#8221;100%&#8221; global_colors_info=&#8221;{}&#8221;]<\/p>\n<h3 style=\"text-align: center\">Piirin komiteat ja toiminnat<\/h3>\n<p>[\/et_pb_text][\/et_pb_column][\/et_pb_row][et_pb_row column_structure=&#8221;1_4,1_4,1_4,1_4&#8243; _builder_version=&#8221;4.25.2&#8243; _module_preset=&#8221;default&#8221; width=&#8221;100%&#8221; max_width=&#8221;1496px&#8221; custom_margin=&#8221;||||false|false&#8221; custom_padding=&#8221;|||25px|false|false&#8221; global_colors_info=&#8221;{}&#8221;][et_pb_column type=&#8221;1_4&#8243; _builder_version=&#8221;4.25.2&#8243; _module_preset=&#8221;default&#8221; global_colors_info=&#8221;{}&#8221;][et_pb_team_member name=&#8221;Nuorisopalvelu&#8221; position=&#8221;PP Maria Lammi&#8221; image_url=&#8221;https:\/\/rotary.fi\/d1430\/wp-content\/uploads\/sites\/175\/2024\/07\/maria-300.jpg&#8221; _builder_version=&#8221;4.25.2&#8243; _module_preset=&#8221;default&#8221; position_font=&#8221;|700|||||||&#8221; position_text_color=&#8221;#263B4C&#8221; position_font_size=&#8221;18px&#8221; max_width=&#8221;80%&#8221; link_option_url=&#8221;https:\/\/rotary.fi\/d1430\/blog\/nuorisopalvelu\/&#8221; global_colors_info=&#8221;{}&#8221;]<\/p>\n<p style=\"text-align: left\"><strong>Kouvola<\/strong><\/p>\n<p style=\"text-align: left\">+358 50 3764 208<br \/>\nmaria.lammi.rye@gmail.com<\/p>\n<p>[\/et_pb_team_member][et_pb_team_member name=&#8221;Viestint\u00e4 ja julkisuuskuva&#8221; position=&#8221;PDG Osmo Siira&#8221; image_url=&#8221;https:\/\/rotary.fi\/d1430\/wp-content\/uploads\/sites\/175\/2024\/07\/osmo-300-375.png&#8221; _builder_version=&#8221;4.27.0&#8243; _module_preset=&#8221;default&#8221; position_font=&#8221;|700|||||||&#8221; position_text_color=&#8221;#263B4C&#8221; position_font_size=&#8221;18px&#8221; max_width=&#8221;80%&#8221; link_option_url=&#8221;https:\/\/rotary.fi\/d1430\/blog\/viestinta-ja-julkisuuskuva\/&#8221; locked=&#8221;off&#8221; global_colors_info=&#8221;{}&#8221;]<\/p>\n<p style=\"text-align: left\"><strong>Kuusankoski<\/strong><\/p>\n<p style=\"text-align: left\">+358 40 5215 955<br \/>\nosmo.siira(\u00e4t)cwan.fi<\/p>\n<p>[\/et_pb_team_member][\/et_pb_column][et_pb_column type=&#8221;1_4&#8243; _builder_version=&#8221;4.25.2&#8243; _module_preset=&#8221;default&#8221; global_colors_info=&#8221;{}&#8221;][et_pb_team_member name=&#8221;Rotarys\u00e4\u00e4ti\u00f6&#8221; position=&#8221;PP. Pirkko Vasko&#8221; image_url=&#8221;https:\/\/rotary.fi\/d1430\/wp-content\/uploads\/sites\/175\/2025\/07\/nayttokuva-2025-07-02-195910.png&#8221; _builder_version=&#8221;4.27.4&#8243; _module_preset=&#8221;default&#8221; position_font=&#8221;|700|||||||&#8221; position_text_color=&#8221;#263B4C&#8221; position_font_size=&#8221;18px&#8221; max_width=&#8221;80%&#8221; custom_padding=&#8221;||10px|||&#8221; link_option_url=&#8221;https:\/\/rotary.fi\/d1430\/blog\/rotarysaatio\/&#8221; locked=&#8221;off&#8221; global_colors_info=&#8221;{}&#8221;]<\/p>\n<p style=\"text-align: left\"><strong>WARKAUS<\/strong><\/p>\n<p style=\"text-align: left\">+358 405717711\u00a0 pirkko.vasko@fimnet.fi<\/p>\n<p>[\/et_pb_team_member][et_pb_team_member name=&#8221;J\u00e4senkehitys &#8221; position=&#8221;Markku Ranin, Mikkeli Mobile +358 50 55 11 828 Email: markku.ranin(\u00e4t)gmail.com&#8221; image_url=&#8221;https:\/\/rotary.fi\/d1430\/wp-content\/uploads\/sites\/175\/2026\/02\/img-5516.jpg&#8221; _builder_version=&#8221;4.27.4&#8243; _module_preset=&#8221;default&#8221; position_font=&#8221;|700|||||||&#8221; position_text_color=&#8221;#263B4C&#8221; position_font_size=&#8221;18px&#8221; max_width=&#8221;80%&#8221; min_height=&#8221;571.4px&#8221; link_option_url=&#8221;https:\/\/rotary.fi\/d1430\/blog\/klubitoiminnan-kehittaminen\/&#8221; locked=&#8221;off&#8221; global_colors_info=&#8221;{}&#8221;][\/et_pb_team_member][\/et_pb_column][et_pb_column type=&#8221;1_4&#8243; _builder_version=&#8221;4.25.2&#8243; _module_preset=&#8221;default&#8221; global_colors_info=&#8221;{}&#8221;][et_pb_team_member name=&#8221;Ymp\u00e4rist\u00f6&#8221; position=&#8221;PP Raili Ven\u00e4l\u00e4inen&#8221; image_url=&#8221;https:\/\/rotary.fi\/d1430\/wp-content\/uploads\/sites\/175\/2024\/07\/raili-300-375.png&#8221; _builder_version=&#8221;4.25.2&#8243; _module_preset=&#8221;default&#8221; position_font=&#8221;|700|||||||&#8221; position_text_color=&#8221;#263B4C&#8221; position_font_size=&#8221;18px&#8221; max_width=&#8221;80%&#8221; link_option_url=&#8221;https:\/\/rotary.fi\/d1430\/blog\/ymparisto\/&#8221; locked=&#8221;off&#8221; global_colors_info=&#8221;{}&#8221;]<\/p>\n<p style=\"text-align: left\"><strong>Kuopio-Veljmies<\/strong><\/p>\n<p style=\"text-align: left\">+358 40 573 6499<br \/>\nrailik.venalainen(\u00e4t)gmail.com<\/p>\n<p>[\/et_pb_team_member][et_pb_team_member name=&#8221;Koulutus&#8221; position=&#8221;PAG Jarmo Ruti&#8221; image_url=&#8221;https:\/\/rotary.fi\/d1430\/wp-content\/uploads\/sites\/175\/2024\/07\/jarmo-ruti-300-375.jpg&#8221; _builder_version=&#8221;4.25.2&#8243; _module_preset=&#8221;default&#8221; position_font=&#8221;|700|||||||&#8221; position_text_color=&#8221;#263B4C&#8221; position_font_size=&#8221;18px&#8221; max_width=&#8221;80%&#8221; link_option_url=&#8221;https:\/\/rotary.fi\/d1430\/blog\/koulutus\/&#8221; locked=&#8221;off&#8221; global_colors_info=&#8221;{}&#8221;]Lappeenranta-Saimaa<br \/>\n+358 40 771 6928<br \/>\njarmo.ruti(\u00e4t)live.fi<\/p>\n<p>&nbsp;<\/p>\n<p>&nbsp;<\/p>\n<p>&nbsp;<\/p>\n<p>&nbsp;<\/p>\n<p>&nbsp;<br \/>\n[\/et_pb_team_member][\/et_pb_column][et_pb_column type=&#8221;1_4&#8243; _builder_version=&#8221;4.25.2&#8243; _module_preset=&#8221;default&#8221; global_colors_info=&#8221;{}&#8221;][et_pb_team_member name=&#8221;ShelterBox ja tapahtumat&#8221; position=&#8221;Markku Ranin&#8221; image_url=&#8221;https:\/\/rotary.fi\/d1430\/wp-content\/uploads\/sites\/175\/2024\/07\/markku-300-375.png&#8221; _builder_version=&#8221;4.25.2&#8243; _module_preset=&#8221;default&#8221; position_font=&#8221;|700|||||||&#8221; position_text_color=&#8221;#263B4C&#8221; position_font_size=&#8221;18px&#8221; max_width=&#8221;80%&#8221; link_option_url=&#8221;https:\/\/rotary.fi\/d1430\/blog\/shelterbox\/&#8221; locked=&#8221;off&#8221; global_colors_info=&#8221;{}&#8221;]<\/p>\n<p style=\"text-align: left\"><strong>Mikkeli-Naisvuori<\/strong><\/p>\n<p style=\"text-align: left\">+358 050 5511828<br \/>\nmarkku.ranin(\u00e4t)gmail.com<\/p>\n<p>[\/et_pb_team_member][et_pb_team_member name=&#8221; Talous &#8221; position=&#8221;PDG Maire Huopalainen, Rantasalmi + 358 40 671 1612 maire(\u00e4t)huopalainen.net&#8221; image_url=&#8221;https:\/\/rotary.fi\/d1430\/wp-content\/uploads\/sites\/175\/2023\/07\/maire-1.jpg&#8221; _builder_version=&#8221;4.27.4&#8243; _module_preset=&#8221;default&#8221; position_font=&#8221;|700|||||||&#8221; position_text_color=&#8221;#263B4C&#8221; position_font_size=&#8221;18px&#8221; max_width=&#8221;80%&#8221; custom_margin=&#8221;|||-19px||&#8221; link_option_url=&#8221;https:\/\/rotary.fi\/d1430\/blog\/talous\/&#8221; locked=&#8221;off&#8221; global_colors_info=&#8221;{}&#8221;][\/et_pb_team_member][\/et_pb_column][\/et_pb_row][\/et_pb_section]<\/p>\n","protected":false},"excerpt":{"rendered":"<p>Piirin organisaatio rotaryvuosi 2025-2026 Kuopio Veljmies-Rotaryklubi\u00a0 \u00a0 \u00a0 \u00a0 \u00a0 Mobile +358 50 5376030 E-mail: attevonwright(\u00e4t)uef.fi &nbsp; Hallinto Piirihallituksen puheenjohtaja DG Atte von Wright, Kuopio Mobile +358 50 5376030 E-mail: attevonwright(\u00e4t)uef.fi Piirineuvoston j\u00e4senet IPDG Paavo R\u00f6nkk\u00f6, Hamina Mobile: +358 40 507 6974 E-mail: ptronkko(\u00e4t)gmail.com PDG Raimo Hallman, Kuopio Mobile +358 45 271 2701 Email: raimo.hallman(\u00e4t)gmail.com [&hellip;]<\/p>\n","protected":false},"author":1,"featured_media":0,"parent":2017,"menu_order":4,"comment_status":"closed","ping_status":"closed","template":"","meta":{"_acf_changed":false,"_et_pb_use_builder":"on","_et_pb_old_content":"","_et_gb_content_width":"","footnotes":""},"class_list":["post-2037","page","type-page","status-publish","hentry"],"acf":[],"yoast_head":"<!-- This site is optimized with the Yoast SEO plugin v27.4 - https:\/\/yoast.com\/product\/yoast-seo-wordpress\/ -->\n<title>Piirin organisaatio - Piiri 1430<\/title>\n<meta name=\"robots\" content=\"index, follow, max-snippet:-1, max-image-preview:large, max-video-preview:-1\" \/>\n<link rel=\"canonical\" href=\"https:\/\/rotary.fi\/d1430\/rotarypiiri-1430\/piirin-organisaatio\/\" \/>\n<meta property=\"og:locale\" content=\"fi_FI\" \/>\n<meta property=\"og:type\" content=\"article\" \/>\n<meta property=\"og:title\" content=\"Piirin organisaatio - Piiri 1430\" \/>\n<meta property=\"og:description\" content=\"Piirin organisaatio rotaryvuosi 2025-2026 Kuopio Veljmies-Rotaryklubi\u00a0 \u00a0 \u00a0 \u00a0 \u00a0 Mobile +358 50 5376030 E-mail: attevonwright(\u00e4t)uef.fi &nbsp; Hallinto Piirihallituksen puheenjohtaja DG Atte von Wright, Kuopio Mobile +358 50 5376030 E-mail: attevonwright(\u00e4t)uef.fi Piirineuvoston j\u00e4senet IPDG Paavo R\u00f6nkk\u00f6, Hamina Mobile: +358 40 507 6974 E-mail: ptronkko(\u00e4t)gmail.com PDG Raimo Hallman, Kuopio Mobile +358 45 271 2701 Email: raimo.hallman(\u00e4t)gmail.com [&hellip;]\" \/>\n<meta property=\"og:url\" content=\"https:\/\/rotary.fi\/d1430\/rotarypiiri-1430\/piirin-organisaatio\/\" \/>\n<meta property=\"og:site_name\" content=\"Piiri 1430\" \/>\n<meta property=\"article:publisher\" content=\"https:\/\/www.facebook.com\/rotary\/\" \/>\n<meta property=\"article:modified_time\" content=\"2026-04-17T19:13:05+00:00\" \/>\n<meta name=\"twitter:card\" content=\"summary_large_image\" \/>\n<meta name=\"twitter:label1\" content=\"Arvioitu lukuaika\" \/>\n\t<meta name=\"twitter:data1\" content=\"4 minuuttia\" \/>\n<script type=\"application\/ld+json\" class=\"yoast-schema-graph\">{\"@context\":\"https:\\\/\\\/schema.org\",\"@graph\":[{\"@type\":\"WebPage\",\"@id\":\"https:\\\/\\\/rotary.fi\\\/d1430\\\/rotarypiiri-1430\\\/piirin-organisaatio\\\/\",\"url\":\"https:\\\/\\\/rotary.fi\\\/d1430\\\/rotarypiiri-1430\\\/piirin-organisaatio\\\/\",\"name\":\"Piirin organisaatio - Piiri 1430\",\"isPartOf\":{\"@id\":\"https:\\\/\\\/rotary.fi\\\/d1430\\\/#website\"},\"datePublished\":\"2018-08-27T08:17:16+00:00\",\"dateModified\":\"2026-04-17T19:13:05+00:00\",\"breadcrumb\":{\"@id\":\"https:\\\/\\\/rotary.fi\\\/d1430\\\/rotarypiiri-1430\\\/piirin-organisaatio\\\/#breadcrumb\"},\"inLanguage\":\"fi\",\"potentialAction\":[{\"@type\":\"ReadAction\",\"target\":[\"https:\\\/\\\/rotary.fi\\\/d1430\\\/rotarypiiri-1430\\\/piirin-organisaatio\\\/\"]}]},{\"@type\":\"BreadcrumbList\",\"@id\":\"https:\\\/\\\/rotary.fi\\\/d1430\\\/rotarypiiri-1430\\\/piirin-organisaatio\\\/#breadcrumb\",\"itemListElement\":[{\"@type\":\"ListItem\",\"position\":1,\"name\":\"Home\",\"item\":\"https:\\\/\\\/rotary.fi\\\/d1430\\\/\"},{\"@type\":\"ListItem\",\"position\":2,\"name\":\"Rotarypiiri 1430\",\"item\":\"https:\\\/\\\/rotary.fi\\\/d1430\\\/rotarypiiri-1430\\\/\"},{\"@type\":\"ListItem\",\"position\":3,\"name\":\"Piirin organisaatio\"}]},{\"@type\":\"WebSite\",\"@id\":\"https:\\\/\\\/rotary.fi\\\/d1430\\\/#website\",\"url\":\"https:\\\/\\\/rotary.fi\\\/d1430\\\/\",\"name\":\"Piiri 1430\",\"description\":\"Suomen Rotary\",\"potentialAction\":[{\"@type\":\"SearchAction\",\"target\":{\"@type\":\"EntryPoint\",\"urlTemplate\":\"https:\\\/\\\/rotary.fi\\\/d1430\\\/?s={search_term_string}\"},\"query-input\":{\"@type\":\"PropertyValueSpecification\",\"valueRequired\":true,\"valueName\":\"search_term_string\"}}],\"inLanguage\":\"fi\"}]}<\/script>\n<!-- \/ Yoast SEO plugin. -->","yoast_head_json":{"title":"Piirin organisaatio - Piiri 1430","robots":{"index":"index","follow":"follow","max-snippet":"max-snippet:-1","max-image-preview":"max-image-preview:large","max-video-preview":"max-video-preview:-1"},"canonical":"https:\/\/rotary.fi\/d1430\/rotarypiiri-1430\/piirin-organisaatio\/","og_locale":"fi_FI","og_type":"article","og_title":"Piirin organisaatio - Piiri 1430","og_description":"Piirin organisaatio rotaryvuosi 2025-2026 Kuopio Veljmies-Rotaryklubi\u00a0 \u00a0 \u00a0 \u00a0 \u00a0 Mobile +358 50 5376030 E-mail: attevonwright(\u00e4t)uef.fi &nbsp; Hallinto Piirihallituksen puheenjohtaja DG Atte von Wright, Kuopio Mobile +358 50 5376030 E-mail: attevonwright(\u00e4t)uef.fi Piirineuvoston j\u00e4senet IPDG Paavo R\u00f6nkk\u00f6, Hamina Mobile: +358 40 507 6974 E-mail: ptronkko(\u00e4t)gmail.com PDG Raimo Hallman, Kuopio Mobile +358 45 271 2701 Email: raimo.hallman(\u00e4t)gmail.com [&hellip;]","og_url":"https:\/\/rotary.fi\/d1430\/rotarypiiri-1430\/piirin-organisaatio\/","og_site_name":"Piiri 1430","article_publisher":"https:\/\/www.facebook.com\/rotary\/","article_modified_time":"2026-04-17T19:13:05+00:00","twitter_card":"summary_large_image","twitter_misc":{"Arvioitu lukuaika":"4 minuuttia"},"schema":{"@context":"https:\/\/schema.org","@graph":[{"@type":"WebPage","@id":"https:\/\/rotary.fi\/d1430\/rotarypiiri-1430\/piirin-organisaatio\/","url":"https:\/\/rotary.fi\/d1430\/rotarypiiri-1430\/piirin-organisaatio\/","name":"Piirin organisaatio - Piiri 1430","isPartOf":{"@id":"https:\/\/rotary.fi\/d1430\/#website"},"datePublished":"2018-08-27T08:17:16+00:00","dateModified":"2026-04-17T19:13:05+00:00","breadcrumb":{"@id":"https:\/\/rotary.fi\/d1430\/rotarypiiri-1430\/piirin-organisaatio\/#breadcrumb"},"inLanguage":"fi","potentialAction":[{"@type":"ReadAction","target":["https:\/\/rotary.fi\/d1430\/rotarypiiri-1430\/piirin-organisaatio\/"]}]},{"@type":"BreadcrumbList","@id":"https:\/\/rotary.fi\/d1430\/rotarypiiri-1430\/piirin-organisaatio\/#breadcrumb","itemListElement":[{"@type":"ListItem","position":1,"name":"Home","item":"https:\/\/rotary.fi\/d1430\/"},{"@type":"ListItem","position":2,"name":"Rotarypiiri 1430","item":"https:\/\/rotary.fi\/d1430\/rotarypiiri-1430\/"},{"@type":"ListItem","position":3,"name":"Piirin organisaatio"}]},{"@type":"WebSite","@id":"https:\/\/rotary.fi\/d1430\/#website","url":"https:\/\/rotary.fi\/d1430\/","name":"Piiri 1430","description":"Suomen Rotary","potentialAction":[{"@type":"SearchAction","target":{"@type":"EntryPoint","urlTemplate":"https:\/\/rotary.fi\/d1430\/?s={search_term_string}"},"query-input":{"@type":"PropertyValueSpecification","valueRequired":true,"valueName":"search_term_string"}}],"inLanguage":"fi"}]}},"lang":"fi","translations":{"fi":2037},"pll_sync_post":[],"_links":{"self":[{"href":"https:\/\/rotary.fi\/d1430\/wp-json\/wp\/v2\/pages\/2037","targetHints":{"allow":["GET"]}}],"collection":[{"href":"https:\/\/rotary.fi\/d1430\/wp-json\/wp\/v2\/pages"}],"about":[{"href":"https:\/\/rotary.fi\/d1430\/wp-json\/wp\/v2\/types\/page"}],"author":[{"embeddable":true,"href":"https:\/\/rotary.fi\/d1430\/wp-json\/wp\/v2\/users\/1"}],"replies":[{"embeddable":true,"href":"https:\/\/rotary.fi\/d1430\/wp-json\/wp\/v2\/comments?post=2037"}],"version-history":[{"count":9,"href":"https:\/\/rotary.fi\/d1430\/wp-json\/wp\/v2\/pages\/2037\/revisions"}],"predecessor-version":[{"id":7944,"href":"https:\/\/rotary.fi\/d1430\/wp-json\/wp\/v2\/pages\/2037\/revisions\/7944"}],"up":[{"embeddable":true,"href":"https:\/\/rotary.fi\/d1430\/wp-json\/wp\/v2\/pages\/2017"}],"wp:attachment":[{"href":"https:\/\/rotary.fi\/d1430\/wp-json\/wp\/v2\/media?parent=2037"}],"curies":[{"name":"wp","href":"https:\/\/api.w.org\/{rel}","templated":true}]}}