{"id":9274,"date":"2024-09-13T10:25:08","date_gmt":"2024-09-13T08:25:08","guid":{"rendered":"https:\/\/rotary.fi\/d1420\/?page_id=9274"},"modified":"2025-08-24T15:42:19","modified_gmt":"2025-08-24T13:42:19","slug":"distrikt-1420-rotarytalt","status":"publish","type":"page","link":"https:\/\/rotary.fi\/d1420\/sv\/det-har-gor-vi\/utrustning-for-distrikts-och-klubbevenemang\/distrikt-1420-rotarytalt\/","title":{"rendered":"Distrikt 1420 Rotaryt\u00e4lt"},"content":{"rendered":"<p>[et_pb_section fb_built=&#8221;1&#8243; _builder_version=&#8221;4.16&#8243; global_colors_info=&#8221;{}&#8221;][et_pb_row column_structure=&#8221;3_5,2_5&#8243; _builder_version=&#8221;4.16&#8243; background_size=&#8221;initial&#8221; background_position=&#8221;top_left&#8221; background_repeat=&#8221;repeat&#8221; global_colors_info=&#8221;{}&#8221;][et_pb_column type=&#8221;3_5&#8243; _builder_version=&#8221;4.16&#8243; custom_padding=&#8221;|||&#8221; global_colors_info=&#8221;{}&#8221; custom_padding__hover=&#8221;|||&#8221;][et_pb_text _builder_version=&#8221;4.27.4&#8243; background_size=&#8221;initial&#8221; background_position=&#8221;top_left&#8221; background_repeat=&#8221;repeat&#8221; hover_enabled=&#8221;0&#8243; global_colors_info=&#8221;{}&#8221; sticky_enabled=&#8221;0&#8243;]<\/p>\n<h2>\u200bDistrikt 1420 Rotaryt\u00e4lt<\/h2>\n<p>&nbsp;<\/p>\n<p>V\u00e5rt distrikt \u00e4ger ett fint Nopsat\u00e4lt i Rotarys f\u00e4rger. Ett t\u00e4lt med Rotarys logotyp och v\u00e5rt distriktsnummer \u00e4r ett sl\u00e5ende landm\u00e4rke som g\u00f6r det enkelt att \u00f6ka Rotarys synlighet vid evenemang och tillf\u00e4llen.<\/p>\n<p>Rotaryt\u00e4ltet kan fritt l\u00e5nas av alla klubbar i v\u00e5rt distrikt.<\/p>\n<p>H\u00e4r finns information om t\u00e4ltet och offerten.<\/p>\n<ol>\n<li>\u00a0Du kan f\u00f6rfr\u00e5gan om att l\u00e5na ett t\u00e4lt fr\u00e5n stadsdelens kommunikationer p\u00e5 adressen viestinta1420@gmail.com. Ber\u00e4tta n\u00e4r du skulle beh\u00f6va l\u00e5na ett t\u00e4lt, till vilket evenemang och vem som \u00e4r ansvarig f\u00f6r t\u00e4ltet under evenemanget.<\/li>\n<li>\u00a0Storleken p\u00e5 t\u00e4ltet \u00e4r 3\u00d73 m.<\/li>\n<li>\u00a0T\u00e4ltet kommer att f\u00f6rvaras i Rotarys kontor, dit det ocks\u00e5 \u00e5terl\u00e4mnas.<\/li>\n<li>\u00a0T\u00e4ltet passar precis i en vanlig bil, men transporten \u00e4r l\u00e4ttare med en kombi. I paketet ing\u00e5r en stor t\u00e4ltp\u00e5se och en stor p\u00e5se f\u00f6r v\u00e4ggtyger. T\u00e4ltet v\u00e4ger ganska mycket s\u00e5 det g\u00e5r bra att boka tv\u00e5 personer med frisk rygg f\u00f6r h\u00e4mtning och \u00e5terl\u00e4mning. Det tyngre paketet har dra i handtagen, och dock d\u00e4ck f\u00f6r att underl\u00e4tta transporten.<\/li>\n<li>\u00a0I t\u00e4ltpaketets ficka finns ett instruktionsh\u00e4fte med monteringsanvisningar. Monteringen \u00e4r enkel, men i b\u00f6rjan kr\u00e4vs det att fyra personer drar r\u00e4lsen fr\u00e5n varje h\u00f6rn och h\u00f6jer t\u00e4ltet till \u00f6nskad h\u00f6jd. Efter det kan till och med en person f\u00e4sta h\u00f6rnen och sidov\u00e4ggarna. Du hittar \u00e4ven monteringsanvisningar h\u00e4r:\u00a0 <a href=\"https:\/\/www.teltat.fi\/wp-content\/uploads\/2018\/05\/Nopsa_Pikateltta_kayttoohje.pdf\">https:\/\/www.teltat.fi\/wp-content\/uploads\/2018\/05\/Nopsa_Pikateltta_kayttoohje.pdf<\/a><\/li>\n<li>\u00a0Torka t\u00e4ltet noggrant innan packning om det \u00e4r bl\u00f6tt!<\/li>\n<li>\u00a0Innan montering och efter packning, kontrollera att alla delar ing\u00e5r: T\u00e4ltstomme med p\u00e5satt tak, T\u00e4ltets alla sidov\u00e4ggar, Fyra markkilar, Fyra f\u00e4stband, Instruktionsh\u00e4fte<\/li>\n<li>\u00a0Det \u00e4r absolut n\u00f6dv\u00e4ndigt att f\u00e4sta fyra vikter i h\u00f6rnen p\u00e5 t\u00e4ltet s\u00e5 att t\u00e4ltet inte lyfter med vinden! Vikterna finns p\u00e5 Rotarys kontor. Kontrollera att de finns med!<\/li>\n<li>\u00a0Om n\u00e5gon del av t\u00e4ltet g\u00e5r s\u00f6nder \u00e5tar sig l\u00e5ntagaren att anm\u00e4la \u00e4rendet samt ta hand om och bekosta reparationen som andra rotarianer tillsammans med sin klubb (t\u00e4ltreparationstj\u00e4nst: <a href=\"https:\/\/teltat.fi\/teltan-huolto-korjaus-ja-paikkaus\/\">https:\/\/teltat.fi\/teltan-huolto-korjaus-ja-paikkaus\/<\/a> )<\/li>\n<\/ol>\n<p>&nbsp;<\/p>\n<p>&nbsp;<\/p>\n<p>[\/et_pb_text][\/et_pb_column][et_pb_column type=&#8221;2_5&#8243; _builder_version=&#8221;4.16&#8243; custom_padding=&#8221;|||&#8221; global_colors_info=&#8221;{}&#8221; custom_padding__hover=&#8221;|||&#8221;][et_pb_image src=&#8221;https:\/\/rotary.fi\/d1420\/wp-content\/uploads\/sites\/183\/2024\/01\/rotaryteltta-3.jpg&#8221; alt=&#8221;teltta&#8221; title_text=&#8221;rotaryteltta (3)&#8221; _builder_version=&#8221;4.25.1&#8243; _module_preset=&#8221;default&#8221; global_colors_info=&#8221;{}&#8221;][\/et_pb_image][et_pb_image src=&#8221;https:\/\/rotary.fi\/d1420\/wp-content\/uploads\/sites\/183\/2024\/01\/rotaryteltta-2.jpg&#8221; alt=&#8221;teltta&#8221; title_text=&#8221;rotaryteltta (2)&#8221; _builder_version=&#8221;4.25.1&#8243; _module_preset=&#8221;default&#8221; global_colors_info=&#8221;{}&#8221;][\/et_pb_image][et_pb_image src=&#8221;https:\/\/rotary.fi\/d1420\/wp-content\/uploads\/sites\/183\/2024\/01\/rotaryteltta-1.jpg&#8221; alt=&#8221;teltta koottuna&#8221; title_text=&#8221;rotaryteltta (1)&#8221; _builder_version=&#8221;4.25.1&#8243; _module_preset=&#8221;default&#8221; global_colors_info=&#8221;{}&#8221;][\/et_pb_image][\/et_pb_column][\/et_pb_row][\/et_pb_section]<\/p>\n","protected":false},"excerpt":{"rendered":"<p>\u200bDistrikt 1420 Rotaryt\u00e4lt &nbsp; V\u00e5rt distrikt \u00e4ger ett fint Nopsat\u00e4lt i Rotarys f\u00e4rger. Ett t\u00e4lt med Rotarys logotyp och v\u00e5rt distriktsnummer \u00e4r ett sl\u00e5ende landm\u00e4rke som g\u00f6r det enkelt att \u00f6ka Rotarys synlighet vid evenemang och tillf\u00e4llen. Rotaryt\u00e4ltet kan fritt l\u00e5nas av alla klubbar i v\u00e5rt distrikt. H\u00e4r finns information om t\u00e4ltet och offerten. \u00a0Du [&hellip;]<\/p>\n","protected":false},"author":26,"featured_media":0,"parent":9188,"menu_order":0,"comment_status":"closed","ping_status":"closed","template":"","meta":{"_acf_changed":false,"_et_pb_use_builder":"on","_et_pb_old_content":"<p>Piirimme omistaa hienon Nopsa-pikateltan Rotaryn v\u00e4reiss\u00e4. Rotary-logolla ja piirimme numerolla varustettu teltta on n\u00e4ytt\u00e4v\u00e4 maamerkki, jonka avulla on helppo lis\u00e4t\u00e4 Rotaryn n\u00e4kyvyytt\u00e4 tapahtumissa ja tilaisuuksissa.<\/p><p>Rotary-teltta on kaikkien piirimme klubien vapaasti lainattavissa.<\/p><p><img class=\"aligncenter wp-image-7512\" src=\"https:\/\/rotary.fi\/d1420\/wp-content\/uploads\/sites\/183\/2024\/01\/rotaryteltta-3.jpg\" alt=\"teltta\" width=\"376\" height=\"502\" \/><\/p><p>T\u00e4ss\u00e4 tietoa teltasta sek\u00e4 lainauksesta.<\/p><ol><li style=\"list-style-type: none;\"><ol><li>Telttaa voi tiedustella lainaksi piirin viestinn\u00e4st\u00e4 osoitteesta viestinta1420@gmail.com. Kerro, milloin tarvitsisit teltan lainaan, mihin tapahtumaan sek\u00e4 kuka on teltasta tapahtuman aikana vastaava henkil\u00f6.<\/li><li>Teltan koko on 3x3 m.<\/li><li>Telttaa s\u00e4ilytet\u00e4\u00e4n Espoossa Perkkaalla, jonne se my\u00f6s palautetaan.<\/li><li>Teltta mahtuu juuri ja juuri tavalliseen henkil\u00f6autoon, mutta farmariautolla kuljetus on helpompaa. Teltta painaa melko paljon, joten kaksi terveselk\u00e4ist\u00e4 henkil\u00f6\u00e4 on hyv\u00e4 varata noutoon ja palautukseen. Painavammassa paketissa on kuitenkin renkaat kuljetusta helpottamassa.<\/li><li>Telttapakkauksen taskusta l\u00f6ytyy ohjevihko, jossa kokoamisohjeet. Kokoaminen k\u00e4y helposti, mutta vaatii alkuvaiheessa nelj\u00e4 henkil\u00f6\u00e4 kiskomaan kustakin kulmasta ja korottamaan teltan haluttuun korkeuteen. Sen j\u00e4lkeen yksikin ihminen voi kiinnitt\u00e4\u00e4 kulmat ja sivusein\u00e4t. Kokoamisohjeen l\u00f6yd\u00e4t my\u00f6s t\u00e4\u00e4lt\u00e4: <a href=\"https:\/\/www.teltat.fi\/wp-content\/uploads\/2018\/05\/Nopsa_Pikateltta_kayttoohje.pdf\">https:\/\/www.teltat.fi\/wp-content\/uploads\/2018\/05\/Nopsa_Pikateltta_kayttoohje.pdf<\/a><\/li><li>Kuivata teltta huolella ennen pakkaamista, jos se on kastunut!<\/li><li>Tarkista ennen kokoamista ja pakkaamisen j\u00e4lkeen, ett\u00e4 kaikki osat ovat mukana: Teltan runko, jossa kiinni katto, Teltan kaikki sivusein\u00e4t, Nelj\u00e4 maakiilaa, Nelj\u00e4 kiinnitysremmi\u00e4, Ohjevihko<\/li><li>Lainaajan tulee hankkia kulmiin kiinnitett\u00e4v\u00e4ksi nelj\u00e4 riitt\u00e4v\u00e4\u00e4 painoa, jotta teltta ei l\u00e4hde tuulen mukana lentoon! Esimerkiksi isot vesikanisterit tai hiekkas\u00e4kit soveltuvat t\u00e4h\u00e4n.<\/li><li>Mik\u00e4li jokin osa teltasta rikkoutuu, lainaaja sitoutuu ilmoittamaan asiasta ja ottamaan korjauksen muina rotareina yhdess\u00e4 klubinsa kanssa hoidettavakseen ja maksettavakseen (teltan korjauspalvelu: <a href=\"https:\/\/teltat.fi\/teltan-huolto-korjaus-ja-paikkaus\/\">https:\/\/teltat.fi\/teltan-huolto-korjaus-ja-paikkaus\/<\/a> )<\/li><\/ol><\/li><\/ol><p><img class=\"aligncenter wp-image-7511\" src=\"https:\/\/rotary.fi\/d1420\/wp-content\/uploads\/sites\/183\/2024\/01\/rotaryteltta-2.jpg\" alt=\"teltta\" width=\"352\" height=\"469\" \/> <img class=\"aligncenter wp-image-7510\" src=\"https:\/\/rotary.fi\/d1420\/wp-content\/uploads\/sites\/183\/2024\/01\/rotaryteltta-1.jpg\" alt=\"teltta koottuna\" width=\"352\" height=\"470\" \/><\/p><p>\u00a0<\/p>","_et_gb_content_width":"","footnotes":""},"class_list":["post-9274","page","type-page","status-publish","hentry"],"acf":[],"yoast_head":"<!-- This site is optimized with the Yoast SEO plugin v27.4 - https:\/\/yoast.com\/product\/yoast-seo-wordpress\/ -->\n<title>Distrikt 1420 Rotaryt\u00e4lt - Piiri 1420<\/title>\n<meta name=\"robots\" content=\"index, follow, max-snippet:-1, max-image-preview:large, max-video-preview:-1\" \/>\n<link rel=\"canonical\" href=\"https:\/\/rotary.fi\/d1420\/sv\/det-har-gor-vi\/utrustning-for-distrikts-och-klubbevenemang\/distrikt-1420-rotarytalt\/\" \/>\n<meta property=\"og:locale\" content=\"fi_FI\" \/>\n<meta property=\"og:type\" content=\"article\" \/>\n<meta property=\"og:title\" content=\"Distrikt 1420 Rotaryt\u00e4lt - Piiri 1420\" \/>\n<meta property=\"og:description\" content=\"\u200bDistrikt 1420 Rotaryt\u00e4lt &nbsp; V\u00e5rt distrikt \u00e4ger ett fint Nopsat\u00e4lt i Rotarys f\u00e4rger. Ett t\u00e4lt med Rotarys logotyp och v\u00e5rt distriktsnummer \u00e4r ett sl\u00e5ende landm\u00e4rke som g\u00f6r det enkelt att \u00f6ka Rotarys synlighet vid evenemang och tillf\u00e4llen. Rotaryt\u00e4ltet kan fritt l\u00e5nas av alla klubbar i v\u00e5rt distrikt. H\u00e4r finns information om t\u00e4ltet och offerten. \u00a0Du [&hellip;]\" \/>\n<meta property=\"og:url\" content=\"https:\/\/rotary.fi\/d1420\/sv\/det-har-gor-vi\/utrustning-for-distrikts-och-klubbevenemang\/distrikt-1420-rotarytalt\/\" \/>\n<meta property=\"og:site_name\" content=\"Piiri 1420\" \/>\n<meta property=\"article:publisher\" content=\"https:\/\/www.facebook.com\/rotary\/\" \/>\n<meta property=\"article:modified_time\" content=\"2025-08-24T13:42:19+00:00\" \/>\n<meta name=\"twitter:card\" content=\"summary_large_image\" \/>\n<meta name=\"twitter:label1\" content=\"Arvioitu lukuaika\" \/>\n\t<meta name=\"twitter:data1\" content=\"3 minuuttia\" \/>\n<script type=\"application\/ld+json\" class=\"yoast-schema-graph\">{\"@context\":\"https:\\\/\\\/schema.org\",\"@graph\":[{\"@type\":\"WebPage\",\"@id\":\"https:\\\/\\\/rotary.fi\\\/d1420\\\/sv\\\/det-har-gor-vi\\\/utrustning-for-distrikts-och-klubbevenemang\\\/distrikt-1420-rotarytalt\\\/\",\"url\":\"https:\\\/\\\/rotary.fi\\\/d1420\\\/sv\\\/det-har-gor-vi\\\/utrustning-for-distrikts-och-klubbevenemang\\\/distrikt-1420-rotarytalt\\\/\",\"name\":\"Distrikt 1420 Rotaryt\u00e4lt - Piiri 1420\",\"isPartOf\":{\"@id\":\"https:\\\/\\\/rotary.fi\\\/d1420\\\/#website\"},\"datePublished\":\"2024-09-13T08:25:08+00:00\",\"dateModified\":\"2025-08-24T13:42:19+00:00\",\"breadcrumb\":{\"@id\":\"https:\\\/\\\/rotary.fi\\\/d1420\\\/sv\\\/det-har-gor-vi\\\/utrustning-for-distrikts-och-klubbevenemang\\\/distrikt-1420-rotarytalt\\\/#breadcrumb\"},\"inLanguage\":\"fi\",\"potentialAction\":[{\"@type\":\"ReadAction\",\"target\":[\"https:\\\/\\\/rotary.fi\\\/d1420\\\/sv\\\/det-har-gor-vi\\\/utrustning-for-distrikts-och-klubbevenemang\\\/distrikt-1420-rotarytalt\\\/\"]}]},{\"@type\":\"BreadcrumbList\",\"@id\":\"https:\\\/\\\/rotary.fi\\\/d1420\\\/sv\\\/det-har-gor-vi\\\/utrustning-for-distrikts-och-klubbevenemang\\\/distrikt-1420-rotarytalt\\\/#breadcrumb\",\"itemListElement\":[{\"@type\":\"ListItem\",\"position\":1,\"name\":\"Home\",\"item\":\"https:\\\/\\\/rotary.fi\\\/d1420\\\/\"},{\"@type\":\"ListItem\",\"position\":2,\"name\":\"Det h\u00e4r g\u00f6r vi\",\"item\":\"https:\\\/\\\/rotary.fi\\\/d1420\\\/sv\\\/det-har-gor-vi\\\/\"},{\"@type\":\"ListItem\",\"position\":3,\"name\":\"Utrustning f\u00f6r distrikts och klubbevenemang\",\"item\":\"https:\\\/\\\/rotary.fi\\\/d1420\\\/sv\\\/det-har-gor-vi\\\/utrustning-for-distrikts-och-klubbevenemang\\\/\"},{\"@type\":\"ListItem\",\"position\":4,\"name\":\"Distrikt 1420 Rotaryt\u00e4lt\"}]},{\"@type\":\"WebSite\",\"@id\":\"https:\\\/\\\/rotary.fi\\\/d1420\\\/#website\",\"url\":\"https:\\\/\\\/rotary.fi\\\/d1420\\\/\",\"name\":\"Piiri 1420\",\"description\":\"Suomen Rotary\",\"potentialAction\":[{\"@type\":\"SearchAction\",\"target\":{\"@type\":\"EntryPoint\",\"urlTemplate\":\"https:\\\/\\\/rotary.fi\\\/d1420\\\/?s={search_term_string}\"},\"query-input\":{\"@type\":\"PropertyValueSpecification\",\"valueRequired\":true,\"valueName\":\"search_term_string\"}}],\"inLanguage\":\"fi\"}]}<\/script>\n<!-- \/ Yoast SEO plugin. -->","yoast_head_json":{"title":"Distrikt 1420 Rotaryt\u00e4lt - Piiri 1420","robots":{"index":"index","follow":"follow","max-snippet":"max-snippet:-1","max-image-preview":"max-image-preview:large","max-video-preview":"max-video-preview:-1"},"canonical":"https:\/\/rotary.fi\/d1420\/sv\/det-har-gor-vi\/utrustning-for-distrikts-och-klubbevenemang\/distrikt-1420-rotarytalt\/","og_locale":"fi_FI","og_type":"article","og_title":"Distrikt 1420 Rotaryt\u00e4lt - Piiri 1420","og_description":"\u200bDistrikt 1420 Rotaryt\u00e4lt &nbsp; V\u00e5rt distrikt \u00e4ger ett fint Nopsat\u00e4lt i Rotarys f\u00e4rger. Ett t\u00e4lt med Rotarys logotyp och v\u00e5rt distriktsnummer \u00e4r ett sl\u00e5ende landm\u00e4rke som g\u00f6r det enkelt att \u00f6ka Rotarys synlighet vid evenemang och tillf\u00e4llen. Rotaryt\u00e4ltet kan fritt l\u00e5nas av alla klubbar i v\u00e5rt distrikt. H\u00e4r finns information om t\u00e4ltet och offerten. \u00a0Du [&hellip;]","og_url":"https:\/\/rotary.fi\/d1420\/sv\/det-har-gor-vi\/utrustning-for-distrikts-och-klubbevenemang\/distrikt-1420-rotarytalt\/","og_site_name":"Piiri 1420","article_publisher":"https:\/\/www.facebook.com\/rotary\/","article_modified_time":"2025-08-24T13:42:19+00:00","twitter_card":"summary_large_image","twitter_misc":{"Arvioitu lukuaika":"3 minuuttia"},"schema":{"@context":"https:\/\/schema.org","@graph":[{"@type":"WebPage","@id":"https:\/\/rotary.fi\/d1420\/sv\/det-har-gor-vi\/utrustning-for-distrikts-och-klubbevenemang\/distrikt-1420-rotarytalt\/","url":"https:\/\/rotary.fi\/d1420\/sv\/det-har-gor-vi\/utrustning-for-distrikts-och-klubbevenemang\/distrikt-1420-rotarytalt\/","name":"Distrikt 1420 Rotaryt\u00e4lt - Piiri 1420","isPartOf":{"@id":"https:\/\/rotary.fi\/d1420\/#website"},"datePublished":"2024-09-13T08:25:08+00:00","dateModified":"2025-08-24T13:42:19+00:00","breadcrumb":{"@id":"https:\/\/rotary.fi\/d1420\/sv\/det-har-gor-vi\/utrustning-for-distrikts-och-klubbevenemang\/distrikt-1420-rotarytalt\/#breadcrumb"},"inLanguage":"fi","potentialAction":[{"@type":"ReadAction","target":["https:\/\/rotary.fi\/d1420\/sv\/det-har-gor-vi\/utrustning-for-distrikts-och-klubbevenemang\/distrikt-1420-rotarytalt\/"]}]},{"@type":"BreadcrumbList","@id":"https:\/\/rotary.fi\/d1420\/sv\/det-har-gor-vi\/utrustning-for-distrikts-och-klubbevenemang\/distrikt-1420-rotarytalt\/#breadcrumb","itemListElement":[{"@type":"ListItem","position":1,"name":"Home","item":"https:\/\/rotary.fi\/d1420\/"},{"@type":"ListItem","position":2,"name":"Det h\u00e4r g\u00f6r vi","item":"https:\/\/rotary.fi\/d1420\/sv\/det-har-gor-vi\/"},{"@type":"ListItem","position":3,"name":"Utrustning f\u00f6r distrikts och klubbevenemang","item":"https:\/\/rotary.fi\/d1420\/sv\/det-har-gor-vi\/utrustning-for-distrikts-och-klubbevenemang\/"},{"@type":"ListItem","position":4,"name":"Distrikt 1420 Rotaryt\u00e4lt"}]},{"@type":"WebSite","@id":"https:\/\/rotary.fi\/d1420\/#website","url":"https:\/\/rotary.fi\/d1420\/","name":"Piiri 1420","description":"Suomen Rotary","potentialAction":[{"@type":"SearchAction","target":{"@type":"EntryPoint","urlTemplate":"https:\/\/rotary.fi\/d1420\/?s={search_term_string}"},"query-input":{"@type":"PropertyValueSpecification","valueRequired":true,"valueName":"search_term_string"}}],"inLanguage":"fi"}]}},"lang":"sv","translations":{"sv":9274,"fi":7505,"en":9284,"et":9292},"pll_sync_post":[],"_links":{"self":[{"href":"https:\/\/rotary.fi\/d1420\/wp-json\/wp\/v2\/pages\/9274","targetHints":{"allow":["GET"]}}],"collection":[{"href":"https:\/\/rotary.fi\/d1420\/wp-json\/wp\/v2\/pages"}],"about":[{"href":"https:\/\/rotary.fi\/d1420\/wp-json\/wp\/v2\/types\/page"}],"author":[{"embeddable":true,"href":"https:\/\/rotary.fi\/d1420\/wp-json\/wp\/v2\/users\/26"}],"replies":[{"embeddable":true,"href":"https:\/\/rotary.fi\/d1420\/wp-json\/wp\/v2\/comments?post=9274"}],"version-history":[{"count":7,"href":"https:\/\/rotary.fi\/d1420\/wp-json\/wp\/v2\/pages\/9274\/revisions"}],"predecessor-version":[{"id":11735,"href":"https:\/\/rotary.fi\/d1420\/wp-json\/wp\/v2\/pages\/9274\/revisions\/11735"}],"up":[{"embeddable":true,"href":"https:\/\/rotary.fi\/d1420\/wp-json\/wp\/v2\/pages\/9188"}],"wp:attachment":[{"href":"https:\/\/rotary.fi\/d1420\/wp-json\/wp\/v2\/media?parent=9274"}],"curies":[{"name":"wp","href":"https:\/\/api.w.org\/{rel}","templated":true}]}}