{"id":658,"date":"2018-04-09T13:45:43","date_gmt":"2018-04-09T11:45:43","guid":{"rendered":"http:\/\/rotary.fi\/piirisivusto\/?page_id=658"},"modified":"2025-07-08T10:46:43","modified_gmt":"2025-07-08T08:46:43","slug":"kiinnostaako-jasenyys","status":"publish","type":"page","link":"https:\/\/rotary.fi\/d1420\/kiinnostaako-jasenyys\/","title":{"rendered":"Kiinnostaako j\u00e4senyys?"},"content":{"rendered":"<p>[et_pb_section fb_built=&#8221;1&#8243; module_class=&#8221;jumbotron-page&#8221; _builder_version=&#8221;4.22.1&#8243; background_image=&#8221;https:\/\/rotary.fi\/d1420\/wp-content\/uploads\/sites\/183\/2018\/04\/paakuva_liity_mukaan.jpg&#8221; global_colors_info=&#8221;{}&#8221;][et_pb_row module_class=&#8221; et_pb_row_fullwidth et_pb_row_fullwidth&#8221; _builder_version=&#8221;4.16&#8243; width=&#8221;89%&#8221; width_tablet=&#8221;80%&#8221; width_phone=&#8221;&#8221; width_last_edited=&#8221;on|desktop&#8221; max_width=&#8221;89%&#8221; max_width_tablet=&#8221;80%&#8221; max_width_phone=&#8221;&#8221; max_width_last_edited=&#8221;on|desktop&#8221; make_fullwidth=&#8221;on&#8221; global_colors_info=&#8221;{}&#8221;][et_pb_column type=&#8221;4_4&#8243; _builder_version=&#8221;4.16&#8243; custom_padding=&#8221;|||&#8221; global_colors_info=&#8221;{}&#8221; custom_padding__hover=&#8221;|||&#8221;][et_pb_text admin_label=&#8221;Kiinnostaako j\u00e4senyys? -otsikko&#8221; _builder_version=&#8221;4.22.1&#8243; text_orientation=&#8221;center&#8221; background_layout=&#8221;dark&#8221; global_colors_info=&#8221;{}&#8221;]<\/p>\n<h1>Kiinnostaako j\u00e4senyys?<\/h1>\n<p>[\/et_pb_text][\/et_pb_column][\/et_pb_row][\/et_pb_section][et_pb_section fb_built=&#8221;1&#8243; module_class=&#8221;sisaltoalue_perus&#8221; _builder_version=&#8221;4.16&#8243; background_size=&#8221;initial&#8221; background_position=&#8221;top_left&#8221; background_repeat=&#8221;repeat&#8221; global_colors_info=&#8221;{}&#8221;][et_pb_row custom_padding_last_edited=&#8221;on|phone&#8221; _builder_version=&#8221;4.16&#8243; custom_padding=&#8221;46.6875px|0px|63px|0px&#8221; custom_padding_tablet=&#8221;&#8221; custom_padding_phone=&#8221;&#8221; global_colors_info=&#8221;{}&#8221;][et_pb_column type=&#8221;4_4&#8243; _builder_version=&#8221;4.16&#8243; custom_padding=&#8221;|||&#8221; global_colors_info=&#8221;{}&#8221; custom_padding__hover=&#8221;|||&#8221;][et_pb_text admin_label=&#8221;Kiinnostaako j\u00e4senyys? -otsikko&#8221; _builder_version=&#8221;4.27.4&#8243; text_orientation=&#8221;center&#8221; hover_enabled=&#8221;0&#8243; global_colors_info=&#8221;{}&#8221; sticky_enabled=&#8221;0&#8243;]<\/p>\n<h1>Miten liityn rotariksi?<\/h1>\n<p>[\/et_pb_text][et_pb_text admin_label=&#8221;Johdanto ja 10 syyt\u00e4 olla rotari &#8221; _builder_version=&#8221;4.27.4&#8243; custom_margin=&#8221;||60px|&#8221; hover_enabled=&#8221;0&#8243; global_colors_info=&#8221;{}&#8221; sticky_enabled=&#8221;0&#8243;]<\/p>\n<p>Rotaryyn kannattaa liitty\u00e4, jos haluat olla kehitt\u00e4m\u00e4ss\u00e4 omaa paikkakuntaasi tai olla rakentamassa parempaa maailmaa. Rotary yhdist\u00e4\u00e4 samoin ajattelevia ihmisi\u00e4, ja yhdess\u00e4 toimimalla voimme saada aikaa enemm\u00e4n. Rotarina tutustut oman paikkakuntasi vaikuttajiin, ja sinulle avautuu niin halutessasi n\u00e4k\u00f6aloja my\u00f6s kansainv\u00e4liseen toimintaan. Olemme <a href=\"https:\/\/rotary.fi\/d1420\/olemme-osa-kansainvalista-rotarya\/\">maailmanlaajuinen verkosto<\/a>, joka tarjoaa paljon erilaisia mahdollisuuksia.<\/p>\n<p>&nbsp;<\/p>\n<h3 style=\"text-align: left\">Kymmenen hyv\u00e4\u00e4 syyt\u00e4 olla rotari<\/h3>\n<p>Rotarina voit<\/p>\n<ol>\n<li><strong>palvella ja k\u00e4ytt\u00e4\u00e4 omaa osaamistasi<\/strong><\/li>\n<li><strong>verkostoitua ammatillisesti<\/strong><\/li>\n<li><strong>kasvaa ja kehitty\u00e4 ihmisen\u00e4<\/strong><\/li>\n<li><strong>solmia uusia yst\u00e4vyyssuhteita\u00a0<\/strong><\/li>\n<li><strong>p\u00e4\u00e4st\u00e4 osalliseksi kulttuurien monimuotoisuudesta<\/strong><\/li>\n<li><strong>toimia hyv\u00e4n\u00e4 yhteiskunnan j\u00e4senen\u00e4<\/strong><\/li>\n<li><strong>edist\u00e4\u00e4 maailmanlaajuista yhteisymm\u00e4rryst\u00e4<\/strong><\/li>\n<li><strong>viihty\u00e4 ja kokea uusia asioita<\/strong><\/li>\n<li><strong>olla mukana nuorisovaihdossa ja ottaa halutessasi kotiisi vaihto-oppilaan<\/strong><\/li>\n<li><strong>olla mukana eettisess\u00e4 toiminnassa.<\/strong><\/li>\n<\/ol>\n<p>Nuorille tarjoamme mahdollisuuden osallistua rotaryyn\u00a0 <a href=\"https:\/\/rotary.fi\/mita-teemme\/nuorisopalvelut\/interact\/\" target=\"_blank\" rel=\"noopener noreferrer\">Interact<\/a>&#8211; ja <a href=\"https:\/\/rotary.fi\/mita-teemme\/nuorisopalvelut\/rotaract\/\">Rotaract<\/a>-toiminnan kautta.<\/p>\n<p>[\/et_pb_text][et_pb_text admin_label=&#8221;Miten hakea rotariksi&#8221; _builder_version=&#8221;4.22.1&#8243; _module_preset=&#8221;default&#8221; global_colors_info=&#8221;{}&#8221;]<\/p>\n<h3 style=\"text-align: left\">Kuinka haen mukaan rotareihin?<\/h3>\n<p>Kaikki rotaryklubit toimivat aktiivisesti uusien j\u00e4senten hankinnassa. Klubeihin kutsutaan uusia j\u00e4seni\u00e4 klubin j\u00e4senen ehdotuksesta.<\/p>\n<p>J\u00e4senkelpoisuuden t\u00e4rkeimp\u00e4n\u00e4 kriteerin\u00e4 on mahdollisuus osallistua aktiivisesti klubin toimintaan. J\u00e4seni\u00e4 pyrit\u00e4\u00e4n kutsumaan laaja-alaisesti eri osaamisalueilta, jotta klubi kuvastaisi monipuolisesti eri ammatteja ja kulttuureja.<\/p>\n<p>Jos olet kiinnostunut j\u00e4senyydest\u00e4, toimi seuraavasti:<\/p>\n<ol>\n<li>Tutustu <a href=\"https:\/\/rotary.fi\/d1420\/mika-on-rotary\/\">Rotaryyn<\/a>, <a href=\"https:\/\/rotary.fi\/d1420\/mita-teemme\/\">j\u00e4rjest\u00f6n toimintaan ja arvoihin <\/a>sek\u00e4 rotarien <a href=\"https:\/\/rotary.fi\/d1420\/mina-rotarina\/\">kokemuksiin j\u00e4senyydest\u00e4<\/a>.<\/li>\n<li>Tutustu klubien toimintaan. Etel\u00e4-Suomen ja Viron klubit l\u00f6yd\u00e4t t\u00e4st\u00e4 <a href=\"https:\/\/rotary.fi\/d1420\/liity-mukaan\/piirin-klubit\/\">linkist\u00e4<\/a> tai <a href=\"https:\/\/my.rotary.org\/en\/club-search\">Club Finder<\/a> hakupalvelulla.<\/li>\n<li>Valitse sopiva klubi, joka kokoontuu l\u00e4hell\u00e4si ja sinulle sopivaan aikaan.<\/li>\n<li>Ota yhteytt\u00e4 klubin j\u00e4seneen ja kerro h\u00e4nelle kiinnostuksesi rotarytoimintaan ja klubin aktiviteetteihin. Keskustelkaa my\u00f6s mahdollisuudesta osallistua vieraana klubikokoukseen, jotta saat tuntuman klubin toimintaan ja j\u00e4senyyteen.<\/li>\n<li>Jos tutustumisen j\u00e4lkeen klubi osoittautuu sopivaksi ja j\u00e4senyys kiinnostavaksi, l\u00e4het\u00e4 klubin presidentille tai sihteerille vapaamuotoinen hakemus, jossa viittaat tapaamasi j\u00e4senen esitt\u00e4m\u00e4\u00e4n kutsuun ja kerrot itsest\u00e4si ja motivaatiostasi liitty\u00e4 rotareihin. Liit\u00e4 hakemukseesi ansioluettelosi (CV) ja halutessasi t\u00e4yt\u00e4 etuk\u00e4teen yhteystietosi alla olevalla lomakkeella.<\/li>\n<li>Klubi harkitsee hakemustasi ja hyv\u00e4ksyess\u00e4\u00e4n sen pyyt\u00e4\u00e4 sinulta yhteystiedot j\u00e4senhakemuslomakkeella.<\/li>\n<li>Sinut vastaanotetaan klubiin uutena j\u00e4senen\u00e4 ja esitell\u00e4\u00e4n klubikokouksessa.<\/li>\n<\/ol>\n<p><a href=\"https:\/\/rotary.fi\/d1420\/wp-content\/uploads\/sites\/183\/2023\/12\/Jasenhakemuslomake.pdf\" rel=\"attachment wp-att-7147\">J\u00e4senhakemuslomake PDF-muodossa<\/a><br \/><a href=\"https:\/\/rotary.fi\/d1420\/wp-content\/uploads\/sites\/183\/2023\/12\/Jasenhakemuslomake.docx\" rel=\"attachment wp-att-7145\">J\u00e4senhakemuslomake MS Word-muodossa<\/a><\/p>\n<p>[\/et_pb_text][\/et_pb_column][\/et_pb_row][\/et_pb_section]<\/p>\n","protected":false},"excerpt":{"rendered":"<p>Kiinnostaako j\u00e4senyys?Miten liityn rotariksi?Rotaryyn kannattaa liitty\u00e4, jos haluat olla kehitt\u00e4m\u00e4ss\u00e4 omaa paikkakuntaasi tai olla rakentamassa parempaa maailmaa. Rotary yhdist\u00e4\u00e4 samoin ajattelevia ihmisi\u00e4, ja yhdess\u00e4 toimimalla voimme saada aikaa enemm\u00e4n. Rotarina tutustut oman paikkakuntasi vaikuttajiin, ja sinulle avautuu niin halutessasi n\u00e4k\u00f6aloja my\u00f6s kansainv\u00e4liseen toimintaan. Olemme maailmanlaajuinen verkosto, joka tarjoaa paljon erilaisia mahdollisuuksia. &nbsp; Kymmenen hyv\u00e4\u00e4 syyt\u00e4 [&hellip;]<\/p>\n","protected":false},"author":1,"featured_media":0,"parent":0,"menu_order":1,"comment_status":"closed","ping_status":"closed","template":"","meta":{"_acf_changed":false,"_et_pb_use_builder":"on","_et_pb_old_content":"","_et_gb_content_width":"","footnotes":""},"class_list":["post-658","page","type-page","status-publish","hentry"],"acf":[],"yoast_head":"<!-- This site is optimized with the Yoast SEO plugin v27.4 - https:\/\/yoast.com\/product\/yoast-seo-wordpress\/ -->\n<title>Kiinnostaako j\u00e4senyys? - Piiri 1420<\/title>\n<meta name=\"robots\" content=\"index, follow, max-snippet:-1, max-image-preview:large, max-video-preview:-1\" \/>\n<link rel=\"canonical\" href=\"https:\/\/rotary.fi\/d1420\/kiinnostaako-jasenyys\/\" \/>\n<meta property=\"og:locale\" content=\"fi_FI\" \/>\n<meta property=\"og:type\" content=\"article\" \/>\n<meta property=\"og:title\" content=\"Kiinnostaako j\u00e4senyys? - Piiri 1420\" \/>\n<meta property=\"og:description\" content=\"Kiinnostaako j\u00e4senyys?Miten liityn rotariksi?Rotaryyn kannattaa liitty\u00e4, jos haluat olla kehitt\u00e4m\u00e4ss\u00e4 omaa paikkakuntaasi tai olla rakentamassa parempaa maailmaa. Rotary yhdist\u00e4\u00e4 samoin ajattelevia ihmisi\u00e4, ja yhdess\u00e4 toimimalla voimme saada aikaa enemm\u00e4n. Rotarina tutustut oman paikkakuntasi vaikuttajiin, ja sinulle avautuu niin halutessasi n\u00e4k\u00f6aloja my\u00f6s kansainv\u00e4liseen toimintaan. Olemme maailmanlaajuinen verkosto, joka tarjoaa paljon erilaisia mahdollisuuksia. &nbsp; Kymmenen hyv\u00e4\u00e4 syyt\u00e4 [&hellip;]\" \/>\n<meta property=\"og:url\" content=\"https:\/\/rotary.fi\/d1420\/kiinnostaako-jasenyys\/\" \/>\n<meta property=\"og:site_name\" content=\"Piiri 1420\" \/>\n<meta property=\"article:publisher\" content=\"https:\/\/www.facebook.com\/rotary\/\" \/>\n<meta property=\"article:modified_time\" content=\"2025-07-08T08:46:43+00:00\" \/>\n<meta name=\"twitter:card\" content=\"summary_large_image\" \/>\n<meta name=\"twitter:label1\" content=\"Arvioitu lukuaika\" \/>\n\t<meta name=\"twitter:data1\" content=\"2 minuuttia\" \/>\n<script type=\"application\/ld+json\" class=\"yoast-schema-graph\">{\"@context\":\"https:\\\/\\\/schema.org\",\"@graph\":[{\"@type\":\"WebPage\",\"@id\":\"https:\\\/\\\/rotary.fi\\\/d1420\\\/kiinnostaako-jasenyys\\\/\",\"url\":\"https:\\\/\\\/rotary.fi\\\/d1420\\\/kiinnostaako-jasenyys\\\/\",\"name\":\"Kiinnostaako j\u00e4senyys? - Piiri 1420\",\"isPartOf\":{\"@id\":\"https:\\\/\\\/rotary.fi\\\/d1420\\\/#website\"},\"datePublished\":\"2018-04-09T11:45:43+00:00\",\"dateModified\":\"2025-07-08T08:46:43+00:00\",\"breadcrumb\":{\"@id\":\"https:\\\/\\\/rotary.fi\\\/d1420\\\/kiinnostaako-jasenyys\\\/#breadcrumb\"},\"inLanguage\":\"fi\",\"potentialAction\":[{\"@type\":\"ReadAction\",\"target\":[\"https:\\\/\\\/rotary.fi\\\/d1420\\\/kiinnostaako-jasenyys\\\/\"]}]},{\"@type\":\"BreadcrumbList\",\"@id\":\"https:\\\/\\\/rotary.fi\\\/d1420\\\/kiinnostaako-jasenyys\\\/#breadcrumb\",\"itemListElement\":[{\"@type\":\"ListItem\",\"position\":1,\"name\":\"Home\",\"item\":\"https:\\\/\\\/rotary.fi\\\/d1420\\\/\"},{\"@type\":\"ListItem\",\"position\":2,\"name\":\"Kiinnostaako j\u00e4senyys?\"}]},{\"@type\":\"WebSite\",\"@id\":\"https:\\\/\\\/rotary.fi\\\/d1420\\\/#website\",\"url\":\"https:\\\/\\\/rotary.fi\\\/d1420\\\/\",\"name\":\"Piiri 1420\",\"description\":\"Suomen Rotary\",\"potentialAction\":[{\"@type\":\"SearchAction\",\"target\":{\"@type\":\"EntryPoint\",\"urlTemplate\":\"https:\\\/\\\/rotary.fi\\\/d1420\\\/?s={search_term_string}\"},\"query-input\":{\"@type\":\"PropertyValueSpecification\",\"valueRequired\":true,\"valueName\":\"search_term_string\"}}],\"inLanguage\":\"fi\"}]}<\/script>\n<!-- \/ Yoast SEO plugin. -->","yoast_head_json":{"title":"Kiinnostaako j\u00e4senyys? - Piiri 1420","robots":{"index":"index","follow":"follow","max-snippet":"max-snippet:-1","max-image-preview":"max-image-preview:large","max-video-preview":"max-video-preview:-1"},"canonical":"https:\/\/rotary.fi\/d1420\/kiinnostaako-jasenyys\/","og_locale":"fi_FI","og_type":"article","og_title":"Kiinnostaako j\u00e4senyys? - Piiri 1420","og_description":"Kiinnostaako j\u00e4senyys?Miten liityn rotariksi?Rotaryyn kannattaa liitty\u00e4, jos haluat olla kehitt\u00e4m\u00e4ss\u00e4 omaa paikkakuntaasi tai olla rakentamassa parempaa maailmaa. Rotary yhdist\u00e4\u00e4 samoin ajattelevia ihmisi\u00e4, ja yhdess\u00e4 toimimalla voimme saada aikaa enemm\u00e4n. Rotarina tutustut oman paikkakuntasi vaikuttajiin, ja sinulle avautuu niin halutessasi n\u00e4k\u00f6aloja my\u00f6s kansainv\u00e4liseen toimintaan. Olemme maailmanlaajuinen verkosto, joka tarjoaa paljon erilaisia mahdollisuuksia. &nbsp; Kymmenen hyv\u00e4\u00e4 syyt\u00e4 [&hellip;]","og_url":"https:\/\/rotary.fi\/d1420\/kiinnostaako-jasenyys\/","og_site_name":"Piiri 1420","article_publisher":"https:\/\/www.facebook.com\/rotary\/","article_modified_time":"2025-07-08T08:46:43+00:00","twitter_card":"summary_large_image","twitter_misc":{"Arvioitu lukuaika":"2 minuuttia"},"schema":{"@context":"https:\/\/schema.org","@graph":[{"@type":"WebPage","@id":"https:\/\/rotary.fi\/d1420\/kiinnostaako-jasenyys\/","url":"https:\/\/rotary.fi\/d1420\/kiinnostaako-jasenyys\/","name":"Kiinnostaako j\u00e4senyys? - Piiri 1420","isPartOf":{"@id":"https:\/\/rotary.fi\/d1420\/#website"},"datePublished":"2018-04-09T11:45:43+00:00","dateModified":"2025-07-08T08:46:43+00:00","breadcrumb":{"@id":"https:\/\/rotary.fi\/d1420\/kiinnostaako-jasenyys\/#breadcrumb"},"inLanguage":"fi","potentialAction":[{"@type":"ReadAction","target":["https:\/\/rotary.fi\/d1420\/kiinnostaako-jasenyys\/"]}]},{"@type":"BreadcrumbList","@id":"https:\/\/rotary.fi\/d1420\/kiinnostaako-jasenyys\/#breadcrumb","itemListElement":[{"@type":"ListItem","position":1,"name":"Home","item":"https:\/\/rotary.fi\/d1420\/"},{"@type":"ListItem","position":2,"name":"Kiinnostaako j\u00e4senyys?"}]},{"@type":"WebSite","@id":"https:\/\/rotary.fi\/d1420\/#website","url":"https:\/\/rotary.fi\/d1420\/","name":"Piiri 1420","description":"Suomen Rotary","potentialAction":[{"@type":"SearchAction","target":{"@type":"EntryPoint","urlTemplate":"https:\/\/rotary.fi\/d1420\/?s={search_term_string}"},"query-input":{"@type":"PropertyValueSpecification","valueRequired":true,"valueName":"search_term_string"}}],"inLanguage":"fi"}]}},"lang":"fi","translations":{"fi":658,"sv":2710,"en":2965,"et":3628},"pll_sync_post":[],"_links":{"self":[{"href":"https:\/\/rotary.fi\/d1420\/wp-json\/wp\/v2\/pages\/658","targetHints":{"allow":["GET"]}}],"collection":[{"href":"https:\/\/rotary.fi\/d1420\/wp-json\/wp\/v2\/pages"}],"about":[{"href":"https:\/\/rotary.fi\/d1420\/wp-json\/wp\/v2\/types\/page"}],"author":[{"embeddable":true,"href":"https:\/\/rotary.fi\/d1420\/wp-json\/wp\/v2\/users\/1"}],"replies":[{"embeddable":true,"href":"https:\/\/rotary.fi\/d1420\/wp-json\/wp\/v2\/comments?post=658"}],"version-history":[{"count":9,"href":"https:\/\/rotary.fi\/d1420\/wp-json\/wp\/v2\/pages\/658\/revisions"}],"predecessor-version":[{"id":11345,"href":"https:\/\/rotary.fi\/d1420\/wp-json\/wp\/v2\/pages\/658\/revisions\/11345"}],"wp:attachment":[{"href":"https:\/\/rotary.fi\/d1420\/wp-json\/wp\/v2\/media?parent=658"}],"curies":[{"name":"wp","href":"https:\/\/api.w.org\/{rel}","templated":true}]}}