{"id":3636,"date":"2019-10-14T10:09:09","date_gmt":"2019-10-14T08:09:09","guid":{"rendered":"https:\/\/rotary.fi\/d1420\/?page_id=3636"},"modified":"2020-06-15T19:19:04","modified_gmt":"2020-06-15T17:19:04","slug":"rotaract-klubid","status":"publish","type":"page","link":"https:\/\/rotary.fi\/d1420\/et\/soovid-liituda-liikmeks\/rotaract-klubid\/","title":{"rendered":"Rotaract-klubid"},"content":{"rendered":"<p>[et_pb_section fb_built=&#8221;1&#8243; module_class=&#8221;jumbotron-page&#8221; _builder_version=&#8221;4.4.8&#8243; background_image=&#8221;https:\/\/rotary.fi\/d1420\/wp-content\/uploads\/sites\/183\/2020\/05\/53020266_563351650851168_288573282045657088_o-e1588579869725.jpg&#8221;][et_pb_row module_class=&#8221; et_pb_row_fullwidth et_pb_row_fullwidth et_pb_row_fullwidth&#8221; _builder_version=&#8221;3.25&#8243; width=&#8221;89%&#8221; width_tablet=&#8221;80%&#8221; width_phone=&#8221;&#8221; width_last_edited=&#8221;on|desktop&#8221; max_width=&#8221;89%&#8221; max_width_tablet=&#8221;80%&#8221; max_width_phone=&#8221;&#8221; max_width_last_edited=&#8221;on|desktop&#8221; make_fullwidth=&#8221;on&#8221;][et_pb_column type=&#8221;4_4&#8243; _builder_version=&#8221;3.25&#8243; custom_padding=&#8221;|||&#8221; custom_padding__hover=&#8221;|||&#8221;][et_pb_text admin_label=&#8221;Rotaract-klubid&#8221; _builder_version=&#8221;3.29.3&#8243; text_orientation=&#8221;center&#8221; background_layout=&#8221;dark&#8221; hover_enabled=&#8221;0&#8243; locked=&#8221;off&#8221; collapsed=&#8221;off&#8221;]<\/p>\n<h1>Rotaract-klubid<\/h1>\n<p>[\/et_pb_text][\/et_pb_column][\/et_pb_row][\/et_pb_section][et_pb_section fb_built=&#8221;1&#8243; module_class=&#8221;sisaltoalue_perus&#8221; _builder_version=&#8221;3.22&#8243; custom_margin=&#8221;||40px|&#8221; hover_enabled=&#8221;0&#8243;][et_pb_row custom_padding_last_edited=&#8221;on|phone&#8221; _builder_version=&#8221;3.25&#8243; custom_padding_tablet=&#8221;&#8221; custom_padding_phone=&#8221;&#8221;][et_pb_column type=&#8221;4_4&#8243; _builder_version=&#8221;3.25&#8243; custom_padding=&#8221;|||&#8221; custom_padding__hover=&#8221;|||&#8221;][et_pb_text admin_label=&#8221;Noored head tegemas&#8221; _builder_version=&#8221;3.29.3&#8243; text_orientation=&#8221;center&#8221; hover_enabled=&#8221;0&#8243;]<\/p>\n<h1>Noored head tegemas<\/h1>\n<p>[\/et_pb_text][et_pb_text _builder_version=&#8221;3.29.3&#8243; z_index_tablet=&#8221;500&#8243;]<\/p>\n<p>Rotaract- klubid on suunatud 18\u201330-aastastele noortele, kes on valmis annetama oma aega ja teadmisi oma kogukonna hu\u0308vanguks. Rotaractide moto on sama kui rotaritel: \u00dchiskonna teenimine k\u00f5rgemale isiklikest huvidest. Rotaracte on u\u0308le maailma juba u\u0308le 200 000.<\/p>\n<p>Klubid kohtuvad tavaliselt kaks korda kuus. Nad t\u00f6\u00f6tavad iseseisvalt ja v\u00f5ivad vabalt otsustada, kuidas oma tegevust korraldada. Klubi toetab klubi sponsoreeriv ristivanem Rotary klubi. Ristivanemaks olevad Rotary klubid pakuvad vajalikku teavet ja tuge ning t\u00f6\u00f6tavad koos rotaractoritega eri projektidega. N\u00e4iteks saavad klubid teha ku\u0308lastusi ettev\u00f5tetesse ja kutsuda oma kohtumistele erinevate valdkondade eksperte r\u00e4\u00e4kima oma t\u00f6\u00f6st v\u00f5i p\u00e4evakajalistel teemadel.<\/p>\n<p>Heategevus on Rotaract klubide filosoofia lahutamatu osa. Igal aastal teostavad klubid v\u00e4hemalt kaks u\u0308hiskondlikku projekti: u\u0308he eesm\u00e4rgiks on aidata kohalikku kogukonda ja teine riiklikul tasandil.<\/p>\n<p>Rotaract pu\u0308u\u0308ab edendada oma liikmete v\u00f5rgustumist, rahvusvahelistumist ja arengut oma valdkonna spetsialistidena ja tulevaste juhtidena. Rotaract on suured ja v\u00e4ikesed teod parema maailma nimel.<\/p>\n<p>Rotarakt klubid piirkonnas:<br \/><a href=\"#\" target=\"_blank\" rel=\"noopener noreferrer\">Link klubi kodulehele<\/a><\/p>\n<p>[\/et_pb_text][\/et_pb_column][\/et_pb_row][\/et_pb_section]<\/p>\n","protected":false},"excerpt":{"rendered":"<p>Rotaract-klubidNoored head tegemasRotaract- klubid on suunatud 18\u201330-aastastele noortele, kes on valmis annetama oma aega ja teadmisi oma kogukonna hu\u0308vanguks. Rotaractide moto on sama kui rotaritel: \u00dchiskonna teenimine k\u00f5rgemale isiklikest huvidest. Rotaracte on u\u0308le maailma juba u\u0308le 200 000. Klubid kohtuvad tavaliselt kaks korda kuus. Nad t\u00f6\u00f6tavad iseseisvalt ja v\u00f5ivad vabalt otsustada, kuidas oma tegevust korraldada. [&hellip;]<\/p>\n","protected":false},"author":1,"featured_media":0,"parent":3628,"menu_order":1,"comment_status":"closed","ping_status":"closed","template":"","meta":{"_acf_changed":false,"_et_pb_use_builder":"on","_et_pb_old_content":"","_et_gb_content_width":"","footnotes":""},"class_list":["post-3636","page","type-page","status-publish","hentry"],"acf":[],"yoast_head":"<!-- This site is optimized with the Yoast SEO plugin v27.0 - https:\/\/yoast.com\/product\/yoast-seo-wordpress\/ -->\n<title>Rotaract-klubid - Piiri 1420<\/title>\n<meta name=\"robots\" content=\"index, follow, max-snippet:-1, max-image-preview:large, max-video-preview:-1\" \/>\n<link rel=\"canonical\" href=\"https:\/\/rotary.fi\/d1420\/et\/soovid-liituda-liikmeks\/rotaract-klubid\/\" \/>\n<meta property=\"og:locale\" content=\"fi_FI\" \/>\n<meta property=\"og:type\" content=\"article\" \/>\n<meta property=\"og:title\" content=\"Rotaract-klubid - Piiri 1420\" \/>\n<meta property=\"og:description\" content=\"Rotaract-klubidNoored head tegemasRotaract- klubid on suunatud 18\u201330-aastastele noortele, kes on valmis annetama oma aega ja teadmisi oma kogukonna hu\u0308vanguks. Rotaractide moto on sama kui rotaritel: \u00dchiskonna teenimine k\u00f5rgemale isiklikest huvidest. Rotaracte on u\u0308le maailma juba u\u0308le 200 000. Klubid kohtuvad tavaliselt kaks korda kuus. Nad t\u00f6\u00f6tavad iseseisvalt ja v\u00f5ivad vabalt otsustada, kuidas oma tegevust korraldada. [&hellip;]\" \/>\n<meta property=\"og:url\" content=\"https:\/\/rotary.fi\/d1420\/et\/soovid-liituda-liikmeks\/rotaract-klubid\/\" \/>\n<meta property=\"og:site_name\" content=\"Piiri 1420\" \/>\n<meta property=\"article:publisher\" content=\"https:\/\/www.facebook.com\/rotary\/\" \/>\n<meta property=\"article:modified_time\" content=\"2020-06-15T17:19:04+00:00\" \/>\n<meta name=\"twitter:card\" content=\"summary_large_image\" \/>\n<meta name=\"twitter:label1\" content=\"Arvioitu lukuaika\" \/>\n\t<meta name=\"twitter:data1\" content=\"2 minuuttia\" \/>\n<script type=\"application\/ld+json\" class=\"yoast-schema-graph\">{\"@context\":\"https:\/\/schema.org\",\"@graph\":[{\"@type\":\"WebPage\",\"@id\":\"https:\/\/rotary.fi\/d1420\/et\/soovid-liituda-liikmeks\/rotaract-klubid\/\",\"url\":\"https:\/\/rotary.fi\/d1420\/et\/soovid-liituda-liikmeks\/rotaract-klubid\/\",\"name\":\"Rotaract-klubid - Piiri 1420\",\"isPartOf\":{\"@id\":\"https:\/\/rotary.fi\/d1420\/#website\"},\"datePublished\":\"2019-10-14T08:09:09+00:00\",\"dateModified\":\"2020-06-15T17:19:04+00:00\",\"breadcrumb\":{\"@id\":\"https:\/\/rotary.fi\/d1420\/et\/soovid-liituda-liikmeks\/rotaract-klubid\/#breadcrumb\"},\"inLanguage\":\"fi\",\"potentialAction\":[{\"@type\":\"ReadAction\",\"target\":[\"https:\/\/rotary.fi\/d1420\/et\/soovid-liituda-liikmeks\/rotaract-klubid\/\"]}]},{\"@type\":\"BreadcrumbList\",\"@id\":\"https:\/\/rotary.fi\/d1420\/et\/soovid-liituda-liikmeks\/rotaract-klubid\/#breadcrumb\",\"itemListElement\":[{\"@type\":\"ListItem\",\"position\":1,\"name\":\"Home\",\"item\":\"https:\/\/rotary.fi\/d1420\/\"},{\"@type\":\"ListItem\",\"position\":2,\"name\":\"Soovid liituda liikmeks?\",\"item\":\"https:\/\/rotary.fi\/d1420\/et\/soovid-liituda-liikmeks\/\"},{\"@type\":\"ListItem\",\"position\":3,\"name\":\"Rotaract-klubid\"}]},{\"@type\":\"WebSite\",\"@id\":\"https:\/\/rotary.fi\/d1420\/#website\",\"url\":\"https:\/\/rotary.fi\/d1420\/\",\"name\":\"Piiri 1420\",\"description\":\"Suomen Rotary\",\"potentialAction\":[{\"@type\":\"SearchAction\",\"target\":{\"@type\":\"EntryPoint\",\"urlTemplate\":\"https:\/\/rotary.fi\/d1420\/?s={search_term_string}\"},\"query-input\":{\"@type\":\"PropertyValueSpecification\",\"valueRequired\":true,\"valueName\":\"search_term_string\"}}],\"inLanguage\":\"fi\"}]}<\/script>\n<!-- \/ Yoast SEO plugin. -->","yoast_head_json":{"title":"Rotaract-klubid - Piiri 1420","robots":{"index":"index","follow":"follow","max-snippet":"max-snippet:-1","max-image-preview":"max-image-preview:large","max-video-preview":"max-video-preview:-1"},"canonical":"https:\/\/rotary.fi\/d1420\/et\/soovid-liituda-liikmeks\/rotaract-klubid\/","og_locale":"fi_FI","og_type":"article","og_title":"Rotaract-klubid - Piiri 1420","og_description":"Rotaract-klubidNoored head tegemasRotaract- klubid on suunatud 18\u201330-aastastele noortele, kes on valmis annetama oma aega ja teadmisi oma kogukonna hu\u0308vanguks. Rotaractide moto on sama kui rotaritel: \u00dchiskonna teenimine k\u00f5rgemale isiklikest huvidest. Rotaracte on u\u0308le maailma juba u\u0308le 200 000. Klubid kohtuvad tavaliselt kaks korda kuus. Nad t\u00f6\u00f6tavad iseseisvalt ja v\u00f5ivad vabalt otsustada, kuidas oma tegevust korraldada. [&hellip;]","og_url":"https:\/\/rotary.fi\/d1420\/et\/soovid-liituda-liikmeks\/rotaract-klubid\/","og_site_name":"Piiri 1420","article_publisher":"https:\/\/www.facebook.com\/rotary\/","article_modified_time":"2020-06-15T17:19:04+00:00","twitter_card":"summary_large_image","twitter_misc":{"Arvioitu lukuaika":"2 minuuttia"},"schema":{"@context":"https:\/\/schema.org","@graph":[{"@type":"WebPage","@id":"https:\/\/rotary.fi\/d1420\/et\/soovid-liituda-liikmeks\/rotaract-klubid\/","url":"https:\/\/rotary.fi\/d1420\/et\/soovid-liituda-liikmeks\/rotaract-klubid\/","name":"Rotaract-klubid - Piiri 1420","isPartOf":{"@id":"https:\/\/rotary.fi\/d1420\/#website"},"datePublished":"2019-10-14T08:09:09+00:00","dateModified":"2020-06-15T17:19:04+00:00","breadcrumb":{"@id":"https:\/\/rotary.fi\/d1420\/et\/soovid-liituda-liikmeks\/rotaract-klubid\/#breadcrumb"},"inLanguage":"fi","potentialAction":[{"@type":"ReadAction","target":["https:\/\/rotary.fi\/d1420\/et\/soovid-liituda-liikmeks\/rotaract-klubid\/"]}]},{"@type":"BreadcrumbList","@id":"https:\/\/rotary.fi\/d1420\/et\/soovid-liituda-liikmeks\/rotaract-klubid\/#breadcrumb","itemListElement":[{"@type":"ListItem","position":1,"name":"Home","item":"https:\/\/rotary.fi\/d1420\/"},{"@type":"ListItem","position":2,"name":"Soovid liituda liikmeks?","item":"https:\/\/rotary.fi\/d1420\/et\/soovid-liituda-liikmeks\/"},{"@type":"ListItem","position":3,"name":"Rotaract-klubid"}]},{"@type":"WebSite","@id":"https:\/\/rotary.fi\/d1420\/#website","url":"https:\/\/rotary.fi\/d1420\/","name":"Piiri 1420","description":"Suomen Rotary","potentialAction":[{"@type":"SearchAction","target":{"@type":"EntryPoint","urlTemplate":"https:\/\/rotary.fi\/d1420\/?s={search_term_string}"},"query-input":{"@type":"PropertyValueSpecification","valueRequired":true,"valueName":"search_term_string"}}],"inLanguage":"fi"}]}},"lang":"et","translations":{"et":3636,"sv":2716,"fi":2048,"en":2993},"pll_sync_post":[],"_links":{"self":[{"href":"https:\/\/rotary.fi\/d1420\/wp-json\/wp\/v2\/pages\/3636","targetHints":{"allow":["GET"]}}],"collection":[{"href":"https:\/\/rotary.fi\/d1420\/wp-json\/wp\/v2\/pages"}],"about":[{"href":"https:\/\/rotary.fi\/d1420\/wp-json\/wp\/v2\/types\/page"}],"author":[{"embeddable":true,"href":"https:\/\/rotary.fi\/d1420\/wp-json\/wp\/v2\/users\/1"}],"replies":[{"embeddable":true,"href":"https:\/\/rotary.fi\/d1420\/wp-json\/wp\/v2\/comments?post=3636"}],"version-history":[{"count":5,"href":"https:\/\/rotary.fi\/d1420\/wp-json\/wp\/v2\/pages\/3636\/revisions"}],"predecessor-version":[{"id":4835,"href":"https:\/\/rotary.fi\/d1420\/wp-json\/wp\/v2\/pages\/3636\/revisions\/4835"}],"up":[{"embeddable":true,"href":"https:\/\/rotary.fi\/d1420\/wp-json\/wp\/v2\/pages\/3628"}],"wp:attachment":[{"href":"https:\/\/rotary.fi\/d1420\/wp-json\/wp\/v2\/media?parent=3636"}],"curies":[{"name":"wp","href":"https:\/\/api.w.org\/{rel}","templated":true}]}}