{"id":2044,"date":"2018-08-27T10:24:51","date_gmt":"2018-08-27T08:24:51","guid":{"rendered":"https:\/\/rotary.fi\/piirisivusto\/?page_id=2044"},"modified":"2026-05-11T16:12:54","modified_gmt":"2026-05-11T14:12:54","slug":"yhteistyo","status":"publish","type":"page","link":"https:\/\/rotary.fi\/d1420\/mita-teemme\/yhteistyo\/","title":{"rendered":"Yhteisty\u00f6"},"content":{"rendered":"<p>[et_pb_section fb_built=&#8221;1&#8243; module_class=&#8221;jumbotron-page&#8221; _builder_version=&#8221;4.16&#8243; background_image=&#8221;https:\/\/rotary.fi\/d1420\/wp-content\/uploads\/sites\/183\/2020\/06\/shelterbox.jpg&#8221; global_colors_info=&#8221;{}&#8221;][et_pb_row module_class=&#8221; et_pb_row_fullwidth&#8221; _builder_version=&#8221;4.16&#8243; width=&#8221;89%&#8221; width_tablet=&#8221;80%&#8221; width_phone=&#8221;&#8221; width_last_edited=&#8221;on|desktop&#8221; max_width=&#8221;89%&#8221; max_width_tablet=&#8221;80%&#8221; max_width_phone=&#8221;&#8221; max_width_last_edited=&#8221;on|desktop&#8221; make_fullwidth=&#8221;on&#8221; global_colors_info=&#8221;{}&#8221;][et_pb_column type=&#8221;4_4&#8243; _builder_version=&#8221;4.16&#8243; custom_padding=&#8221;|||&#8221; global_colors_info=&#8221;{}&#8221; custom_padding__hover=&#8221;|||&#8221;][et_pb_text admin_label=&#8221;P\u00e4\u00e4otsikko kuvan p\u00e4\u00e4ll\u00e4&#8221; _builder_version=&#8221;4.27.4&#8243; text_orientation=&#8221;center&#8221; background_layout=&#8221;dark&#8221; locked=&#8221;off&#8221; collapsed=&#8221;off&#8221; global_colors_info=&#8221;{}&#8221;]<\/p>\n<h1>Yhteisty\u00f6ss\u00e4 on voimaa<\/h1>\n<p>[\/et_pb_text][\/et_pb_column][\/et_pb_row][\/et_pb_section][et_pb_section fb_built=&#8221;1&#8243; _builder_version=&#8221;4.16&#8243; custom_margin=&#8221;||40px|&#8221; global_colors_info=&#8221;{}&#8221;][et_pb_row custom_padding_last_edited=&#8221;on|phone&#8221; _builder_version=&#8221;4.16&#8243; custom_padding_tablet=&#8221;&#8221; custom_padding_phone=&#8221;&#8221; global_colors_info=&#8221;{}&#8221;][et_pb_column type=&#8221;4_4&#8243; _builder_version=&#8221;4.16&#8243; custom_padding=&#8221;|||&#8221; global_colors_info=&#8221;{}&#8221; custom_padding__hover=&#8221;|||&#8221;][et_pb_text admin_label=&#8221;Teksti &#8211; johdanto&#8221; _builder_version=&#8221;4.27.4&#8243; global_colors_info=&#8221;{}&#8221;]<\/p>\n<p>Rotary tekee yhteisty\u00f6t\u00e4 monen muun samanhenkisen organisaation ja toimijan kanssa. 1,2 miljoonaa rotaria ymp\u00e4ri maailman on potentiaali, jota kumppanimme arvostavat.<\/p>\n<p>Rotareilla on sek\u00e4 kotimaisia ett\u00e4 kansainv\u00e4lisi\u00e4 yhteisty\u00f6kumppaneita.<\/p>\n<p>[\/et_pb_text][\/et_pb_column][\/et_pb_row][et_pb_row custom_padding_last_edited=&#8221;on|phone&#8221; _builder_version=&#8221;4.16&#8243; custom_padding_tablet=&#8221;&#8221; custom_padding_phone=&#8221;&#8221; global_colors_info=&#8221;{}&#8221;][et_pb_column type=&#8221;4_4&#8243; _builder_version=&#8221;4.16&#8243; custom_padding=&#8221;|||&#8221; global_colors_info=&#8221;{}&#8221; custom_padding__hover=&#8221;|||&#8221;][et_pb_image src=&#8221;https:\/\/rotary.fi\/d1420\/wp-content\/uploads\/sites\/183\/2025\/01\/sininen-nauha-1020px.jpg&#8221; title_text=&#8221;sininen nauha 1020px&#8221; admin_label=&#8221;Kuva &#8211; viiva&#8221; _builder_version=&#8221;4.27.4&#8243; _module_preset=&#8221;default&#8221; global_colors_info=&#8221;{}&#8221;][\/et_pb_image][et_pb_text admin_label=&#8221;Teksti &#8211; polioyhteisty\u00f6&#8221; _builder_version=&#8221;4.27.4&#8243; global_colors_info=&#8221;{}&#8221;]<\/p>\n<h3>Yhteisty\u00f6 Polion h\u00e4vitt\u00e4misen puolesta<\/h3>\n<p>[\/et_pb_text][\/et_pb_column][\/et_pb_row][et_pb_row column_structure=&#8221;3_5,2_5&#8243; custom_padding_last_edited=&#8221;on|phone&#8221; _builder_version=&#8221;4.27.4&#8243; custom_padding_tablet=&#8221;&#8221; custom_padding_phone=&#8221;&#8221; global_colors_info=&#8221;{}&#8221;][et_pb_column type=&#8221;3_5&#8243; _builder_version=&#8221;4.16&#8243; custom_padding=&#8221;|||&#8221; global_colors_info=&#8221;{}&#8221; custom_padding__hover=&#8221;|||&#8221;][et_pb_text admin_label=&#8221;Teksti &#8211; WHO&#8221; _builder_version=&#8221;4.27.4&#8243; global_colors_info=&#8221;{}&#8221;]<\/p>\n<h4>Maailman terveysj\u00e4rjest\u00f6 WHO<\/h4>\n<p>Rotary oli alkuun panevana voimana Maailman Terveysj\u00e4rjest\u00f6n WHO:n 1980-luvulla aloittamassa hankkeessa polion h\u00e4vitt\u00e4miseksi maailmassa. Polio on viruksen aiheuttama tauti, joka on helposti ehk\u00e4ist\u00e4viss\u00e4 rokotteella, mutta siihen ei ole parannuskeinoa.<\/p>\n<p>Ty\u00f6 olion h\u00e4vitt\u00e4miseksi on onnistunut hyvin ja se on julistettu WHO:n ykk\u00f6stavoitteeksi. T\u00e4ll\u00e4 hetkell\u00e4 sairaudesta k\u00e4rsit\u00e4\u00e4n en\u00e4\u00e4 l\u00e4hinn\u00e4 Afganistanissa ja Pakistanissa.<\/p>\n<p>Rotarit osallistuvat polionvastaiseen ty\u00f6h\u00f6n maailmanlaajuisen PolioPlus-ohjelman kautta kansallisten rokotustapahtumien, varainhankinnan ym. my\u00f6t\u00e4. Rotarit ovat tehneet yhteisty\u00f6t\u00e4 polion h\u00e4vitt\u00e4miseksi WHO:n ohella mm. Unicefin sek\u00e4 yhdysvaltalaisen Bill ja Melinda Gatesin s\u00e4\u00e4ti\u00f6n kanssa.<\/p>\n<p>[\/et_pb_text][\/et_pb_column][et_pb_column type=&#8221;2_5&#8243; _builder_version=&#8221;4.16&#8243; custom_padding=&#8221;|||&#8221; global_colors_info=&#8221;{}&#8221; custom_padding__hover=&#8221;|||&#8221;][et_pb_image src=&#8221;https:\/\/rotary.fi\/d1420\/wp-content\/uploads\/sites\/183\/2025\/10\/end-polio-now.png&#8221; title_text=&#8221;End Polio Now&#8221; align=&#8221;center&#8221; _builder_version=&#8221;4.27.4&#8243; _module_preset=&#8221;default&#8221; global_colors_info=&#8221;{}&#8221;][\/et_pb_image][\/et_pb_column][\/et_pb_row][et_pb_row column_structure=&#8221;1_2,1_2&#8243; custom_padding_last_edited=&#8221;on|phone&#8221; _builder_version=&#8221;4.27.4&#8243; custom_padding_tablet=&#8221;&#8221; custom_padding_phone=&#8221;&#8221; global_colors_info=&#8221;{}&#8221;][et_pb_column type=&#8221;1_2&#8243; _builder_version=&#8221;4.16&#8243; custom_padding=&#8221;|||&#8221; global_colors_info=&#8221;{}&#8221; custom_padding__hover=&#8221;|||&#8221;][et_pb_text admin_label=&#8221;Teksti &#8211; GATES foundation&#8221; _builder_version=&#8221;4.27.4&#8243; global_colors_info=&#8221;{}&#8221;]<\/p>\n<h4>The Gates Foundation<\/h4>\n<p>Bill Gatesin ja h\u00e4nen puolisonsa Melinda Gatesin perustama hyv\u00e4ntekev\u00e4isyyteen erikoistunut s\u00e4\u00e4ti\u00f6 on osallistunut merkitt\u00e4v\u00e4ll\u00e4 taloudellisella panoksella polion kitkemiseen t\u00e4ht\u00e4\u00e4v\u00e4\u00e4n ty\u00f6h\u00f6n.<\/p>\n<p>S\u00e4\u00e4ti\u00f6 on WHO:n polioprojektin suurin yksitt\u00e4inen rahoittaja. S\u00e4\u00e4ti\u00f6 on haastanut my\u00f6s rotareita talkoisiin taudin h\u00e4vitt\u00e4misen puolesta.<\/p>\n<p>Lis\u00e4tietoja Gatesin s\u00e4\u00e4ti\u00f6st\u00e4: <a href=\"http:\/\/www.gatesfoundation.org\">www.gatesfoundation.org<\/a><\/p>\n<p>[\/et_pb_text][\/et_pb_column][et_pb_column type=&#8221;1_2&#8243; _builder_version=&#8221;4.16&#8243; custom_padding=&#8221;|||&#8221; global_colors_info=&#8221;{}&#8221; custom_padding__hover=&#8221;|||&#8221;][et_pb_image src=&#8221;https:\/\/rotary.fi\/d1420\/wp-content\/uploads\/sites\/183\/2025\/01\/kuva-16.jpg&#8221; title_text=&#8221;kuva (16)&#8221; _builder_version=&#8221;4.27.4&#8243; _module_preset=&#8221;default&#8221; global_colors_info=&#8221;{}&#8221;][\/et_pb_image][\/et_pb_column][\/et_pb_row][et_pb_row custom_padding_last_edited=&#8221;on|phone&#8221; _builder_version=&#8221;4.16&#8243; custom_padding_tablet=&#8221;&#8221; custom_padding_phone=&#8221;&#8221; global_colors_info=&#8221;{}&#8221;][et_pb_column type=&#8221;4_4&#8243; _builder_version=&#8221;4.16&#8243; custom_padding=&#8221;|||&#8221; global_colors_info=&#8221;{}&#8221; custom_padding__hover=&#8221;|||&#8221;][et_pb_image src=&#8221;https:\/\/rotary.fi\/d1420\/wp-content\/uploads\/sites\/183\/2025\/01\/sininen-nauha-1020px.jpg&#8221; title_text=&#8221;sininen nauha 1020px&#8221; admin_label=&#8221;Kuva &#8211; viiva&#8221; _builder_version=&#8221;4.27.4&#8243; _module_preset=&#8221;default&#8221; global_colors_info=&#8221;{}&#8221;][\/et_pb_image][et_pb_text admin_label=&#8221;Otsikko &#8211; shelterbox&#8221; _builder_version=&#8221;4.27.4&#8243; global_colors_info=&#8221;{}&#8221;]<\/p>\n<h3>Shelterbox katastrofiapu<\/h3>\n<p>[\/et_pb_text][\/et_pb_column][\/et_pb_row][et_pb_row column_structure=&#8221;1_2,1_2&#8243; custom_padding_last_edited=&#8221;on|phone&#8221; _builder_version=&#8221;4.27.4&#8243; custom_padding_tablet=&#8221;&#8221; custom_padding_phone=&#8221;&#8221; global_colors_info=&#8221;{}&#8221;][et_pb_column type=&#8221;1_2&#8243; _builder_version=&#8221;4.16&#8243; custom_padding=&#8221;|||&#8221; global_colors_info=&#8221;{}&#8221; custom_padding__hover=&#8221;|||&#8221;][et_pb_text admin_label=&#8221;Teksti &#8211; Shelterbox&#8221; _builder_version=&#8221;4.27.4&#8243; global_colors_info=&#8221;{}&#8221;]<\/p>\n<p>ShelterBox on Iso-Britanniassa vuonna 2000 rotarien perustama hyv\u00e4ntekev\u00e4isyysj\u00e4rjest\u00f6. ShelterBoxin avustustoiminnasta Suomessa vastaa sen virallinen alaj\u00e4rjest\u00f6 ShelterBox Suomi. J\u00e4rjest\u00f6n teht\u00e4viin kuuluu h\u00e4t\u00e4majoitusten ja niihin liittyvien varustetoimitusten j\u00e4rjest\u00e4minen luonnonkatastrofeista tai humanitaarisista kriiseist\u00e4 k\u00e4rsiviin kohteisiin eri puolille maailmaa.<\/p>\n<p>Nimens\u00e4 j\u00e4rjest\u00f6 on saanut vihre\u00e4st\u00e4 muovilaatikosta, shelter boxista. Laatikko sis\u00e4lt\u00e4\u00e4 teltan, lieden, huopia, hyttysverkkoja, ty\u00f6kaluja ja tarvikkeita, muun muassa astioita ja vedenpuhdistimen. J\u00e4rjest\u00f6 hankkii ja toimittaa el\u00e4m\u00e4n perusedellytykset takaavat laatikot avustuskohteisiin. Tilap\u00e4isen kodin turvin katastrofista k\u00e4rsineet perheet saavat alun ja tukea uudelle el\u00e4m\u00e4lleen.<\/p>\n<p>Rotary International ja Rotarys\u00e4\u00e4ti\u00f6 suosittelevat ShelterBox-j\u00e4rjest\u00f6n toimintaa. J\u00e4rjest\u00f6\u00f6n voi liitty\u00e4 my\u00f6s henkil\u00f6j\u00e4seneksi.<\/p>\n<p>Lis\u00e4tietoja j\u00e4rjest\u00f6n Suomen toiminnasta: <a href=\"http:\/\/www.shelterbox.fi\">www.shelterboxtuki.fi<\/a><\/p>\n<p>[\/et_pb_text][\/et_pb_column][et_pb_column type=&#8221;1_2&#8243; _builder_version=&#8221;4.16&#8243; custom_padding=&#8221;|||&#8221; global_colors_info=&#8221;{}&#8221; custom_padding__hover=&#8221;|||&#8221;][et_pb_image src=&#8221;https:\/\/rotary.fi\/d1420\/wp-content\/uploads\/sites\/183\/2025\/01\/kuva-9.jpg&#8221; title_text=&#8221;kuva (9)&#8221; _builder_version=&#8221;4.27.4&#8243; _module_preset=&#8221;default&#8221; global_colors_info=&#8221;{}&#8221;][\/et_pb_image][\/et_pb_column][\/et_pb_row][\/et_pb_section]<\/p>\n","protected":false},"excerpt":{"rendered":"<p>Yhteisty\u00f6ss\u00e4 on voimaaRotary tekee yhteisty\u00f6t\u00e4 monen muun samanhenkisen organisaation ja toimijan kanssa. 1,2 miljoonaa rotaria ymp\u00e4ri maailman on potentiaali, jota kumppanimme arvostavat. Rotareilla on sek\u00e4 kotimaisia ett\u00e4 kansainv\u00e4lisi\u00e4 yhteisty\u00f6kumppaneita.Yhteisty\u00f6 Polion h\u00e4vitt\u00e4misen puolestaMaailman terveysj\u00e4rjest\u00f6 WHO Rotary oli alkuun panevana voimana Maailman Terveysj\u00e4rjest\u00f6n WHO:n 1980-luvulla aloittamassa hankkeessa polion h\u00e4vitt\u00e4miseksi maailmassa. Polio on viruksen aiheuttama tauti, joka on [&hellip;]<\/p>\n","protected":false},"author":1,"featured_media":0,"parent":656,"menu_order":8,"comment_status":"closed","ping_status":"closed","template":"","meta":{"_acf_changed":false,"_et_pb_use_builder":"on","_et_pb_old_content":"","_et_gb_content_width":"","footnotes":""},"class_list":["post-2044","page","type-page","status-publish","hentry"],"acf":[],"yoast_head":"<!-- This site is optimized with the Yoast SEO plugin v27.4 - https:\/\/yoast.com\/product\/yoast-seo-wordpress\/ -->\n<title>Yhteisty\u00f6 - Piiri 1420<\/title>\n<meta name=\"robots\" content=\"index, follow, max-snippet:-1, max-image-preview:large, max-video-preview:-1\" \/>\n<link rel=\"canonical\" href=\"https:\/\/rotary.fi\/d1420\/mita-teemme\/yhteistyo\/\" \/>\n<meta property=\"og:locale\" content=\"fi_FI\" \/>\n<meta property=\"og:type\" content=\"article\" \/>\n<meta property=\"og:title\" content=\"Yhteisty\u00f6 - Piiri 1420\" \/>\n<meta property=\"og:description\" content=\"Yhteisty\u00f6ss\u00e4 on voimaaRotary tekee yhteisty\u00f6t\u00e4 monen muun samanhenkisen organisaation ja toimijan kanssa. 1,2 miljoonaa rotaria ymp\u00e4ri maailman on potentiaali, jota kumppanimme arvostavat. Rotareilla on sek\u00e4 kotimaisia ett\u00e4 kansainv\u00e4lisi\u00e4 yhteisty\u00f6kumppaneita.Yhteisty\u00f6 Polion h\u00e4vitt\u00e4misen puolestaMaailman terveysj\u00e4rjest\u00f6 WHO Rotary oli alkuun panevana voimana Maailman Terveysj\u00e4rjest\u00f6n WHO:n 1980-luvulla aloittamassa hankkeessa polion h\u00e4vitt\u00e4miseksi maailmassa. Polio on viruksen aiheuttama tauti, joka on [&hellip;]\" \/>\n<meta property=\"og:url\" content=\"https:\/\/rotary.fi\/d1420\/mita-teemme\/yhteistyo\/\" \/>\n<meta property=\"og:site_name\" content=\"Piiri 1420\" \/>\n<meta property=\"article:publisher\" content=\"https:\/\/www.facebook.com\/rotary\/\" \/>\n<meta property=\"article:modified_time\" content=\"2026-05-11T14:12:54+00:00\" \/>\n<meta name=\"twitter:card\" content=\"summary_large_image\" \/>\n<meta name=\"twitter:label1\" content=\"Arvioitu lukuaika\" \/>\n\t<meta name=\"twitter:data1\" content=\"3 minuuttia\" \/>\n<script type=\"application\/ld+json\" class=\"yoast-schema-graph\">{\"@context\":\"https:\\\/\\\/schema.org\",\"@graph\":[{\"@type\":\"WebPage\",\"@id\":\"https:\\\/\\\/rotary.fi\\\/d1420\\\/mita-teemme\\\/yhteistyo\\\/\",\"url\":\"https:\\\/\\\/rotary.fi\\\/d1420\\\/mita-teemme\\\/yhteistyo\\\/\",\"name\":\"Yhteisty\u00f6 - Piiri 1420\",\"isPartOf\":{\"@id\":\"https:\\\/\\\/rotary.fi\\\/d1420\\\/#website\"},\"datePublished\":\"2018-08-27T08:24:51+00:00\",\"dateModified\":\"2026-05-11T14:12:54+00:00\",\"breadcrumb\":{\"@id\":\"https:\\\/\\\/rotary.fi\\\/d1420\\\/mita-teemme\\\/yhteistyo\\\/#breadcrumb\"},\"inLanguage\":\"fi\",\"potentialAction\":[{\"@type\":\"ReadAction\",\"target\":[\"https:\\\/\\\/rotary.fi\\\/d1420\\\/mita-teemme\\\/yhteistyo\\\/\"]}]},{\"@type\":\"BreadcrumbList\",\"@id\":\"https:\\\/\\\/rotary.fi\\\/d1420\\\/mita-teemme\\\/yhteistyo\\\/#breadcrumb\",\"itemListElement\":[{\"@type\":\"ListItem\",\"position\":1,\"name\":\"Home\",\"item\":\"https:\\\/\\\/rotary.fi\\\/d1420\\\/\"},{\"@type\":\"ListItem\",\"position\":2,\"name\":\"Mit\u00e4 teemme\",\"item\":\"https:\\\/\\\/rotary.fi\\\/d1420\\\/mita-teemme\\\/\"},{\"@type\":\"ListItem\",\"position\":3,\"name\":\"Yhteisty\u00f6\"}]},{\"@type\":\"WebSite\",\"@id\":\"https:\\\/\\\/rotary.fi\\\/d1420\\\/#website\",\"url\":\"https:\\\/\\\/rotary.fi\\\/d1420\\\/\",\"name\":\"Piiri 1420\",\"description\":\"Suomen Rotary\",\"potentialAction\":[{\"@type\":\"SearchAction\",\"target\":{\"@type\":\"EntryPoint\",\"urlTemplate\":\"https:\\\/\\\/rotary.fi\\\/d1420\\\/?s={search_term_string}\"},\"query-input\":{\"@type\":\"PropertyValueSpecification\",\"valueRequired\":true,\"valueName\":\"search_term_string\"}}],\"inLanguage\":\"fi\"}]}<\/script>\n<!-- \/ Yoast SEO plugin. -->","yoast_head_json":{"title":"Yhteisty\u00f6 - Piiri 1420","robots":{"index":"index","follow":"follow","max-snippet":"max-snippet:-1","max-image-preview":"max-image-preview:large","max-video-preview":"max-video-preview:-1"},"canonical":"https:\/\/rotary.fi\/d1420\/mita-teemme\/yhteistyo\/","og_locale":"fi_FI","og_type":"article","og_title":"Yhteisty\u00f6 - Piiri 1420","og_description":"Yhteisty\u00f6ss\u00e4 on voimaaRotary tekee yhteisty\u00f6t\u00e4 monen muun samanhenkisen organisaation ja toimijan kanssa. 1,2 miljoonaa rotaria ymp\u00e4ri maailman on potentiaali, jota kumppanimme arvostavat. Rotareilla on sek\u00e4 kotimaisia ett\u00e4 kansainv\u00e4lisi\u00e4 yhteisty\u00f6kumppaneita.Yhteisty\u00f6 Polion h\u00e4vitt\u00e4misen puolestaMaailman terveysj\u00e4rjest\u00f6 WHO Rotary oli alkuun panevana voimana Maailman Terveysj\u00e4rjest\u00f6n WHO:n 1980-luvulla aloittamassa hankkeessa polion h\u00e4vitt\u00e4miseksi maailmassa. Polio on viruksen aiheuttama tauti, joka on [&hellip;]","og_url":"https:\/\/rotary.fi\/d1420\/mita-teemme\/yhteistyo\/","og_site_name":"Piiri 1420","article_publisher":"https:\/\/www.facebook.com\/rotary\/","article_modified_time":"2026-05-11T14:12:54+00:00","twitter_card":"summary_large_image","twitter_misc":{"Arvioitu lukuaika":"3 minuuttia"},"schema":{"@context":"https:\/\/schema.org","@graph":[{"@type":"WebPage","@id":"https:\/\/rotary.fi\/d1420\/mita-teemme\/yhteistyo\/","url":"https:\/\/rotary.fi\/d1420\/mita-teemme\/yhteistyo\/","name":"Yhteisty\u00f6 - Piiri 1420","isPartOf":{"@id":"https:\/\/rotary.fi\/d1420\/#website"},"datePublished":"2018-08-27T08:24:51+00:00","dateModified":"2026-05-11T14:12:54+00:00","breadcrumb":{"@id":"https:\/\/rotary.fi\/d1420\/mita-teemme\/yhteistyo\/#breadcrumb"},"inLanguage":"fi","potentialAction":[{"@type":"ReadAction","target":["https:\/\/rotary.fi\/d1420\/mita-teemme\/yhteistyo\/"]}]},{"@type":"BreadcrumbList","@id":"https:\/\/rotary.fi\/d1420\/mita-teemme\/yhteistyo\/#breadcrumb","itemListElement":[{"@type":"ListItem","position":1,"name":"Home","item":"https:\/\/rotary.fi\/d1420\/"},{"@type":"ListItem","position":2,"name":"Mit\u00e4 teemme","item":"https:\/\/rotary.fi\/d1420\/mita-teemme\/"},{"@type":"ListItem","position":3,"name":"Yhteisty\u00f6"}]},{"@type":"WebSite","@id":"https:\/\/rotary.fi\/d1420\/#website","url":"https:\/\/rotary.fi\/d1420\/","name":"Piiri 1420","description":"Suomen Rotary","potentialAction":[{"@type":"SearchAction","target":{"@type":"EntryPoint","urlTemplate":"https:\/\/rotary.fi\/d1420\/?s={search_term_string}"},"query-input":{"@type":"PropertyValueSpecification","valueRequired":true,"valueName":"search_term_string"}}],"inLanguage":"fi"}]}},"lang":"fi","translations":{"fi":2044,"sv":2684,"en":2936,"et":3607},"pll_sync_post":[],"_links":{"self":[{"href":"https:\/\/rotary.fi\/d1420\/wp-json\/wp\/v2\/pages\/2044","targetHints":{"allow":["GET"]}}],"collection":[{"href":"https:\/\/rotary.fi\/d1420\/wp-json\/wp\/v2\/pages"}],"about":[{"href":"https:\/\/rotary.fi\/d1420\/wp-json\/wp\/v2\/types\/page"}],"author":[{"embeddable":true,"href":"https:\/\/rotary.fi\/d1420\/wp-json\/wp\/v2\/users\/1"}],"replies":[{"embeddable":true,"href":"https:\/\/rotary.fi\/d1420\/wp-json\/wp\/v2\/comments?post=2044"}],"version-history":[{"count":10,"href":"https:\/\/rotary.fi\/d1420\/wp-json\/wp\/v2\/pages\/2044\/revisions"}],"predecessor-version":[{"id":12113,"href":"https:\/\/rotary.fi\/d1420\/wp-json\/wp\/v2\/pages\/2044\/revisions\/12113"}],"up":[{"embeddable":true,"href":"https:\/\/rotary.fi\/d1420\/wp-json\/wp\/v2\/pages\/656"}],"wp:attachment":[{"href":"https:\/\/rotary.fi\/d1420\/wp-json\/wp\/v2\/media?parent=2044"}],"curies":[{"name":"wp","href":"https:\/\/api.w.org\/{rel}","templated":true}]}}