{"id":12751,"date":"2026-03-13T15:01:35","date_gmt":"2026-03-13T13:01:35","guid":{"rendered":"https:\/\/rotary.fi\/d1420\/?page_id=12751"},"modified":"2026-03-29T12:51:59","modified_gmt":"2026-03-29T10:51:59","slug":"ilmastohaaste-klubeille","status":"publish","type":"page","link":"https:\/\/rotary.fi\/d1420\/mita-teemme\/ymparisto-ja-itameri\/ilmastohaaste-klubeille\/","title":{"rendered":"Ilmastohaaste klubeille"},"content":{"rendered":"<p>[et_pb_section fb_built=&#8221;1&#8243; module_class=&#8221;jumbotron-page&#8221; _builder_version=&#8221;4.27.4&#8243; background_image=&#8221;https:\/\/rotary.fi\/d1420\/wp-content\/uploads\/sites\/183\/2026\/03\/maisema-2.jpg&#8221; background_position=&#8221;top_center&#8221; global_colors_info=&#8221;{}&#8221;][et_pb_row module_class=&#8221; et_pb_row_fullwidth et_pb_row_fullwidth&#8221; _builder_version=&#8221;4.16&#8243; width=&#8221;89%&#8221; width_tablet=&#8221;80%&#8221; width_phone=&#8221;&#8221; width_last_edited=&#8221;on|desktop&#8221; max_width=&#8221;89%&#8221; max_width_tablet=&#8221;80%&#8221; max_width_phone=&#8221;&#8221; max_width_last_edited=&#8221;on|desktop&#8221; make_fullwidth=&#8221;on&#8221; global_colors_info=&#8221;{}&#8221;][et_pb_column type=&#8221;4_4&#8243; _builder_version=&#8221;4.16&#8243; custom_padding=&#8221;|||&#8221; global_colors_info=&#8221;{}&#8221; custom_padding__hover=&#8221;|||&#8221;][et_pb_text admin_label=&#8221;Ymp\u00e4rist\u00f6 ja It\u00e4meri -otsikko&#8221; _builder_version=&#8221;4.27.4&#8243; text_orientation=&#8221;center&#8221; background_layout=&#8221;dark&#8221; hover_enabled=&#8221;0&#8243; global_colors_info=&#8221;{}&#8221; sticky_enabled=&#8221;0&#8243;]<\/p>\n<h1>Ilmastohaaste klubeille<\/h1>\n<p>[\/et_pb_text][\/et_pb_column][\/et_pb_row][\/et_pb_section][et_pb_section fb_built=&#8221;1&#8243; module_class=&#8221;sisaltoalue_perus&#8221; _builder_version=&#8221;4.22.1&#8243; custom_margin=&#8221;||0px||false|false&#8221; border_color_all=&#8221;#FFFFFF&#8221; border_style_all=&#8221;none&#8221; border_width_bottom=&#8221;1px&#8221; border_color_bottom=&#8221;#019FCB&#8221; global_colors_info=&#8221;{}&#8221;][et_pb_row column_structure=&#8221;1_3,1_3,1_3&#8243; admin_label=&#8221;Rivi &#8211; ymp\u00e4rist\u00f6webinaarit&#8221; _builder_version=&#8221;4.22.1&#8243; _module_preset=&#8221;default&#8221; background_color=&#8221;#F8F9FA&#8221; custom_padding=&#8221;|15px||15px|false|false&#8221; box_shadow_style=&#8221;preset1&#8243; global_colors_info=&#8221;{}&#8221;][et_pb_column type=&#8221;1_3&#8243; _builder_version=&#8221;4.22.1&#8243; _module_preset=&#8221;default&#8221; global_colors_info=&#8221;{}&#8221;][et_pb_text _builder_version=&#8221;4.22.1&#8243; _module_preset=&#8221;default&#8221; global_colors_info=&#8221;{}&#8221;]Tervetuloa hakemaan oppeja klubien ilmastoty\u00f6h\u00f6n!<\/p>\n<p>Rotary on ottanut aktiivisen roolin ymp\u00e4rist\u00f6ongelmien ratkaisemisessa. Suurin ongelma on ilmastonmuutos. Kev\u00e4\u00e4ll\u00e4 2023 Environmental Sustainability Rotary Action Group ESRAG haastoi klubeja pohtimaan omaa hiilijalanj\u00e4lke\u00e4\u00e4n ja etsim\u00e4\u00e4n tapoja jarruttaa ilmastonmuutosta. Jo 110 klubia eri maista on ottanut ilmastohaasteen vastaan!<\/p>\n<p>Nyt on aika my\u00f6s meid\u00e4n piirimme klubien k\u00e4\u00e4ri\u00e4 hihat ja suunnata askel askeleelta ilmastoklubiksi. Piirin It\u00e4merifoorumi j\u00e4rjesti kaksiosaisen, p\u00e4\u00e4osin suomenkielisen webinaarisarjan, josta klubi saa tukevat ev\u00e4\u00e4t muutosmatkalle.<\/p>\n<p><strong>Webinaari 1 torstaina 8.2.2024: Ilmastonmuutos ja sen vaikutukset<\/strong>: Webinaarissa keskityimme ilmastonmuutoksen nykytilaan, sen vaikutuksiin luontoon ja yhteiskuntaamme. Kuulimme asiantuntijapuheenvuoroja ja keskustelimme my\u00f6s siit\u00e4, miten rotarit voivat omalla toiminnallaan vaikuttaa positiivisesti ilmastonmuutoksen hillitsemiseen.<\/p>\n<p><strong>Webinaari 2 tiistaina 9.4.2024: K\u00e4yt\u00e4nn\u00f6n ilmastotekoja:<\/strong> Webinaarissa pureuduimme konkreettisiin ilmastotoimiin ja projekteihin. Annoimme esimerkkej\u00e4 onnistuneista ilmastoteoista ja keskustelimme siit\u00e4, miten jokainen klubi ja rotari voi osallistua ymp\u00e4rist\u00f6haasteiden ratkaisemiseen.<br \/>\n[\/et_pb_text][\/et_pb_column][et_pb_column type=&#8221;1_3&#8243; _builder_version=&#8221;4.22.1&#8243; _module_preset=&#8221;default&#8221; global_colors_info=&#8221;{}&#8221;][et_pb_video src=&#8221;https:\/\/youtu.be\/FDcUt4UJhP4&#8243; admin_label=&#8221;1. webinaari &#8211; Video&#8221; _builder_version=&#8221;4.22.1&#8243; _module_preset=&#8221;default&#8221; global_colors_info=&#8221;{}&#8221;][\/et_pb_video][et_pb_text _builder_version=&#8221;4.22.1&#8243; _module_preset=&#8221;default&#8221; global_colors_info=&#8221;{}&#8221;]&nbsp;<\/p>\n<p>Webinaarin 1. osan tallenteen voi katsella oheisesta videosta tai piirin 1420 Youtube-kanavalta osoitteesta <a href=\"https:\/\/youtu.be\/FDcUt4UJhP4\">https:\/\/youtu.be\/FDcUt4UJhP4<\/a><\/p>\n<p>Videon sis\u00e4lt\u00f6:<br \/>\n00:00 Webinaarin vet\u00e4j\u00e4n puheenvuoro, P\u00e4ivi Kippo-Edlund, Porvoo L\u00e4ntinen \u2013 Borg\u00e5 V\u00e4stra<br \/>\n05:44 Alkusanat, Ritva Semi, piirikuvern\u00f6\u00f6ri, Rotarypiiri 1420<br \/>\n09:18 Rotary as a Climate Actor, Stephanie Urchick, Rotary Internationalin tuleva presidentti<br \/>\n29:25 Vihre\u00e4 energiasiirtym\u00e4 keskeisess\u00e4 roolissa ilmastonmuutoksen hillitsemisess\u00e4, professori Peter Lund, Aalto-yliopisto<br \/>\n52:29 Maan kasvukunnon merkitys ruoantuotannolle ja ymp\u00e4rist\u00f6lle, projektijohtaja Eija Hagelberg, Baltic Sea Action Group<br \/>\n1:18:07 Kulutuksen ilmastovaikutukset, kehitt\u00e4misp\u00e4\u00e4llikk\u00f6 Ari Nissinen, Suomen ymp\u00e4rist\u00f6keskus ja ymp\u00e4rist\u00f6politiikan dosentti, Helsingin yliopisto<br \/>\n1:41:50 Yhteenveto ja loppupuheenvuoro, P\u00e4ivi Kippo-Edlund, Porvoo L\u00e4ntinen \u2013 Borg\u00e5 V\u00e4stra<br \/>\n[\/et_pb_text][\/et_pb_column][et_pb_column type=&#8221;1_3&#8243; _builder_version=&#8221;4.22.1&#8243; _module_preset=&#8221;default&#8221; global_colors_info=&#8221;{}&#8221;][et_pb_video src=&#8221;https:\/\/youtu.be\/VPUpInR2xs8&#8243; admin_label=&#8221;2. webinaari &#8211; Video&#8221; _builder_version=&#8221;4.22.1&#8243; _module_preset=&#8221;default&#8221; global_colors_info=&#8221;{}&#8221;][\/et_pb_video][et_pb_text _builder_version=&#8221;4.22.1&#8243; _module_preset=&#8221;default&#8221; global_colors_info=&#8221;{}&#8221;]&nbsp;<\/p>\n<p>Webinaarin 2. osan tallenteen voi katsella oheisesta videosta tai piirin 1420 Youtube-kanavalta osoitteesta\u00a0<a href=\"https:\/\/youtu.be\/VPUpInR2xs8\">https:\/\/youtu.be\/VPUpInR2xs8<\/a><\/p>\n<p>Videon sis\u00e4lt\u00f6:<br \/>\n00:00 Webinaarin vet\u00e4j\u00e4n puheenvuoro, P\u00e4ivi Kippo-Edlund, Porvoo L\u00e4ntinen \u2013 Borg\u00e5 V\u00e4stra<br \/>\n03:26 Alkusanat, Lotta Ruokanen, puheenjohtaja, It\u00e4meri-foorumi, Rotarypiiri 1420<br \/>\n07:40 Vihre\u00e4n siirtym\u00e4n mahdollisuudet Suomelle, Ulla Heinonen, johtaja, Elinkeinoel\u00e4m\u00e4n keskusliitto EK<br \/>\n31:08 <a href=\"https:\/\/rotary.fi\/d1420\/wp-content\/uploads\/sites\/183\/2024\/04\/Liikenteen-ilmastopaastot-ja-niiden-vahentaminen-Saara-Jaaskelainen.pdf\" rel=\"attachment wp-att-8252\">Liikenteen ilmastop\u00e4\u00e4st\u00f6t ja niiden v\u00e4hent\u00e4minen &#8211; Saara J\u00e4\u00e4skel\u00e4inen<\/a> \u00a0 liikenneneuvos, Liikenne- ja viestint\u00e4ministeri\u00f6<br \/>\n52:36 <a href=\"https:\/\/rotary.fi\/d1420\/wp-content\/uploads\/sites\/183\/2024\/04\/How-to-make-your-club-climate-friendly-Michael-Koch.pdf\" rel=\"attachment wp-att-8251\">How to make your club climate friendly &#8211; Michael Koch<\/a> Euroopan varapuheenjohtaja, ESRAG<br \/>\n1:20:08 Ensimm\u00e4isen webinaarin kyselyn tulokset ja ryhm\u00e4ty\u00f6t, Lotta Ruokanen<br \/>\n1:23:11 Yhteenveto ja loppupuheenvuoro, P\u00e4ivi Kippo-Edlund<\/p>\n<p>&nbsp;<\/p>\n<p>&nbsp;<br \/>\n[\/et_pb_text][\/et_pb_column][\/et_pb_row][\/et_pb_section]<\/p>\n","protected":false},"excerpt":{"rendered":"<p>Ilmastohaaste klubeilleTervetuloa hakemaan oppeja klubien ilmastoty\u00f6h\u00f6n! Rotary on ottanut aktiivisen roolin ymp\u00e4rist\u00f6ongelmien ratkaisemisessa. Suurin ongelma on ilmastonmuutos. Kev\u00e4\u00e4ll\u00e4 2023 Environmental Sustainability Rotary Action Group ESRAG haastoi klubeja pohtimaan omaa hiilijalanj\u00e4lke\u00e4\u00e4n ja etsim\u00e4\u00e4n tapoja jarruttaa ilmastonmuutosta. Jo 110 klubia eri maista on ottanut ilmastohaasteen vastaan! Nyt on aika my\u00f6s meid\u00e4n piirimme klubien k\u00e4\u00e4ri\u00e4 hihat ja suunnata [&hellip;]<\/p>\n","protected":false},"author":26,"featured_media":0,"parent":12508,"menu_order":5,"comment_status":"closed","ping_status":"closed","template":"","meta":{"_acf_changed":false,"_et_pb_use_builder":"on","_et_pb_old_content":"","_et_gb_content_width":"","footnotes":""},"class_list":["post-12751","page","type-page","status-publish","hentry"],"acf":[],"yoast_head":"<!-- This site is optimized with the Yoast SEO plugin v27.4 - https:\/\/yoast.com\/product\/yoast-seo-wordpress\/ -->\n<title>Ilmastohaaste klubeille - Piiri 1420<\/title>\n<meta name=\"robots\" content=\"index, follow, max-snippet:-1, max-image-preview:large, max-video-preview:-1\" \/>\n<link rel=\"canonical\" href=\"https:\/\/rotary.fi\/d1420\/mita-teemme\/ymparisto-ja-itameri\/ilmastohaaste-klubeille\/\" \/>\n<meta property=\"og:locale\" content=\"fi_FI\" \/>\n<meta property=\"og:type\" content=\"article\" \/>\n<meta property=\"og:title\" content=\"Ilmastohaaste klubeille - Piiri 1420\" \/>\n<meta property=\"og:description\" content=\"Ilmastohaaste klubeilleTervetuloa hakemaan oppeja klubien ilmastoty\u00f6h\u00f6n! Rotary on ottanut aktiivisen roolin ymp\u00e4rist\u00f6ongelmien ratkaisemisessa. Suurin ongelma on ilmastonmuutos. Kev\u00e4\u00e4ll\u00e4 2023 Environmental Sustainability Rotary Action Group ESRAG haastoi klubeja pohtimaan omaa hiilijalanj\u00e4lke\u00e4\u00e4n ja etsim\u00e4\u00e4n tapoja jarruttaa ilmastonmuutosta. Jo 110 klubia eri maista on ottanut ilmastohaasteen vastaan! Nyt on aika my\u00f6s meid\u00e4n piirimme klubien k\u00e4\u00e4ri\u00e4 hihat ja suunnata [&hellip;]\" \/>\n<meta property=\"og:url\" content=\"https:\/\/rotary.fi\/d1420\/mita-teemme\/ymparisto-ja-itameri\/ilmastohaaste-klubeille\/\" \/>\n<meta property=\"og:site_name\" content=\"Piiri 1420\" \/>\n<meta property=\"article:publisher\" content=\"https:\/\/www.facebook.com\/rotary\/\" \/>\n<meta property=\"article:modified_time\" content=\"2026-03-29T10:51:59+00:00\" \/>\n<meta name=\"twitter:card\" content=\"summary_large_image\" \/>\n<meta name=\"twitter:label1\" content=\"Arvioitu lukuaika\" \/>\n\t<meta name=\"twitter:data1\" content=\"2 minuuttia\" \/>\n<script type=\"application\/ld+json\" class=\"yoast-schema-graph\">{\"@context\":\"https:\\\/\\\/schema.org\",\"@graph\":[{\"@type\":\"WebPage\",\"@id\":\"https:\\\/\\\/rotary.fi\\\/d1420\\\/mita-teemme\\\/ymparisto-ja-itameri\\\/ilmastohaaste-klubeille\\\/\",\"url\":\"https:\\\/\\\/rotary.fi\\\/d1420\\\/mita-teemme\\\/ymparisto-ja-itameri\\\/ilmastohaaste-klubeille\\\/\",\"name\":\"Ilmastohaaste klubeille - Piiri 1420\",\"isPartOf\":{\"@id\":\"https:\\\/\\\/rotary.fi\\\/d1420\\\/#website\"},\"datePublished\":\"2026-03-13T13:01:35+00:00\",\"dateModified\":\"2026-03-29T10:51:59+00:00\",\"breadcrumb\":{\"@id\":\"https:\\\/\\\/rotary.fi\\\/d1420\\\/mita-teemme\\\/ymparisto-ja-itameri\\\/ilmastohaaste-klubeille\\\/#breadcrumb\"},\"inLanguage\":\"fi\",\"potentialAction\":[{\"@type\":\"ReadAction\",\"target\":[\"https:\\\/\\\/rotary.fi\\\/d1420\\\/mita-teemme\\\/ymparisto-ja-itameri\\\/ilmastohaaste-klubeille\\\/\"]}]},{\"@type\":\"BreadcrumbList\",\"@id\":\"https:\\\/\\\/rotary.fi\\\/d1420\\\/mita-teemme\\\/ymparisto-ja-itameri\\\/ilmastohaaste-klubeille\\\/#breadcrumb\",\"itemListElement\":[{\"@type\":\"ListItem\",\"position\":1,\"name\":\"Home\",\"item\":\"https:\\\/\\\/rotary.fi\\\/d1420\\\/\"},{\"@type\":\"ListItem\",\"position\":2,\"name\":\"Mit\u00e4 teemme\",\"item\":\"https:\\\/\\\/rotary.fi\\\/d1420\\\/mita-teemme\\\/\"},{\"@type\":\"ListItem\",\"position\":3,\"name\":\"Ymp\u00e4rist\u00f6 ja It\u00e4meri\",\"item\":\"https:\\\/\\\/rotary.fi\\\/d1420\\\/mita-teemme\\\/ymparisto-ja-itameri\\\/\"},{\"@type\":\"ListItem\",\"position\":4,\"name\":\"Ilmastohaaste klubeille\"}]},{\"@type\":\"WebSite\",\"@id\":\"https:\\\/\\\/rotary.fi\\\/d1420\\\/#website\",\"url\":\"https:\\\/\\\/rotary.fi\\\/d1420\\\/\",\"name\":\"Piiri 1420\",\"description\":\"Suomen Rotary\",\"potentialAction\":[{\"@type\":\"SearchAction\",\"target\":{\"@type\":\"EntryPoint\",\"urlTemplate\":\"https:\\\/\\\/rotary.fi\\\/d1420\\\/?s={search_term_string}\"},\"query-input\":{\"@type\":\"PropertyValueSpecification\",\"valueRequired\":true,\"valueName\":\"search_term_string\"}}],\"inLanguage\":\"fi\"}]}<\/script>\n<!-- \/ Yoast SEO plugin. -->","yoast_head_json":{"title":"Ilmastohaaste klubeille - Piiri 1420","robots":{"index":"index","follow":"follow","max-snippet":"max-snippet:-1","max-image-preview":"max-image-preview:large","max-video-preview":"max-video-preview:-1"},"canonical":"https:\/\/rotary.fi\/d1420\/mita-teemme\/ymparisto-ja-itameri\/ilmastohaaste-klubeille\/","og_locale":"fi_FI","og_type":"article","og_title":"Ilmastohaaste klubeille - Piiri 1420","og_description":"Ilmastohaaste klubeilleTervetuloa hakemaan oppeja klubien ilmastoty\u00f6h\u00f6n! Rotary on ottanut aktiivisen roolin ymp\u00e4rist\u00f6ongelmien ratkaisemisessa. Suurin ongelma on ilmastonmuutos. Kev\u00e4\u00e4ll\u00e4 2023 Environmental Sustainability Rotary Action Group ESRAG haastoi klubeja pohtimaan omaa hiilijalanj\u00e4lke\u00e4\u00e4n ja etsim\u00e4\u00e4n tapoja jarruttaa ilmastonmuutosta. Jo 110 klubia eri maista on ottanut ilmastohaasteen vastaan! Nyt on aika my\u00f6s meid\u00e4n piirimme klubien k\u00e4\u00e4ri\u00e4 hihat ja suunnata [&hellip;]","og_url":"https:\/\/rotary.fi\/d1420\/mita-teemme\/ymparisto-ja-itameri\/ilmastohaaste-klubeille\/","og_site_name":"Piiri 1420","article_publisher":"https:\/\/www.facebook.com\/rotary\/","article_modified_time":"2026-03-29T10:51:59+00:00","twitter_card":"summary_large_image","twitter_misc":{"Arvioitu lukuaika":"2 minuuttia"},"schema":{"@context":"https:\/\/schema.org","@graph":[{"@type":"WebPage","@id":"https:\/\/rotary.fi\/d1420\/mita-teemme\/ymparisto-ja-itameri\/ilmastohaaste-klubeille\/","url":"https:\/\/rotary.fi\/d1420\/mita-teemme\/ymparisto-ja-itameri\/ilmastohaaste-klubeille\/","name":"Ilmastohaaste klubeille - Piiri 1420","isPartOf":{"@id":"https:\/\/rotary.fi\/d1420\/#website"},"datePublished":"2026-03-13T13:01:35+00:00","dateModified":"2026-03-29T10:51:59+00:00","breadcrumb":{"@id":"https:\/\/rotary.fi\/d1420\/mita-teemme\/ymparisto-ja-itameri\/ilmastohaaste-klubeille\/#breadcrumb"},"inLanguage":"fi","potentialAction":[{"@type":"ReadAction","target":["https:\/\/rotary.fi\/d1420\/mita-teemme\/ymparisto-ja-itameri\/ilmastohaaste-klubeille\/"]}]},{"@type":"BreadcrumbList","@id":"https:\/\/rotary.fi\/d1420\/mita-teemme\/ymparisto-ja-itameri\/ilmastohaaste-klubeille\/#breadcrumb","itemListElement":[{"@type":"ListItem","position":1,"name":"Home","item":"https:\/\/rotary.fi\/d1420\/"},{"@type":"ListItem","position":2,"name":"Mit\u00e4 teemme","item":"https:\/\/rotary.fi\/d1420\/mita-teemme\/"},{"@type":"ListItem","position":3,"name":"Ymp\u00e4rist\u00f6 ja It\u00e4meri","item":"https:\/\/rotary.fi\/d1420\/mita-teemme\/ymparisto-ja-itameri\/"},{"@type":"ListItem","position":4,"name":"Ilmastohaaste klubeille"}]},{"@type":"WebSite","@id":"https:\/\/rotary.fi\/d1420\/#website","url":"https:\/\/rotary.fi\/d1420\/","name":"Piiri 1420","description":"Suomen Rotary","potentialAction":[{"@type":"SearchAction","target":{"@type":"EntryPoint","urlTemplate":"https:\/\/rotary.fi\/d1420\/?s={search_term_string}"},"query-input":{"@type":"PropertyValueSpecification","valueRequired":true,"valueName":"search_term_string"}}],"inLanguage":"fi"}]}},"lang":"fi","translations":{"fi":12751},"pll_sync_post":[],"_links":{"self":[{"href":"https:\/\/rotary.fi\/d1420\/wp-json\/wp\/v2\/pages\/12751","targetHints":{"allow":["GET"]}}],"collection":[{"href":"https:\/\/rotary.fi\/d1420\/wp-json\/wp\/v2\/pages"}],"about":[{"href":"https:\/\/rotary.fi\/d1420\/wp-json\/wp\/v2\/types\/page"}],"author":[{"embeddable":true,"href":"https:\/\/rotary.fi\/d1420\/wp-json\/wp\/v2\/users\/26"}],"replies":[{"embeddable":true,"href":"https:\/\/rotary.fi\/d1420\/wp-json\/wp\/v2\/comments?post=12751"}],"version-history":[{"count":10,"href":"https:\/\/rotary.fi\/d1420\/wp-json\/wp\/v2\/pages\/12751\/revisions"}],"predecessor-version":[{"id":13480,"href":"https:\/\/rotary.fi\/d1420\/wp-json\/wp\/v2\/pages\/12751\/revisions\/13480"}],"up":[{"embeddable":true,"href":"https:\/\/rotary.fi\/d1420\/wp-json\/wp\/v2\/pages\/12508"}],"wp:attachment":[{"href":"https:\/\/rotary.fi\/d1420\/wp-json\/wp\/v2\/media?parent=12751"}],"curies":[{"name":"wp","href":"https:\/\/api.w.org\/{rel}","templated":true}]}}