{"id":12696,"date":"2026-03-13T15:41:27","date_gmt":"2026-03-13T13:41:27","guid":{"rendered":"https:\/\/rotary.fi\/d1420\/?page_id=12696"},"modified":"2026-03-29T13:27:26","modified_gmt":"2026-03-29T11:27:26","slug":"testataan-rotareita","status":"publish","type":"page","link":"https:\/\/rotary.fi\/d1420\/mita-teemme\/ymparisto-ja-itameri\/testataan-rotareita\/","title":{"rendered":"Testataan rotareita"},"content":{"rendered":"<p>[et_pb_section fb_built=&#8221;1&#8243; admin_label=&#8221;Osio &#8211; yl\u00e4kuva&#8221; module_class=&#8221;jumbotron-page&#8221; _builder_version=&#8221;4.27.4&#8243; background_image=&#8221;https:\/\/rotary.fi\/d1420\/wp-content\/uploads\/sites\/183\/2026\/03\/maisema-2.jpg&#8221; background_position=&#8221;top_center&#8221; global_colors_info=&#8221;{}&#8221;][et_pb_row module_class=&#8221; et_pb_row_fullwidth et_pb_row_fullwidth&#8221; _builder_version=&#8221;4.16&#8243; width=&#8221;89%&#8221; width_tablet=&#8221;80%&#8221; width_phone=&#8221;&#8221; width_last_edited=&#8221;on|desktop&#8221; max_width=&#8221;89%&#8221; max_width_tablet=&#8221;80%&#8221; max_width_phone=&#8221;&#8221; max_width_last_edited=&#8221;on|desktop&#8221; make_fullwidth=&#8221;on&#8221; global_colors_info=&#8221;{}&#8221;][et_pb_column type=&#8221;4_4&#8243; _builder_version=&#8221;4.16&#8243; custom_padding=&#8221;|||&#8221; global_colors_info=&#8221;{}&#8221; custom_padding__hover=&#8221;|||&#8221;][et_pb_text admin_label=&#8221;Ymp\u00e4rist\u00f6 ja It\u00e4meri -p\u00e4\u00e4otsikko&#8221; _builder_version=&#8221;4.27.4&#8243; text_orientation=&#8221;center&#8221; background_layout=&#8221;dark&#8221; hover_enabled=&#8221;0&#8243; global_colors_info=&#8221;{}&#8221; sticky_enabled=&#8221;0&#8243;]<\/p>\n<h1>Testataan rotareita<\/h1>\n<p>[\/et_pb_text][\/et_pb_column][\/et_pb_row][\/et_pb_section][et_pb_section fb_built=&#8221;1&#8243; admin_label=&#8221;Osio &#8211; Testataan rotareita&#8221; module_class=&#8221;sisaltoalue_perus&#8221; _builder_version=&#8221;4.27.4&#8243; custom_margin=&#8221;||0px||false|false&#8221; border_color_all=&#8221;#FFFFFF&#8221; border_style_all=&#8221;none&#8221; border_width_bottom=&#8221;1px&#8221; border_color_bottom=&#8221;#019FCB&#8221; global_colors_info=&#8221;{}&#8221;][et_pb_row custom_padding_last_edited=&#8221;on|phone&#8221; _builder_version=&#8221;4.27.4&#8243; max_height=&#8221;100px&#8221; custom_padding_tablet=&#8221;&#8221; custom_padding_phone=&#8221;&#8221; global_colors_info=&#8221;{}&#8221;][et_pb_column type=&#8221;4_4&#8243; _builder_version=&#8221;4.16&#8243; custom_padding=&#8221;|||&#8221; global_colors_info=&#8221;{}&#8221; custom_padding__hover=&#8221;|||&#8221;][et_pb_text admin_label=&#8221;otsikko &#8211; Every club climate frendly&#8221; _builder_version=&#8221;4.27.4&#8243; text_orientation=&#8221;center&#8221; global_colors_info=&#8221;{}&#8221;]<\/p>\n<h3 style=\"text-align: left\">Every Club Climate Friendly<\/h3>\n<p>[\/et_pb_text][\/et_pb_column][\/et_pb_row][et_pb_row column_structure=&#8221;1_2,1_2&#8243; custom_padding_last_edited=&#8221;on|phone&#8221; _builder_version=&#8221;4.27.4&#8243; max_height=&#8221;100px&#8221; custom_padding_tablet=&#8221;&#8221; custom_padding_phone=&#8221;&#8221; global_colors_info=&#8221;{}&#8221;][et_pb_column type=&#8221;1_2&#8243; _builder_version=&#8221;4.16&#8243; custom_padding=&#8221;|||&#8221; global_colors_info=&#8221;{}&#8221; custom_padding__hover=&#8221;|||&#8221;][et_pb_text admin_label=&#8221;Teksti&#8221; _builder_version=&#8221;4.27.4&#8243; _module_preset=&#8221;default&#8221; hover_enabled=&#8221;0&#8243; global_colors_info=&#8221;{}&#8221; sticky_enabled=&#8221;0&#8243;]<\/p>\n<p>Kun saastetasot nousevat ja maailma l\u00e4mpenee, myrskyt ja kuivuudet voimistuvat ja vahingoittavat ihmisi\u00e4, joita rotareina pyrimme auttamaan.<\/p>\n<p>Prioriteetti 1: lis\u00e4t\u00e4\u00e4n Rotaryn globaalia vaikutusta ryhtym\u00e4ll\u00e4 toimiin ilmastonmuutoksen hillitsemiseksi klubitoiminnassa.<\/p>\n<p>Prioriteetti 2: laajennetaan yhteisty\u00f6t\u00e4 heihin, jotka ovat valmiita toimimaan ilmastonmuutoksen torjumiseksi. Haetaan uusia kumppanuuksia yhteis\u00f6\u00f6n.<\/p>\n<p>Prioriteetti 3: osallistutaan hiilidioksidip\u00e4\u00e4st\u00f6jen v\u00e4hent\u00e4miseen ja luontoon perustuviin ratkaisuihin, esim. mangrovemetsien ennallistamiseen, puiden istuttamiseen ja kest\u00e4v\u00e4\u00e4n maatalouteen.<\/p>\n<p>Prioriteetti 4: sopeudutaan suuntamalla investoinnit ymp\u00e4rist\u00f6n painopistealueille tulevien sukupolvien pelastamiseksi.<\/p>\n<p><a href=\"https:\/\/esrag.org\/every-club-climate-friendly\/\">https:\/\/esrag.org\/every-club-climate-friendly\/<\/a><\/p>\n<p>[\/et_pb_text][\/et_pb_column][et_pb_column type=&#8221;1_2&#8243; _builder_version=&#8221;4.16&#8243; custom_padding=&#8221;|||&#8221; global_colors_info=&#8221;{}&#8221; custom_padding__hover=&#8221;|||&#8221;][et_pb_image src=&#8221;https:\/\/rotary.fi\/d1420\/wp-content\/uploads\/sites\/183\/2026\/03\/every-club-climate-friendly.png&#8221; title_text=&#8221;Every club climate friendly&#8221; admin_label=&#8221;Kuva  every club climate friendly&#8221; _builder_version=&#8221;4.27.4&#8243; _module_preset=&#8221;default&#8221; global_colors_info=&#8221;{}&#8221;][\/et_pb_image][\/et_pb_column][\/et_pb_row][et_pb_row custom_padding_last_edited=&#8221;on|phone&#8221; _builder_version=&#8221;4.27.4&#8243; max_height=&#8221;100px&#8221; custom_padding_tablet=&#8221;&#8221; custom_padding_phone=&#8221;&#8221; global_colors_info=&#8221;{}&#8221;][et_pb_column type=&#8221;4_4&#8243; _builder_version=&#8221;4.16&#8243; custom_padding=&#8221;|||&#8221; global_colors_info=&#8221;{}&#8221; custom_padding__hover=&#8221;|||&#8221;][et_pb_divider _builder_version=&#8221;4.27.4&#8243; _module_preset=&#8221;default&#8221; global_colors_info=&#8221;{}&#8221;][\/et_pb_divider][et_pb_text admin_label=&#8221;otsikko &#8211; ilmastohaaste klubeille&#8221; _builder_version=&#8221;4.27.4&#8243; text_orientation=&#8221;center&#8221; hover_enabled=&#8221;0&#8243; global_colors_info=&#8221;{}&#8221; sticky_enabled=&#8221;0&#8243;]<\/p>\n<h3 style=\"text-align: left\">Ilmastohaaste klubeille<\/h3>\n<p>[\/et_pb_text][\/et_pb_column][\/et_pb_row][et_pb_row column_structure=&#8221;3_5,2_5&#8243; custom_padding_last_edited=&#8221;on|phone&#8221; _builder_version=&#8221;4.27.4&#8243; max_height=&#8221;100px&#8221; custom_padding_tablet=&#8221;&#8221; custom_padding_phone=&#8221;&#8221; global_colors_info=&#8221;{}&#8221;][et_pb_column type=&#8221;3_5&#8243; _builder_version=&#8221;4.16&#8243; custom_padding=&#8221;|||&#8221; global_colors_info=&#8221;{}&#8221; custom_padding__hover=&#8221;|||&#8221;][et_pb_text admin_label=&#8221;Teksti ilmastohaaste &#8221; _builder_version=&#8221;4.27.4&#8243; _module_preset=&#8221;default&#8221; hover_enabled=&#8221;0&#8243; global_colors_info=&#8221;{}&#8221; sticky_enabled=&#8221;0&#8243;]<\/p>\n<p>Tervetuloa hakemaan oppeja klubien ilmastoty\u00f6h\u00f6n!<\/p>\n<p>Nyt on aika my\u00f6s meid\u00e4n piirimme klubien k\u00e4\u00e4ri\u00e4 hihat ja suunnata askel askeleelta ilmastoklubiksi. Piirin It\u00e4merifoorumi j\u00e4rjesti kaksiosaisen, p\u00e4\u00e4osin suomenkielisen webinaarisarjan, josta klubi saa tukevat ev\u00e4\u00e4t muutosmatkalle.<\/p>\n<p>&nbsp;<\/p>\n<p>&nbsp;<\/p>\n<p>&nbsp;<\/p>\n<p>[\/et_pb_text][\/et_pb_column][et_pb_column type=&#8221;2_5&#8243; _builder_version=&#8221;4.16&#8243; custom_padding=&#8221;|||&#8221; global_colors_info=&#8221;{}&#8221; custom_padding__hover=&#8221;|||&#8221;][et_pb_button button_url=&#8221;https:\/\/rotary.fi\/d1420\/mita-teemme\/ymparisto-ja-itameri\/ilmastohaaste-klubeille\/&#8221; button_text=&#8221;Hae oppeja klubien ilmastoty\u00f6h\u00f6n!&#8221; _builder_version=&#8221;4.27.4&#8243; _module_preset=&#8221;default&#8221; hover_enabled=&#8221;0&#8243; global_colors_info=&#8221;{}&#8221; sticky_enabled=&#8221;0&#8243;][\/et_pb_button][\/et_pb_column][\/et_pb_row][et_pb_row custom_padding_last_edited=&#8221;on|phone&#8221; _builder_version=&#8221;4.27.4&#8243; max_height=&#8221;100px&#8221; custom_padding_tablet=&#8221;&#8221; custom_padding_phone=&#8221;&#8221; global_colors_info=&#8221;{}&#8221;][et_pb_column type=&#8221;4_4&#8243; _builder_version=&#8221;4.16&#8243; custom_padding=&#8221;|||&#8221; global_colors_info=&#8221;{}&#8221; custom_padding__hover=&#8221;|||&#8221;][et_pb_divider _builder_version=&#8221;4.27.4&#8243; _module_preset=&#8221;default&#8221; global_colors_info=&#8221;{}&#8221;][\/et_pb_divider][\/et_pb_column][\/et_pb_row][et_pb_row _builder_version=&#8221;4.27.4&#8243; _module_preset=&#8221;default&#8221; global_colors_info=&#8221;{}&#8221;][et_pb_column type=&#8221;4_4&#8243; _builder_version=&#8221;4.27.4&#8243; _module_preset=&#8221;default&#8221; global_colors_info=&#8221;{}&#8221;][et_pb_text admin_label=&#8221;otsikko &#8211; El\u00e4m\u00e4ntapatesti&#8221; _builder_version=&#8221;4.27.4&#8243; _module_preset=&#8221;default&#8221; hover_enabled=&#8221;0&#8243; global_colors_info=&#8221;{}&#8221; sticky_enabled=&#8221;0&#8243;]<\/p>\n<p>&nbsp;<\/p>\n<h3>El\u00e4m\u00e4ntapatesti<\/h3>\n<p>[\/et_pb_text][\/et_pb_column][\/et_pb_row][et_pb_row column_structure=&#8221;1_2,1_2&#8243; _builder_version=&#8221;4.27.4&#8243; _module_preset=&#8221;default&#8221; global_colors_info=&#8221;{}&#8221;][et_pb_column type=&#8221;1_2&#8243; _builder_version=&#8221;4.27.4&#8243; _module_preset=&#8221;default&#8221; global_colors_info=&#8221;{}&#8221;][et_pb_image src=&#8221;https:\/\/rotary.fi\/d1420\/wp-content\/uploads\/sites\/183\/2026\/03\/lifestyle-test-sitra.png&#8221; title_text=&#8221;Lifestyle test &#8211; SITRA&#8221; admin_label=&#8221;Kuva lifestyle test&#8221; _builder_version=&#8221;4.27.4&#8243; _module_preset=&#8221;default&#8221; global_colors_info=&#8221;{}&#8221;][\/et_pb_image][\/et_pb_column][et_pb_column type=&#8221;1_2&#8243; _builder_version=&#8221;4.27.4&#8243; _module_preset=&#8221;default&#8221; global_colors_info=&#8221;{}&#8221;][et_pb_text _builder_version=&#8221;4.27.4&#8243; _module_preset=&#8221;default&#8221; hover_enabled=&#8221;0&#8243; global_colors_info=&#8221;{}&#8221; sticky_enabled=&#8221;0&#8243;]<\/p>\n<p>L\u00e4hes 70 prosenttia Euroopan ilmastop\u00e4\u00e4st\u00f6ist\u00e4 voidaan johtaa ihmisten arkeen \u2013 siihen, miten sy\u00f6mme, miten asumme, liikumme ja kulutamme.<\/p>\n<p>Sitran El\u00e4m\u00e4ntapatestin pohjalta kehitetty uusi ty\u00f6kalu on k\u00e4yt\u00f6ss\u00e4 kahdeksassa Euroopan maassa. Ty\u00f6kalua on kehitetty paremmaksi yhdess\u00e4 kansalaisten kanssa. Suomessa El\u00e4m\u00e4ntapatesti on tehty jo yli 1,4 miljoonaa kertaa.<\/p>\n<p>El\u00e4m\u00e4ntapatesti auttaa l\u00f6yt\u00e4m\u00e4\u00e4n omiin arvoihin ja el\u00e4m\u00e4ntilanteisiin sopivia valintoja, joiden avulla voi el\u00e4\u00e4 itsens\u00e4 n\u00e4k\u00f6ist\u00e4 hyv\u00e4\u00e4 el\u00e4m\u00e4\u00e4 ja hillit\u00e4 ilmaston kuumenemista. Ty\u00f6kalua on kehitetty kymmeniss\u00e4 ty\u00f6pajoissa, joihin on osallistuttu kahdeksasta Euroopan maasta. Se on osa EU:n rahoittamaa PSLifestyle-hanketta, osana Euroopan vihre\u00e4n kehityksen ohjelmaa.<\/p>\n<p>&nbsp;<\/p>\n<p><a href=\"https:\/\/www.sitra.fi\/elamantapatesti\/\">https:\/\/www.sitra.fi\/elamantapatesti\/<\/a><\/p>\n<p>[\/et_pb_text][\/et_pb_column][\/et_pb_row][\/et_pb_section]<\/p>\n","protected":false},"excerpt":{"rendered":"<p>Testataan rotareitaEvery Club Climate Friendly Kun saastetasot nousevat ja maailma l\u00e4mpenee, myrskyt ja kuivuudet voimistuvat ja vahingoittavat ihmisi\u00e4, joita rotareina pyrimme auttamaan. Prioriteetti 1: lis\u00e4t\u00e4\u00e4n Rotaryn globaalia vaikutusta ryhtym\u00e4ll\u00e4 toimiin ilmastonmuutoksen hillitsemiseksi klubitoiminnassa. Prioriteetti 2: laajennetaan yhteisty\u00f6t\u00e4 heihin, jotka ovat valmiita toimimaan ilmastonmuutoksen torjumiseksi. Haetaan uusia kumppanuuksia yhteis\u00f6\u00f6n. Prioriteetti 3: osallistutaan hiilidioksidip\u00e4\u00e4st\u00f6jen v\u00e4hent\u00e4miseen ja luontoon [&hellip;]<\/p>\n","protected":false},"author":26,"featured_media":0,"parent":12508,"menu_order":5,"comment_status":"closed","ping_status":"closed","template":"","meta":{"_acf_changed":false,"_et_pb_use_builder":"on","_et_pb_old_content":"","_et_gb_content_width":"","footnotes":""},"class_list":["post-12696","page","type-page","status-publish","hentry"],"acf":[],"yoast_head":"<!-- This site is optimized with the Yoast SEO plugin v27.4 - https:\/\/yoast.com\/product\/yoast-seo-wordpress\/ -->\n<title>Testataan rotareita - Piiri 1420<\/title>\n<meta name=\"robots\" content=\"index, follow, max-snippet:-1, max-image-preview:large, max-video-preview:-1\" \/>\n<link rel=\"canonical\" href=\"https:\/\/rotary.fi\/d1420\/mita-teemme\/ymparisto-ja-itameri\/testataan-rotareita\/\" \/>\n<meta property=\"og:locale\" content=\"fi_FI\" \/>\n<meta property=\"og:type\" content=\"article\" \/>\n<meta property=\"og:title\" content=\"Testataan rotareita - Piiri 1420\" \/>\n<meta property=\"og:description\" content=\"Testataan rotareitaEvery Club Climate Friendly Kun saastetasot nousevat ja maailma l\u00e4mpenee, myrskyt ja kuivuudet voimistuvat ja vahingoittavat ihmisi\u00e4, joita rotareina pyrimme auttamaan. Prioriteetti 1: lis\u00e4t\u00e4\u00e4n Rotaryn globaalia vaikutusta ryhtym\u00e4ll\u00e4 toimiin ilmastonmuutoksen hillitsemiseksi klubitoiminnassa. Prioriteetti 2: laajennetaan yhteisty\u00f6t\u00e4 heihin, jotka ovat valmiita toimimaan ilmastonmuutoksen torjumiseksi. Haetaan uusia kumppanuuksia yhteis\u00f6\u00f6n. Prioriteetti 3: osallistutaan hiilidioksidip\u00e4\u00e4st\u00f6jen v\u00e4hent\u00e4miseen ja luontoon [&hellip;]\" \/>\n<meta property=\"og:url\" content=\"https:\/\/rotary.fi\/d1420\/mita-teemme\/ymparisto-ja-itameri\/testataan-rotareita\/\" \/>\n<meta property=\"og:site_name\" content=\"Piiri 1420\" \/>\n<meta property=\"article:publisher\" content=\"https:\/\/www.facebook.com\/rotary\/\" \/>\n<meta property=\"article:modified_time\" content=\"2026-03-29T11:27:26+00:00\" \/>\n<meta name=\"twitter:card\" content=\"summary_large_image\" \/>\n<meta name=\"twitter:label1\" content=\"Arvioitu lukuaika\" \/>\n\t<meta name=\"twitter:data1\" content=\"2 minuuttia\" \/>\n<script type=\"application\/ld+json\" class=\"yoast-schema-graph\">{\"@context\":\"https:\\\/\\\/schema.org\",\"@graph\":[{\"@type\":\"WebPage\",\"@id\":\"https:\\\/\\\/rotary.fi\\\/d1420\\\/mita-teemme\\\/ymparisto-ja-itameri\\\/testataan-rotareita\\\/\",\"url\":\"https:\\\/\\\/rotary.fi\\\/d1420\\\/mita-teemme\\\/ymparisto-ja-itameri\\\/testataan-rotareita\\\/\",\"name\":\"Testataan rotareita - Piiri 1420\",\"isPartOf\":{\"@id\":\"https:\\\/\\\/rotary.fi\\\/d1420\\\/#website\"},\"datePublished\":\"2026-03-13T13:41:27+00:00\",\"dateModified\":\"2026-03-29T11:27:26+00:00\",\"breadcrumb\":{\"@id\":\"https:\\\/\\\/rotary.fi\\\/d1420\\\/mita-teemme\\\/ymparisto-ja-itameri\\\/testataan-rotareita\\\/#breadcrumb\"},\"inLanguage\":\"fi\",\"potentialAction\":[{\"@type\":\"ReadAction\",\"target\":[\"https:\\\/\\\/rotary.fi\\\/d1420\\\/mita-teemme\\\/ymparisto-ja-itameri\\\/testataan-rotareita\\\/\"]}]},{\"@type\":\"BreadcrumbList\",\"@id\":\"https:\\\/\\\/rotary.fi\\\/d1420\\\/mita-teemme\\\/ymparisto-ja-itameri\\\/testataan-rotareita\\\/#breadcrumb\",\"itemListElement\":[{\"@type\":\"ListItem\",\"position\":1,\"name\":\"Home\",\"item\":\"https:\\\/\\\/rotary.fi\\\/d1420\\\/\"},{\"@type\":\"ListItem\",\"position\":2,\"name\":\"Mit\u00e4 teemme\",\"item\":\"https:\\\/\\\/rotary.fi\\\/d1420\\\/mita-teemme\\\/\"},{\"@type\":\"ListItem\",\"position\":3,\"name\":\"Ymp\u00e4rist\u00f6 ja It\u00e4meri\",\"item\":\"https:\\\/\\\/rotary.fi\\\/d1420\\\/mita-teemme\\\/ymparisto-ja-itameri\\\/\"},{\"@type\":\"ListItem\",\"position\":4,\"name\":\"Testataan rotareita\"}]},{\"@type\":\"WebSite\",\"@id\":\"https:\\\/\\\/rotary.fi\\\/d1420\\\/#website\",\"url\":\"https:\\\/\\\/rotary.fi\\\/d1420\\\/\",\"name\":\"Piiri 1420\",\"description\":\"Suomen Rotary\",\"potentialAction\":[{\"@type\":\"SearchAction\",\"target\":{\"@type\":\"EntryPoint\",\"urlTemplate\":\"https:\\\/\\\/rotary.fi\\\/d1420\\\/?s={search_term_string}\"},\"query-input\":{\"@type\":\"PropertyValueSpecification\",\"valueRequired\":true,\"valueName\":\"search_term_string\"}}],\"inLanguage\":\"fi\"}]}<\/script>\n<!-- \/ Yoast SEO plugin. -->","yoast_head_json":{"title":"Testataan rotareita - Piiri 1420","robots":{"index":"index","follow":"follow","max-snippet":"max-snippet:-1","max-image-preview":"max-image-preview:large","max-video-preview":"max-video-preview:-1"},"canonical":"https:\/\/rotary.fi\/d1420\/mita-teemme\/ymparisto-ja-itameri\/testataan-rotareita\/","og_locale":"fi_FI","og_type":"article","og_title":"Testataan rotareita - Piiri 1420","og_description":"Testataan rotareitaEvery Club Climate Friendly Kun saastetasot nousevat ja maailma l\u00e4mpenee, myrskyt ja kuivuudet voimistuvat ja vahingoittavat ihmisi\u00e4, joita rotareina pyrimme auttamaan. Prioriteetti 1: lis\u00e4t\u00e4\u00e4n Rotaryn globaalia vaikutusta ryhtym\u00e4ll\u00e4 toimiin ilmastonmuutoksen hillitsemiseksi klubitoiminnassa. Prioriteetti 2: laajennetaan yhteisty\u00f6t\u00e4 heihin, jotka ovat valmiita toimimaan ilmastonmuutoksen torjumiseksi. Haetaan uusia kumppanuuksia yhteis\u00f6\u00f6n. Prioriteetti 3: osallistutaan hiilidioksidip\u00e4\u00e4st\u00f6jen v\u00e4hent\u00e4miseen ja luontoon [&hellip;]","og_url":"https:\/\/rotary.fi\/d1420\/mita-teemme\/ymparisto-ja-itameri\/testataan-rotareita\/","og_site_name":"Piiri 1420","article_publisher":"https:\/\/www.facebook.com\/rotary\/","article_modified_time":"2026-03-29T11:27:26+00:00","twitter_card":"summary_large_image","twitter_misc":{"Arvioitu lukuaika":"2 minuuttia"},"schema":{"@context":"https:\/\/schema.org","@graph":[{"@type":"WebPage","@id":"https:\/\/rotary.fi\/d1420\/mita-teemme\/ymparisto-ja-itameri\/testataan-rotareita\/","url":"https:\/\/rotary.fi\/d1420\/mita-teemme\/ymparisto-ja-itameri\/testataan-rotareita\/","name":"Testataan rotareita - Piiri 1420","isPartOf":{"@id":"https:\/\/rotary.fi\/d1420\/#website"},"datePublished":"2026-03-13T13:41:27+00:00","dateModified":"2026-03-29T11:27:26+00:00","breadcrumb":{"@id":"https:\/\/rotary.fi\/d1420\/mita-teemme\/ymparisto-ja-itameri\/testataan-rotareita\/#breadcrumb"},"inLanguage":"fi","potentialAction":[{"@type":"ReadAction","target":["https:\/\/rotary.fi\/d1420\/mita-teemme\/ymparisto-ja-itameri\/testataan-rotareita\/"]}]},{"@type":"BreadcrumbList","@id":"https:\/\/rotary.fi\/d1420\/mita-teemme\/ymparisto-ja-itameri\/testataan-rotareita\/#breadcrumb","itemListElement":[{"@type":"ListItem","position":1,"name":"Home","item":"https:\/\/rotary.fi\/d1420\/"},{"@type":"ListItem","position":2,"name":"Mit\u00e4 teemme","item":"https:\/\/rotary.fi\/d1420\/mita-teemme\/"},{"@type":"ListItem","position":3,"name":"Ymp\u00e4rist\u00f6 ja It\u00e4meri","item":"https:\/\/rotary.fi\/d1420\/mita-teemme\/ymparisto-ja-itameri\/"},{"@type":"ListItem","position":4,"name":"Testataan rotareita"}]},{"@type":"WebSite","@id":"https:\/\/rotary.fi\/d1420\/#website","url":"https:\/\/rotary.fi\/d1420\/","name":"Piiri 1420","description":"Suomen Rotary","potentialAction":[{"@type":"SearchAction","target":{"@type":"EntryPoint","urlTemplate":"https:\/\/rotary.fi\/d1420\/?s={search_term_string}"},"query-input":{"@type":"PropertyValueSpecification","valueRequired":true,"valueName":"search_term_string"}}],"inLanguage":"fi"}]}},"lang":"fi","translations":{"fi":12696,"sv":13523,"en":13533,"et":13541},"pll_sync_post":[],"_links":{"self":[{"href":"https:\/\/rotary.fi\/d1420\/wp-json\/wp\/v2\/pages\/12696","targetHints":{"allow":["GET"]}}],"collection":[{"href":"https:\/\/rotary.fi\/d1420\/wp-json\/wp\/v2\/pages"}],"about":[{"href":"https:\/\/rotary.fi\/d1420\/wp-json\/wp\/v2\/types\/page"}],"author":[{"embeddable":true,"href":"https:\/\/rotary.fi\/d1420\/wp-json\/wp\/v2\/users\/26"}],"replies":[{"embeddable":true,"href":"https:\/\/rotary.fi\/d1420\/wp-json\/wp\/v2\/comments?post=12696"}],"version-history":[{"count":9,"href":"https:\/\/rotary.fi\/d1420\/wp-json\/wp\/v2\/pages\/12696\/revisions"}],"predecessor-version":[{"id":13532,"href":"https:\/\/rotary.fi\/d1420\/wp-json\/wp\/v2\/pages\/12696\/revisions\/13532"}],"up":[{"embeddable":true,"href":"https:\/\/rotary.fi\/d1420\/wp-json\/wp\/v2\/pages\/12508"}],"wp:attachment":[{"href":"https:\/\/rotary.fi\/d1420\/wp-json\/wp\/v2\/media?parent=12696"}],"curies":[{"name":"wp","href":"https:\/\/api.w.org\/{rel}","templated":true}]}}