{"id":12676,"date":"2026-03-13T15:02:28","date_gmt":"2026-03-13T13:02:28","guid":{"rendered":"https:\/\/rotary.fi\/d1420\/?page_id=12676"},"modified":"2026-04-10T10:35:43","modified_gmt":"2026-04-10T08:35:43","slug":"rotarit-tekevat-ymparistotekoja","status":"publish","type":"page","link":"https:\/\/rotary.fi\/d1420\/mita-teemme\/ymparisto-ja-itameri\/rotarit-tekevat-ymparistotekoja\/","title":{"rendered":"Rotarit tekev\u00e4t ymp\u00e4rist\u00f6tekoja"},"content":{"rendered":"<p>[et_pb_section fb_built=&#8221;1&#8243; admin_label=&#8221;Osio &#8211; yl\u00e4kuva&#8221; module_class=&#8221;jumbotron-page&#8221; _builder_version=&#8221;4.27.4&#8243; background_image=&#8221;https:\/\/rotary.fi\/d1420\/wp-content\/uploads\/sites\/183\/2026\/03\/maisema-2.jpg&#8221; background_position=&#8221;top_center&#8221; global_colors_info=&#8221;{}&#8221;][et_pb_row module_class=&#8221; et_pb_row_fullwidth et_pb_row_fullwidth&#8221; _builder_version=&#8221;4.16&#8243; width=&#8221;89%&#8221; width_tablet=&#8221;80%&#8221; width_phone=&#8221;&#8221; width_last_edited=&#8221;on|desktop&#8221; max_width=&#8221;89%&#8221; max_width_tablet=&#8221;80%&#8221; max_width_phone=&#8221;&#8221; max_width_last_edited=&#8221;on|desktop&#8221; make_fullwidth=&#8221;on&#8221; global_colors_info=&#8221;{}&#8221;][et_pb_column type=&#8221;4_4&#8243; _builder_version=&#8221;4.16&#8243; custom_padding=&#8221;|||&#8221; global_colors_info=&#8221;{}&#8221; custom_padding__hover=&#8221;|||&#8221;][et_pb_text admin_label=&#8221;Ymp\u00e4rist\u00f6 ja It\u00e4meri -p\u00e4\u00e4otsikko&#8221; _builder_version=&#8221;4.27.4&#8243; text_orientation=&#8221;center&#8221; background_layout=&#8221;dark&#8221; global_colors_info=&#8221;{}&#8221;]<\/p>\n<h1>Rotarit tekev\u00e4t ymp\u00e4rist\u00f6tekoja<\/h1>\n<p>[\/et_pb_text][\/et_pb_column][\/et_pb_row][\/et_pb_section][et_pb_section fb_built=&#8221;1&#8243; admin_label=&#8221;Osio &#8211; rotarit tekev\u00e4t ymp\u00e4rist\u00f6tekoja&#8221; module_class=&#8221;sisaltoalue_perus&#8221; _builder_version=&#8221;4.22.1&#8243; custom_margin=&#8221;||0px||false|false&#8221; border_color_all=&#8221;#FFFFFF&#8221; border_style_all=&#8221;none&#8221; border_width_bottom=&#8221;1px&#8221; border_color_bottom=&#8221;#019FCB&#8221; global_colors_info=&#8221;{}&#8221;][et_pb_row custom_padding_last_edited=&#8221;on|phone&#8221; _builder_version=&#8221;4.27.4&#8243; max_height=&#8221;100px&#8221; custom_padding_tablet=&#8221;&#8221; custom_padding_phone=&#8221;&#8221; global_colors_info=&#8221;{}&#8221;][et_pb_column type=&#8221;4_4&#8243; _builder_version=&#8221;4.16&#8243; custom_padding=&#8221;|||&#8221; global_colors_info=&#8221;{}&#8221; custom_padding__hover=&#8221;|||&#8221;][et_pb_text admin_label=&#8221;otsikko &#8211; Vantaanjoen vesist\u00f6n kunnostukset&#8221; _builder_version=&#8221;4.27.4&#8243; text_orientation=&#8221;center&#8221; global_colors_info=&#8221;{}&#8221;]<\/p>\n<h3 style=\"text-align: left\">Vantaanjoen vesist\u00f6n kunnostukset<\/h3>\n<p>[\/et_pb_text][et_pb_text admin_label=&#8221;Teksti&#8221; _builder_version=&#8221;4.27.4&#8243; _module_preset=&#8221;default&#8221; global_colors_info=&#8221;{}&#8221;]<\/p>\n<h5>Kutusoraikkoja ja poikaskivikoita<\/h5>\n<p>Kutusoraikkoja ja poikaskivikoita rakennettu ja\/tai huollettu Tuusulassa, Hyvink\u00e4\u00e4ll\u00e4, Nurmij\u00e4rvell\u00e4, Riihim\u00e4ell\u00e4, Hausj\u00e4rvell\u00e4.<\/p>\n<p>&nbsp;<\/p>\n<h5>Vesitaskut<\/h5>\n<p>Hankkeessa tehtiin valuma-alueselvitys, jossa kartoitettiin mahdollisuuksia viivytt\u00e4\u00e4 valumavesi\u00e4 valuma-alueen suo-, mets\u00e4- ja peltoalueilla esimerkiksi pohjapatojen, kasteluvesialtaiden tai jo olemassa olevien altaiden toiminnan parantamisen kautta. Voitaisiinko samalla parantaa mahdollisuuksia peltojen kasteluun kuivina aikoina, v\u00e4hent\u00e4\u00e4 tulvia ja siten v\u00e4hent\u00e4\u00e4 arvokkaan maa-aineksen ja ravinteiden huuhtoutumista pelloilta vesist\u00f6ihin?<\/p>\n<p>Sivu-uomien varsilta l\u00f6ydettiin 27 kohdetta, joista maanomistajan suostumus saatiin 19:lle kohteelle. Hyvink\u00e4\u00e4n, J\u00e4rvenp\u00e4\u00e4n, Nurmij\u00e4rven, Nurmij\u00e4rvi-Klaukkalan, Tikkurilan, Tuusulan, Vantaa-Myyrm\u00e4en,\u00a0 Riihim\u00e4en ja Helsinki Koillisen rotaryklubit osallistuvat.<\/p>\n<p>Uudenmaan vesist\u00f6kunnostusverkosto: <a href=\"https:\/\/www.vhvsy.fi\/sivut\/Vesistokunnostus\">https:\/\/www.vhvsy.fi\/sivut\/Vesistokunnostus<\/a><\/p>\n<p>Kest\u00e4v\u00e4 vesien hallinta Leps\u00e4m\u00e4njoen yl\u00e4osan valuma-alueella (VELEVA-hanke):<br \/><a href=\"https:\/\/www.vhvsy.fi\/sivut\/Vesienhallinta\">https:\/\/www.vhvsy.fi\/sivut\/Vesienhallinta<\/a><\/p>\n<p>&nbsp;<\/p>\n<p>[\/et_pb_text][et_pb_image src=&#8221;https:\/\/rotary.fi\/d1420\/wp-content\/uploads\/sites\/183\/2026\/03\/talvitulva-lepsamanjoella.png&#8221; title_text=&#8221;Talvitulva Leps\u00e4m\u00e4njoella&#8221; _builder_version=&#8221;4.27.4&#8243; _module_preset=&#8221;default&#8221; global_colors_info=&#8221;{}&#8221;][\/et_pb_image][et_pb_divider _builder_version=&#8221;4.27.4&#8243; _module_preset=&#8221;default&#8221; global_colors_info=&#8221;{}&#8221;][\/et_pb_divider][\/et_pb_column][\/et_pb_row][et_pb_row _builder_version=&#8221;4.27.4&#8243; _module_preset=&#8221;default&#8221; global_colors_info=&#8221;{}&#8221;][et_pb_column type=&#8221;4_4&#8243; _builder_version=&#8221;4.27.4&#8243; _module_preset=&#8221;default&#8221; global_colors_info=&#8221;{}&#8221;][et_pb_text admin_label=&#8221;otsikko &#8211; Seurasaaren vesialueen toimenpiteet&#8221; _builder_version=&#8221;4.27.4&#8243; _module_preset=&#8221;default&#8221; global_colors_info=&#8221;{}&#8221;]&nbsp;<\/p>\n<h3>Seurasaaren vesialueen toimenpiteet<\/h3>\n<p>[\/et_pb_text][\/et_pb_column][\/et_pb_row][et_pb_row column_structure=&#8221;1_2,1_2&#8243; _builder_version=&#8221;4.27.4&#8243; _module_preset=&#8221;default&#8221; global_colors_info=&#8221;{}&#8221;][et_pb_column type=&#8221;1_2&#8243; _builder_version=&#8221;4.27.4&#8243; _module_preset=&#8221;default&#8221; global_colors_info=&#8221;{}&#8221;][et_pb_image src=&#8221;https:\/\/rotary.fi\/d1420\/wp-content\/uploads\/sites\/183\/2026\/03\/seurasaaren-vesimuodostuma.png&#8221; title_text=&#8221;Seurasaaren vesimuodostuma&#8221; _builder_version=&#8221;4.27.4&#8243; _module_preset=&#8221;default&#8221; global_colors_info=&#8221;{}&#8221;][\/et_pb_image][\/et_pb_column][et_pb_column type=&#8221;1_2&#8243; _builder_version=&#8221;4.27.4&#8243; _module_preset=&#8221;default&#8221; global_colors_info=&#8221;{}&#8221;][et_pb_text admin_label=&#8221;Teksti &#8211; Seurasaari&#8221; _builder_version=&#8221;4.27.4&#8243; _module_preset=&#8221;default&#8221; global_colors_info=&#8221;{}&#8221;]<\/p>\n<p><strong>Projektiaihio: Seurasaaren vesimuodostuma<\/strong><\/p>\n<p>Seurasaaren vesimuodostuma (Laajalahti) eli koko vesialue Lauttasaaresta pohjoiseen on p\u00e4\u00e4kaupunkiseudun huonokuntoisin vesialue. Sinilev\u00e4 kukkii Laajalahdella l\u00e4hes joka kes\u00e4 heti juhannuksen j\u00e4lkeen. V. 2025 kukinta n\u00e4kyi rantavedess\u00e4 vasta elokuussa, mutta sit\u00e4kin pahempana. Mit\u00e4 asialle voitaisiin ehd\u00e4?<\/p>\n<p>[\/et_pb_text][\/et_pb_column][\/et_pb_row][et_pb_row _builder_version=&#8221;4.27.4&#8243; _module_preset=&#8221;default&#8221; global_colors_info=&#8221;{}&#8221;][et_pb_column type=&#8221;4_4&#8243; _builder_version=&#8221;4.27.4&#8243; _module_preset=&#8221;default&#8221; global_colors_info=&#8221;{}&#8221;][et_pb_divider _builder_version=&#8221;4.27.4&#8243; _module_preset=&#8221;default&#8221; global_colors_info=&#8221;{}&#8221;][\/et_pb_divider][et_pb_text admin_label=&#8221;otsikko &#8211; Piirin it\u00e4isten alueen vesist\u00f6hankkeet&#8221; _builder_version=&#8221;4.27.4&#8243; _module_preset=&#8221;default&#8221; global_colors_info=&#8221;{}&#8221;]<\/p>\n<h3>It\u00e4isten rotaryklubien vesiensuojeluteot<\/h3>\n<p>[\/et_pb_text][\/et_pb_column][\/et_pb_row][et_pb_row column_structure=&#8221;1_2,1_2&#8243; _builder_version=&#8221;4.27.4&#8243; _module_preset=&#8221;default&#8221; global_colors_info=&#8221;{}&#8221;][et_pb_column type=&#8221;1_2&#8243; _builder_version=&#8221;4.27.4&#8243; _module_preset=&#8221;default&#8221; global_colors_info=&#8221;{}&#8221;][et_pb_text admin_label=&#8221;Teksti &#8211; It\u00e4meri kiitt\u00e4\u00e4&#8221; _builder_version=&#8221;4.27.4&#8243; _module_preset=&#8221;default&#8221; global_colors_info=&#8221;{}&#8221;]<\/p>\n<h4>It\u00e4meri kiitt\u00e4\u00e4<\/h4>\n<p>Rotaryklubit Porvoosta, Sipoosta ja Loviisasta aktivoivat 2016-2020 lapsia ja nuoria vesiensuojelutekoihin alueillaan yhteisty\u00f6ss\u00e4 alueen kuntien, yhdistysten ja yritysten kanssa j\u00e4rjest\u00e4m\u00e4ll\u00e4 n. 70 tapahtumaa. T\u00e4m\u00e4 tarkoitti esimerkiksi rantojen siivoustalkoita, koulujen lis\u00e4opetuspakettia, vesireppujen jakamista kaikille alaasteille, lukiolaisille kustannetun Matka merelle -elokuvan ja seminaarien j\u00e4rjest\u00e4mist\u00e4 sek\u00e4 lis\u00e4ksi paikallisten yhdistysten tukemista avustuksilla niiden<br \/>vesiensuojeluty\u00f6ss\u00e4.<\/p>\n<p>Lue lis\u00e4\u00e4: <a href=\"https:\/\/rotary.fi\/porvoolantinen\/itameri-kiittaa\/\">https:\/\/rotary.fi\/porvoolantinen\/itameri-kiittaa\/<\/a><\/p>\n<p>[\/et_pb_text][\/et_pb_column][et_pb_column type=&#8221;1_2&#8243; _builder_version=&#8221;4.27.4&#8243; _module_preset=&#8221;default&#8221; global_colors_info=&#8221;{}&#8221;][et_pb_image src=&#8221;https:\/\/rotary.fi\/d1420\/wp-content\/uploads\/sites\/183\/2024\/09\/2024-08-29-itameripaiva-50.jpg&#8221; alt=&#8221;Vesirepun esittely It\u00e4merip\u00e4iv\u00e4n\u00e4 2024&#8243; title_text=&#8221;2024_08_29 It\u00e4merip\u00e4iv\u00e4 (50)&#8221; admin_label=&#8221;Kuva &#8211; It\u00e4meri kiitt\u00e4\u00e4&#8221; _builder_version=&#8221;4.27.4&#8243; _module_preset=&#8221;default&#8221; global_colors_info=&#8221;{}&#8221;][\/et_pb_image][\/et_pb_column][\/et_pb_row][et_pb_row _builder_version=&#8221;4.27.4&#8243; _module_preset=&#8221;default&#8221; global_colors_info=&#8221;{}&#8221;][et_pb_column type=&#8221;4_4&#8243; _builder_version=&#8221;4.27.4&#8243; _module_preset=&#8221;default&#8221; global_colors_info=&#8221;{}&#8221;][et_pb_divider _builder_version=&#8221;4.27.4&#8243; _module_preset=&#8221;default&#8221; global_colors_info=&#8221;{}&#8221;][\/et_pb_divider][et_pb_text admin_label=&#8221;otsikko &#8211; Espoon rotaryklubien vesiensuojeluty\u00f6t&#8221; _builder_version=&#8221;4.27.4&#8243; _module_preset=&#8221;default&#8221; global_colors_info=&#8221;{}&#8221;]<\/p>\n<h3>Espoon klubien vesiensuojeluty\u00f6t<\/h3>\n<p>[\/et_pb_text][\/et_pb_column][\/et_pb_row][et_pb_row column_structure=&#8221;1_2,1_2&#8243; _builder_version=&#8221;4.27.4&#8243; _module_preset=&#8221;default&#8221; global_colors_info=&#8221;{}&#8221;][et_pb_column type=&#8221;1_2&#8243; _builder_version=&#8221;4.27.4&#8243; _module_preset=&#8221;default&#8221; global_colors_info=&#8221;{}&#8221;][et_pb_image src=&#8221;https:\/\/rotary.fi\/d1420\/wp-content\/uploads\/sites\/183\/2024\/02\/kalatie.png&#8221; title_text=&#8221;kalatie&#8221; admin_label=&#8221;Kuva &#8211; Gumb\u00f6le&#8221; _builder_version=&#8221;4.27.4&#8243; _module_preset=&#8221;default&#8221; global_colors_info=&#8221;{}&#8221;][\/et_pb_image][\/et_pb_column][et_pb_column type=&#8221;1_2&#8243; _builder_version=&#8221;4.27.4&#8243; _module_preset=&#8221;default&#8221; global_colors_info=&#8221;{}&#8221;][et_pb_text admin_label=&#8221;Teksti &#8211; Gumb\u00f6le&#8221; _builder_version=&#8221;4.27.4&#8243; _module_preset=&#8221;default&#8221; global_colors_info=&#8221;{}&#8221;]<\/p>\n<h4>Gumb\u00f6len kalatie<\/h4>\n<p>Espoon rotaryklubi oli mukana Espoon Gumb\u00f6lenjoen kalaporrashankkeessa vuosina 2013-2020. Klubin yhteisty\u00f6 Espoon kaupungin ja Uudenmaan ELY-keskuksen kanssa k\u00e4ynnistyi 2013 kalaportaan suunnittelun alkaessa. Joessa on 1700-luvulla tehty museoviraston suojelema noin nelj\u00e4 metri\u00e4 korkea myllypato, joka est\u00e4\u00e4 vaelluskalojen nousun latvavesille.<\/p>\n<p>Klubin edustajilla oli merkitt\u00e4v\u00e4 rooli, koska heid\u00e4n 2015 tehdyst\u00e4 aloitteestaan porras voitiin rakentaa satoja tuhansia euroja edullisempana ratkaisuna joen it\u00e4puolelle. Lopullinen kustannus oli noin 250 000 euroa. T\u00e4llainen suuri rakennushanke vaatii laajaa suunnittelua ja monenlaisia viranomaislupia kuten rakennus-, toimenpide-, maisematy\u00f6-, vesirakennus- ja Museoviraston luvat, jotka saatiin vihdoin alkuvuodesta 2020 ja rakentamaan p\u00e4\u00e4stiin kes\u00e4ll\u00e4 2020.<\/p>\n<p>Kalaportaan avajaiset pidettiin 21.10.2020 ja klubi sitoutui jatkamaan toimimaan jatkossa Gumb\u00f6lenjoen kalaportaan kummina, eli tekem\u00e4\u00e4n pari kertaa vuodessa tarkastusk\u00e4yntej\u00e4 kumisaappaiden, rukkasten ja j\u00e4tes\u00e4kkien kanssa, joihin voitaisiin ker\u00e4t\u00e4 virtausta est\u00e4vi\u00e4 roskia sek\u00e4 poistaa alueelta haitta- ja vieraskasveja.<\/p>\n<p>[\/et_pb_text][\/et_pb_column][\/et_pb_row][et_pb_row column_structure=&#8221;1_2,1_2&#8243; _builder_version=&#8221;4.27.4&#8243; _module_preset=&#8221;default&#8221; global_colors_info=&#8221;{}&#8221;][et_pb_column type=&#8221;1_2&#8243; _builder_version=&#8221;4.27.4&#8243; _module_preset=&#8221;default&#8221; global_colors_info=&#8221;{}&#8221;][et_pb_text admin_label=&#8221;Teksti &#8211; Silkkiniitty&#8221; _builder_version=&#8221;4.27.4&#8243; _module_preset=&#8221;default&#8221; global_colors_info=&#8221;{}&#8221;]<\/p>\n<h4>Tapiolan Silkkiniityn puistopolkusovellus<\/h4>\n<p>Tapiolan Rotaryklubi on yhdess\u00e4 Tapiolan Killan kanssa toteuttanut Silkkiniityn puistopolun s\u00e4hk\u00f6isen sovelluksen; emuseo.fi\/tapiola, joka keskittyy Silkkiniityn historiaan sek\u00e4 puihin ja pensaisiin.<\/p>\n<p>Alun perin Hagalundin kartanon peltoniittyn\u00e4 palvellut seitsem\u00e4n hehtaarin laajuinen Silkkiniitty on Espoossa sijaitsevan Tapiolan puutarhakaupungin keskuspuisto ja alkuper\u00e4isint\u00e4 puistokaupunkialuetta. Niitty\u00e4 kutsutaan my\u00f6s Tapiolan syd\u00e4meksi tai keuhkoiksi. Puistopolkusovelluksessa on 20 kohdetta kuvin ja selityksin ja se tarjoaa mahdollisuuksia tutustua kohteisiin eri vuodenaikoina eri aistein. Tarkoituksena on s\u00e4ilytt\u00e4\u00e4 Tapiolan keskeisin kulttuurimaisema ja lis\u00e4t\u00e4 l\u00e4hiymp\u00e4rist\u00f6tietoutta.<\/p>\n<p>Varhaiskasvatuksessa, kouluissa ja perheiss\u00e4 Puistopolkua ja sen kohteita voi hy\u00f6dynt\u00e4\u00e4 esimerkiksi liikunnassa, maalauksessa, tietovisana ja keksim\u00e4ll\u00e4 satuja kohteista. Sovellus on saanutkin innostuneen vastaanoton p\u00e4iv\u00e4kodeissa ja kouluissa, joissa olemme sit\u00e4 esitelleet.<\/p>\n<p>&nbsp;<\/p>\n<p>[\/et_pb_text][\/et_pb_column][et_pb_column type=&#8221;1_2&#8243; _builder_version=&#8221;4.27.4&#8243; _module_preset=&#8221;default&#8221; global_colors_info=&#8221;{}&#8221;][et_pb_image src=&#8221;https:\/\/rotary.fi\/d1420\/wp-content\/uploads\/sites\/183\/2026\/03\/2048px-silkkiniitty-lansiosa-tapiola-170723.jpg&#8221; title_text=&#8221;2048px-Silkkiniitty_l\u00e4nsiosa_Tapiola_170723&#8243; admin_label=&#8221;Kuva &#8211; Silkkiniitty&#8221; _builder_version=&#8221;4.27.4&#8243; _module_preset=&#8221;default&#8221; global_colors_info=&#8221;{}&#8221;][\/et_pb_image][\/et_pb_column][\/et_pb_row][et_pb_row _builder_version=&#8221;4.27.4&#8243; _module_preset=&#8221;default&#8221; global_colors_info=&#8221;{}&#8221;][et_pb_column type=&#8221;4_4&#8243; _builder_version=&#8221;4.27.4&#8243; _module_preset=&#8221;default&#8221; global_colors_info=&#8221;{}&#8221;][et_pb_divider _builder_version=&#8221;4.27.4&#8243; _module_preset=&#8221;default&#8221; global_colors_info=&#8221;{}&#8221;][\/et_pb_divider][et_pb_text admin_label=&#8221;otsikko &#8211; Viron rotaryklubien ymp\u00e4rist\u00f6ty\u00f6t&#8221; _builder_version=&#8221;4.27.4&#8243; _module_preset=&#8221;default&#8221; global_colors_info=&#8221;{}&#8221;]<\/p>\n<h3>Viron klubien ymp\u00e4rist\u00f6teot<\/h3>\n<p>[\/et_pb_text][\/et_pb_column][\/et_pb_row][et_pb_row _builder_version=&#8221;4.27.4&#8243; _module_preset=&#8221;default&#8221; hover_enabled=&#8221;0&#8243; global_colors_info=&#8221;{}&#8221; column_structure=&#8221;1_2,1_2&#8243; sticky_enabled=&#8221;0&#8243;][et_pb_column type=&#8221;1_2&#8243; _builder_version=&#8221;4.27.4&#8243; _module_preset=&#8221;default&#8221; global_colors_info=&#8221;{}&#8221;][et_pb_image _builder_version=&#8221;4.27.4&#8243; _module_preset=&#8221;default&#8221; title_text=&#8221;Rotary_Environment_360_Presentation&#8221; src=&#8221;https:\/\/rotary.fi\/d1420\/wp-content\/uploads\/sites\/183\/2026\/04\/rotary-environment-360-presentation-updated.jpg&#8221; hover_enabled=&#8221;0&#8243; sticky_enabled=&#8221;0&#8243;][\/et_pb_image][\/et_pb_column][et_pb_column type=&#8221;1_2&#8243; _builder_version=&#8221;4.27.4&#8243; _module_preset=&#8221;default&#8221; global_colors_info=&#8221;{}&#8221;][et_pb_text admin_label=&#8221;Teksti &#8221; _builder_version=&#8221;4.27.4&#8243; _module_preset=&#8221;default&#8221; global_colors_info=&#8221;{}&#8221;]<\/p>\n<h4>Ymp\u00e4rist\u00f6 ja me \u2013 Rotary 360o<\/h4>\n<p><strong>Rapla Rotaryklubi<\/strong> on vuodesta 2021 l\u00e4htien toteuttanut ohjelmaa \u201dYmp\u00e4rist\u00f6 ja me \u2013 Rotary 360o\u201d. Sen tarkoitus on voimaannuttaa paikallista nuorisoa dialogin avulla. Rotarit ovat luoneet neutraalin alustan, jossa voidaan k\u00e4yd\u00e4 keskustelua ymp\u00e4rist\u00f6n tilasta ja ilmastonmuutoksesta. Kullekin vuodelle on valittu oma painopiste kuten Ymp\u00e4rist\u00f6 360o, Vastakkainasettelua ymp\u00e4rist\u00f6n kanssa, N\u00e4k\u00f6kulmia eri suunnilta, Tummanvihre\u00e4 vs vaaleanvihre\u00e4, Ymp\u00e4rist\u00f6 el\u00e4m\u00e4mme muotoilijana.<\/p>\n<p>&nbsp;<\/p>\n<p>[\/et_pb_text][\/et_pb_column][\/et_pb_row][\/et_pb_section]<\/p>\n","protected":false},"excerpt":{"rendered":"<p>Rotarit tekev\u00e4t ymp\u00e4rist\u00f6tekojaVantaanjoen vesist\u00f6n kunnostuksetKutusoraikkoja ja poikaskivikoita Kutusoraikkoja ja poikaskivikoita rakennettu ja\/tai huollettu Tuusulassa, Hyvink\u00e4\u00e4ll\u00e4, Nurmij\u00e4rvell\u00e4, Riihim\u00e4ell\u00e4, Hausj\u00e4rvell\u00e4. &nbsp; Vesitaskut Hankkeessa tehtiin valuma-alueselvitys, jossa kartoitettiin mahdollisuuksia viivytt\u00e4\u00e4 valumavesi\u00e4 valuma-alueen suo-, mets\u00e4- ja peltoalueilla esimerkiksi pohjapatojen, kasteluvesialtaiden tai jo olemassa olevien altaiden toiminnan parantamisen kautta. Voitaisiinko samalla parantaa mahdollisuuksia peltojen kasteluun kuivina aikoina, v\u00e4hent\u00e4\u00e4 tulvia ja [&hellip;]<\/p>\n","protected":false},"author":26,"featured_media":0,"parent":12508,"menu_order":5,"comment_status":"closed","ping_status":"closed","template":"","meta":{"_acf_changed":false,"_et_pb_use_builder":"on","_et_pb_old_content":"","_et_gb_content_width":"","footnotes":""},"class_list":["post-12676","page","type-page","status-publish","hentry"],"acf":[],"yoast_head":"<!-- This site is optimized with the Yoast SEO plugin v27.4 - https:\/\/yoast.com\/product\/yoast-seo-wordpress\/ -->\n<title>Rotarit tekev\u00e4t ymp\u00e4rist\u00f6tekoja - Piiri 1420<\/title>\n<meta name=\"robots\" content=\"index, follow, max-snippet:-1, max-image-preview:large, max-video-preview:-1\" \/>\n<link rel=\"canonical\" href=\"https:\/\/rotary.fi\/d1420\/mita-teemme\/ymparisto-ja-itameri\/rotarit-tekevat-ymparistotekoja\/\" \/>\n<meta property=\"og:locale\" content=\"fi_FI\" \/>\n<meta property=\"og:type\" content=\"article\" \/>\n<meta property=\"og:title\" content=\"Rotarit tekev\u00e4t ymp\u00e4rist\u00f6tekoja - Piiri 1420\" \/>\n<meta property=\"og:description\" content=\"Rotarit tekev\u00e4t ymp\u00e4rist\u00f6tekojaVantaanjoen vesist\u00f6n kunnostuksetKutusoraikkoja ja poikaskivikoita Kutusoraikkoja ja poikaskivikoita rakennettu ja\/tai huollettu Tuusulassa, Hyvink\u00e4\u00e4ll\u00e4, Nurmij\u00e4rvell\u00e4, Riihim\u00e4ell\u00e4, Hausj\u00e4rvell\u00e4. &nbsp; Vesitaskut Hankkeessa tehtiin valuma-alueselvitys, jossa kartoitettiin mahdollisuuksia viivytt\u00e4\u00e4 valumavesi\u00e4 valuma-alueen suo-, mets\u00e4- ja peltoalueilla esimerkiksi pohjapatojen, kasteluvesialtaiden tai jo olemassa olevien altaiden toiminnan parantamisen kautta. Voitaisiinko samalla parantaa mahdollisuuksia peltojen kasteluun kuivina aikoina, v\u00e4hent\u00e4\u00e4 tulvia ja [&hellip;]\" \/>\n<meta property=\"og:url\" content=\"https:\/\/rotary.fi\/d1420\/mita-teemme\/ymparisto-ja-itameri\/rotarit-tekevat-ymparistotekoja\/\" \/>\n<meta property=\"og:site_name\" content=\"Piiri 1420\" \/>\n<meta property=\"article:publisher\" content=\"https:\/\/www.facebook.com\/rotary\/\" \/>\n<meta property=\"article:modified_time\" content=\"2026-04-10T08:35:43+00:00\" \/>\n<meta name=\"twitter:card\" content=\"summary_large_image\" \/>\n<meta name=\"twitter:label1\" content=\"Arvioitu lukuaika\" \/>\n\t<meta name=\"twitter:data1\" content=\"5 minuuttia\" \/>\n<script type=\"application\/ld+json\" class=\"yoast-schema-graph\">{\"@context\":\"https:\\\/\\\/schema.org\",\"@graph\":[{\"@type\":\"WebPage\",\"@id\":\"https:\\\/\\\/rotary.fi\\\/d1420\\\/mita-teemme\\\/ymparisto-ja-itameri\\\/rotarit-tekevat-ymparistotekoja\\\/\",\"url\":\"https:\\\/\\\/rotary.fi\\\/d1420\\\/mita-teemme\\\/ymparisto-ja-itameri\\\/rotarit-tekevat-ymparistotekoja\\\/\",\"name\":\"Rotarit tekev\u00e4t ymp\u00e4rist\u00f6tekoja - Piiri 1420\",\"isPartOf\":{\"@id\":\"https:\\\/\\\/rotary.fi\\\/d1420\\\/#website\"},\"datePublished\":\"2026-03-13T13:02:28+00:00\",\"dateModified\":\"2026-04-10T08:35:43+00:00\",\"breadcrumb\":{\"@id\":\"https:\\\/\\\/rotary.fi\\\/d1420\\\/mita-teemme\\\/ymparisto-ja-itameri\\\/rotarit-tekevat-ymparistotekoja\\\/#breadcrumb\"},\"inLanguage\":\"fi\",\"potentialAction\":[{\"@type\":\"ReadAction\",\"target\":[\"https:\\\/\\\/rotary.fi\\\/d1420\\\/mita-teemme\\\/ymparisto-ja-itameri\\\/rotarit-tekevat-ymparistotekoja\\\/\"]}]},{\"@type\":\"BreadcrumbList\",\"@id\":\"https:\\\/\\\/rotary.fi\\\/d1420\\\/mita-teemme\\\/ymparisto-ja-itameri\\\/rotarit-tekevat-ymparistotekoja\\\/#breadcrumb\",\"itemListElement\":[{\"@type\":\"ListItem\",\"position\":1,\"name\":\"Home\",\"item\":\"https:\\\/\\\/rotary.fi\\\/d1420\\\/\"},{\"@type\":\"ListItem\",\"position\":2,\"name\":\"Mit\u00e4 teemme\",\"item\":\"https:\\\/\\\/rotary.fi\\\/d1420\\\/mita-teemme\\\/\"},{\"@type\":\"ListItem\",\"position\":3,\"name\":\"Ymp\u00e4rist\u00f6 ja It\u00e4meri\",\"item\":\"https:\\\/\\\/rotary.fi\\\/d1420\\\/mita-teemme\\\/ymparisto-ja-itameri\\\/\"},{\"@type\":\"ListItem\",\"position\":4,\"name\":\"Rotarit tekev\u00e4t ymp\u00e4rist\u00f6tekoja\"}]},{\"@type\":\"WebSite\",\"@id\":\"https:\\\/\\\/rotary.fi\\\/d1420\\\/#website\",\"url\":\"https:\\\/\\\/rotary.fi\\\/d1420\\\/\",\"name\":\"Piiri 1420\",\"description\":\"Suomen Rotary\",\"potentialAction\":[{\"@type\":\"SearchAction\",\"target\":{\"@type\":\"EntryPoint\",\"urlTemplate\":\"https:\\\/\\\/rotary.fi\\\/d1420\\\/?s={search_term_string}\"},\"query-input\":{\"@type\":\"PropertyValueSpecification\",\"valueRequired\":true,\"valueName\":\"search_term_string\"}}],\"inLanguage\":\"fi\"}]}<\/script>\n<!-- \/ Yoast SEO plugin. -->","yoast_head_json":{"title":"Rotarit tekev\u00e4t ymp\u00e4rist\u00f6tekoja - Piiri 1420","robots":{"index":"index","follow":"follow","max-snippet":"max-snippet:-1","max-image-preview":"max-image-preview:large","max-video-preview":"max-video-preview:-1"},"canonical":"https:\/\/rotary.fi\/d1420\/mita-teemme\/ymparisto-ja-itameri\/rotarit-tekevat-ymparistotekoja\/","og_locale":"fi_FI","og_type":"article","og_title":"Rotarit tekev\u00e4t ymp\u00e4rist\u00f6tekoja - Piiri 1420","og_description":"Rotarit tekev\u00e4t ymp\u00e4rist\u00f6tekojaVantaanjoen vesist\u00f6n kunnostuksetKutusoraikkoja ja poikaskivikoita Kutusoraikkoja ja poikaskivikoita rakennettu ja\/tai huollettu Tuusulassa, Hyvink\u00e4\u00e4ll\u00e4, Nurmij\u00e4rvell\u00e4, Riihim\u00e4ell\u00e4, Hausj\u00e4rvell\u00e4. &nbsp; Vesitaskut Hankkeessa tehtiin valuma-alueselvitys, jossa kartoitettiin mahdollisuuksia viivytt\u00e4\u00e4 valumavesi\u00e4 valuma-alueen suo-, mets\u00e4- ja peltoalueilla esimerkiksi pohjapatojen, kasteluvesialtaiden tai jo olemassa olevien altaiden toiminnan parantamisen kautta. Voitaisiinko samalla parantaa mahdollisuuksia peltojen kasteluun kuivina aikoina, v\u00e4hent\u00e4\u00e4 tulvia ja [&hellip;]","og_url":"https:\/\/rotary.fi\/d1420\/mita-teemme\/ymparisto-ja-itameri\/rotarit-tekevat-ymparistotekoja\/","og_site_name":"Piiri 1420","article_publisher":"https:\/\/www.facebook.com\/rotary\/","article_modified_time":"2026-04-10T08:35:43+00:00","twitter_card":"summary_large_image","twitter_misc":{"Arvioitu lukuaika":"5 minuuttia"},"schema":{"@context":"https:\/\/schema.org","@graph":[{"@type":"WebPage","@id":"https:\/\/rotary.fi\/d1420\/mita-teemme\/ymparisto-ja-itameri\/rotarit-tekevat-ymparistotekoja\/","url":"https:\/\/rotary.fi\/d1420\/mita-teemme\/ymparisto-ja-itameri\/rotarit-tekevat-ymparistotekoja\/","name":"Rotarit tekev\u00e4t ymp\u00e4rist\u00f6tekoja - Piiri 1420","isPartOf":{"@id":"https:\/\/rotary.fi\/d1420\/#website"},"datePublished":"2026-03-13T13:02:28+00:00","dateModified":"2026-04-10T08:35:43+00:00","breadcrumb":{"@id":"https:\/\/rotary.fi\/d1420\/mita-teemme\/ymparisto-ja-itameri\/rotarit-tekevat-ymparistotekoja\/#breadcrumb"},"inLanguage":"fi","potentialAction":[{"@type":"ReadAction","target":["https:\/\/rotary.fi\/d1420\/mita-teemme\/ymparisto-ja-itameri\/rotarit-tekevat-ymparistotekoja\/"]}]},{"@type":"BreadcrumbList","@id":"https:\/\/rotary.fi\/d1420\/mita-teemme\/ymparisto-ja-itameri\/rotarit-tekevat-ymparistotekoja\/#breadcrumb","itemListElement":[{"@type":"ListItem","position":1,"name":"Home","item":"https:\/\/rotary.fi\/d1420\/"},{"@type":"ListItem","position":2,"name":"Mit\u00e4 teemme","item":"https:\/\/rotary.fi\/d1420\/mita-teemme\/"},{"@type":"ListItem","position":3,"name":"Ymp\u00e4rist\u00f6 ja It\u00e4meri","item":"https:\/\/rotary.fi\/d1420\/mita-teemme\/ymparisto-ja-itameri\/"},{"@type":"ListItem","position":4,"name":"Rotarit tekev\u00e4t ymp\u00e4rist\u00f6tekoja"}]},{"@type":"WebSite","@id":"https:\/\/rotary.fi\/d1420\/#website","url":"https:\/\/rotary.fi\/d1420\/","name":"Piiri 1420","description":"Suomen Rotary","potentialAction":[{"@type":"SearchAction","target":{"@type":"EntryPoint","urlTemplate":"https:\/\/rotary.fi\/d1420\/?s={search_term_string}"},"query-input":{"@type":"PropertyValueSpecification","valueRequired":true,"valueName":"search_term_string"}}],"inLanguage":"fi"}]}},"lang":"fi","translations":{"fi":12676,"sv":13449,"en":13460,"et":13469},"pll_sync_post":[],"_links":{"self":[{"href":"https:\/\/rotary.fi\/d1420\/wp-json\/wp\/v2\/pages\/12676","targetHints":{"allow":["GET"]}}],"collection":[{"href":"https:\/\/rotary.fi\/d1420\/wp-json\/wp\/v2\/pages"}],"about":[{"href":"https:\/\/rotary.fi\/d1420\/wp-json\/wp\/v2\/types\/page"}],"author":[{"embeddable":true,"href":"https:\/\/rotary.fi\/d1420\/wp-json\/wp\/v2\/users\/26"}],"replies":[{"embeddable":true,"href":"https:\/\/rotary.fi\/d1420\/wp-json\/wp\/v2\/comments?post=12676"}],"version-history":[{"count":10,"href":"https:\/\/rotary.fi\/d1420\/wp-json\/wp\/v2\/pages\/12676\/revisions"}],"predecessor-version":[{"id":13740,"href":"https:\/\/rotary.fi\/d1420\/wp-json\/wp\/v2\/pages\/12676\/revisions\/13740"}],"up":[{"embeddable":true,"href":"https:\/\/rotary.fi\/d1420\/wp-json\/wp\/v2\/pages\/12508"}],"wp:attachment":[{"href":"https:\/\/rotary.fi\/d1420\/wp-json\/wp\/v2\/media?parent=12676"}],"curies":[{"name":"wp","href":"https:\/\/api.w.org\/{rel}","templated":true}]}}