{"id":12651,"date":"2026-03-13T15:02:13","date_gmt":"2026-03-13T13:02:13","guid":{"rendered":"https:\/\/rotary.fi\/d1420\/?page_id=12651"},"modified":"2026-03-29T11:08:26","modified_gmt":"2026-03-29T09:08:26","slug":"rotarit-seuraavat-ympariston-tilaa","status":"publish","type":"page","link":"https:\/\/rotary.fi\/d1420\/mita-teemme\/ymparisto-ja-itameri\/rotarit-seuraavat-ympariston-tilaa\/","title":{"rendered":"Rotarit seuraavat ymp\u00e4rist\u00f6n tilaa"},"content":{"rendered":"<p>[et_pb_section fb_built=&#8221;1&#8243; admin_label=&#8221;Osio &#8211; yl\u00e4kuva&#8221; module_class=&#8221;jumbotron-page&#8221; _builder_version=&#8221;4.27.4&#8243; background_image=&#8221;https:\/\/rotary.fi\/d1420\/wp-content\/uploads\/sites\/183\/2026\/03\/maisema-2.jpg&#8221; background_position=&#8221;top_center&#8221; global_colors_info=&#8221;{}&#8221;][et_pb_row module_class=&#8221; et_pb_row_fullwidth et_pb_row_fullwidth&#8221; _builder_version=&#8221;4.16&#8243; width=&#8221;89%&#8221; width_tablet=&#8221;80%&#8221; width_phone=&#8221;&#8221; width_last_edited=&#8221;on|desktop&#8221; max_width=&#8221;89%&#8221; max_width_tablet=&#8221;80%&#8221; max_width_phone=&#8221;&#8221; max_width_last_edited=&#8221;on|desktop&#8221; make_fullwidth=&#8221;on&#8221; global_colors_info=&#8221;{}&#8221;][et_pb_column type=&#8221;4_4&#8243; _builder_version=&#8221;4.16&#8243; custom_padding=&#8221;|||&#8221; global_colors_info=&#8221;{}&#8221; custom_padding__hover=&#8221;|||&#8221;][et_pb_text admin_label=&#8221;Ymp\u00e4rist\u00f6 ja It\u00e4meri -p\u00e4\u00e4otsikko&#8221; _builder_version=&#8221;4.27.4&#8243; text_orientation=&#8221;center&#8221; background_layout=&#8221;dark&#8221; hover_enabled=&#8221;0&#8243; global_colors_info=&#8221;{}&#8221; sticky_enabled=&#8221;0&#8243;]<\/p>\n<h1>Rotarit seuraavat ymp\u00e4rist\u00f6n tilaa<\/h1>\n<p>[\/et_pb_text][\/et_pb_column][\/et_pb_row][\/et_pb_section][et_pb_section fb_built=&#8221;1&#8243; admin_label=&#8221;Osio rotarit seuraavat ymp\u00e4rist\u00f6n tilaa&#8221; module_class=&#8221;sisaltoalue_perus&#8221; _builder_version=&#8221;4.22.1&#8243; custom_margin=&#8221;||0px||false|false&#8221; border_color_all=&#8221;#FFFFFF&#8221; border_style_all=&#8221;none&#8221; border_width_bottom=&#8221;1px&#8221; border_color_bottom=&#8221;#019FCB&#8221; global_colors_info=&#8221;{}&#8221;][et_pb_row custom_padding_last_edited=&#8221;on|phone&#8221; _builder_version=&#8221;4.27.4&#8243; max_height=&#8221;100px&#8221; custom_padding_tablet=&#8221;&#8221; custom_padding_phone=&#8221;&#8221; global_colors_info=&#8221;{}&#8221;][et_pb_column type=&#8221;4_4&#8243; _builder_version=&#8221;4.16&#8243; custom_padding=&#8221;|||&#8221; global_colors_info=&#8221;{}&#8221; custom_padding__hover=&#8221;|||&#8221;][et_pb_text admin_label=&#8221;roskaseuranta-otsikko&#8221; _builder_version=&#8221;4.27.4&#8243; text_orientation=&#8221;center&#8221; global_colors_info=&#8221;{}&#8221;]<\/p>\n<h3 style=\"text-align: left\">Rantaroskaseuranta<\/h3>\n<p>[\/et_pb_text][\/et_pb_column][\/et_pb_row][et_pb_row column_structure=&#8221;2_3,1_3&#8243; custom_padding_last_edited=&#8221;on|phone&#8221; _builder_version=&#8221;4.27.4&#8243; max_height=&#8221;100px&#8221; custom_padding_tablet=&#8221;&#8221; custom_padding_phone=&#8221;&#8221; global_colors_info=&#8221;{}&#8221;][et_pb_column type=&#8221;2_3&#8243; _builder_version=&#8221;4.16&#8243; custom_padding=&#8221;|||&#8221; global_colors_info=&#8221;{}&#8221; custom_padding__hover=&#8221;|||&#8221;][et_pb_text admin_label=&#8221;Teksti&#8221; _builder_version=&#8221;4.27.4&#8243; _module_preset=&#8221;default&#8221; global_colors_info=&#8221;{}&#8221;]<\/p>\n<p><strong>Rotaryklubit osallistuvat Suomen ymp\u00e4rist\u00f6keskuksen \u201dRantaroskan seuranta <\/strong><strong>ja raportointi\u201d -tutkimukseen.<\/strong><\/p>\n<p>Seuranta liittyy Euroopan laajuiseen tutkimukseen, jossa selvitet\u00e4\u00e4n kuinka paljon ja mink\u00e4laisia roskia kulkeutuu merelt\u00e4 rannoille. Tietoa k\u00e4ytet\u00e4\u00e4n meren tila-arvioihin ja roskaantumista v\u00e4hent\u00e4vien toimenpiteiden vaikuttavuuden seurantaan Suomessa ja kansainv\u00e4lisesti.<\/p>\n<p>Roskat ker\u00e4t\u00e4\u00e4n kolmesti vuodessa valituilta 100 m x 10 m -kokoiselta merenrannoilta. Roskat lajitellaan ja luokitellaan sek\u00e4 raportoidaan Sykelle. Piirimme laskee roskat nyt Kruunuvuorenrannassa ja mukana ovat Helsinki City West rotaryklubi, Herttoniemen rotaryklubi, Finlandia Hall Rotaryklubi sek\u00e4 Rotaract Club sek\u00e4 Tv\u00e4rminnen rannassa ja mukana ovat Hangon, Karis-Karjaan ja Tammisaaren rotaryklubit.<\/p>\n<p><a href=\"https:\/\/www.ymparisto.fi\/fi\/luonto-vesistot-ja-meri\/meri\/meriympariston-seuranta\/roskaantumisen-ja-vedenalaisen-melun-seuranta\">https:\/\/www.ymparisto.fi\/fi\/luonto-vesistot-ja-meri\/meri\/meriympariston-seuranta\/roskaantumisen-ja-vedenalaisen-melun-seuranta<\/a><\/p>\n<p>Lis\u00e4tietoa: <strong>Outi Ritvala,<\/strong> Rotaryklubi Helsinki City West<\/p>\n<p>&nbsp;<\/p>\n<p>[\/et_pb_text][et_pb_image src=&#8221;https:\/\/rotary.fi\/d1420\/wp-content\/uploads\/sites\/183\/2026\/03\/rantaroskaseuranta-tvarminne.png&#8221; title_text=&#8221;Rantaroskaseuranta Tv\u00e4rminne&#8221; _builder_version=&#8221;4.27.4&#8243; _module_preset=&#8221;default&#8221; global_colors_info=&#8221;{}&#8221;][\/et_pb_image][\/et_pb_column][et_pb_column type=&#8221;1_3&#8243; _builder_version=&#8221;4.16&#8243; custom_padding=&#8221;|||&#8221; global_colors_info=&#8221;{}&#8221; custom_padding__hover=&#8221;|||&#8221;][et_pb_text admin_label=&#8221;Teksti &#8211; rosgis&#8221; _builder_version=&#8221;4.27.4&#8243; _module_preset=&#8221;default&#8221; custom_margin=&#8221;10px|10px|10px|10px|false|false&#8221; custom_padding=&#8221;10px|10px|10px|10px|false|false&#8221; box_shadow_style=&#8221;preset2&#8243; global_colors_info=&#8221;{}&#8221;]<\/p>\n<p><strong>Rosgis-sovellus<\/strong><br \/>Rosgis on Suomen ymp\u00e4rist\u00f6keskuksen palvelu, jolla kuka tahansa voi raportoida roskista ymp\u00e4rist\u00f6ss\u00e4. Havainnot auttavat tutkijoita selvitt\u00e4m\u00e4\u00e4n j\u00e4tteiden alkuper\u00e4n ja tukkimaan roskien reitit luontoon.<\/p>\n<p>[\/et_pb_text][et_pb_image src=&#8221;https:\/\/rotary.fi\/d1420\/wp-content\/uploads\/sites\/183\/2026\/03\/rosgis-syke.png&#8221; title_text=&#8221;Rosgis &#8211; SYKE&#8221; admin_label=&#8221;Kuva &#8211; rosgis&#8221; _builder_version=&#8221;4.27.4&#8243; _module_preset=&#8221;default&#8221; global_colors_info=&#8221;{}&#8221;][\/et_pb_image][\/et_pb_column][\/et_pb_row][et_pb_row custom_padding_last_edited=&#8221;on|phone&#8221; _builder_version=&#8221;4.27.4&#8243; max_height=&#8221;100px&#8221; custom_padding_tablet=&#8221;&#8221; custom_padding_phone=&#8221;&#8221; global_colors_info=&#8221;{}&#8221;][et_pb_column type=&#8221;4_4&#8243; _builder_version=&#8221;4.16&#8243; custom_padding=&#8221;|||&#8221; global_colors_info=&#8221;{}&#8221; custom_padding__hover=&#8221;|||&#8221;][et_pb_text admin_label=&#8221;Teksti &#8211; tyhj\u00e4 rivi&#8221; _builder_version=&#8221;4.27.4&#8243; _module_preset=&#8221;default&#8221; global_colors_info=&#8221;{}&#8221;]<\/p>\n<p>&nbsp;<\/p>\n<p>&nbsp;<\/p>\n<p>[\/et_pb_text][et_pb_divider _builder_version=&#8221;4.27.4&#8243; _module_preset=&#8221;default&#8221; global_colors_info=&#8221;{}&#8221;][\/et_pb_divider][et_pb_text admin_label=&#8221;Silakkasoutu-otsikko&#8221; _builder_version=&#8221;4.27.4&#8243; text_orientation=&#8221;center&#8221; global_colors_info=&#8221;{}&#8221;]<\/p>\n<h3 style=\"text-align: left\">Silakkasoutu<\/h3>\n<p>[\/et_pb_text][\/et_pb_column][\/et_pb_row][et_pb_row column_structure=&#8221;1_2,1_2&#8243; _builder_version=&#8221;4.27.4&#8243; _module_preset=&#8221;default&#8221; global_colors_info=&#8221;{}&#8221;][et_pb_column type=&#8221;1_2&#8243; _builder_version=&#8221;4.27.4&#8243; _module_preset=&#8221;default&#8221; global_colors_info=&#8221;{}&#8221;][et_pb_image src=&#8221;https:\/\/rotary.fi\/d1420\/wp-content\/uploads\/sites\/183\/2025\/10\/9ec2bb4b-c897-4817-967f-9219d95f265e.jpg&#8221; alt=&#8221;kirkkoveneit\u00e4 laiturissa&#8221; title_text=&#8221;9ec2bb4b-c897-4817-967f-9219d95f265e&#8221; _builder_version=&#8221;4.27.4&#8243; _module_preset=&#8221;default&#8221; global_colors_info=&#8221;{}&#8221;][\/et_pb_image][\/et_pb_column][et_pb_column type=&#8221;1_2&#8243; _builder_version=&#8221;4.27.4&#8243; _module_preset=&#8221;default&#8221; global_colors_info=&#8221;{}&#8221;][et_pb_text _builder_version=&#8221;4.27.4&#8243; _module_preset=&#8221;default&#8221; global_colors_info=&#8221;{}&#8221;]<\/p>\n<p><strong>Silakkasoutu ja -patikka on varainkeruu- ja virkistystapahtuma, jonka tavoitteena on lis\u00e4t\u00e4 it\u00e4meritietoutta.<\/strong><\/p>\n<p>Rotaryklubit ja yhteisty\u00f6kumppanit soutavat kirkkoveneit\u00e4 tai patikoivat ker\u00e4t\u00e4kseen varoja vesiensuojeluhankkeisiin. Vuosien varrella vesiensuojeluty\u00f6h\u00f6n on ker\u00e4tty noin 100 000 euroa.<\/p>\n<p>Tapahtuman on j\u00e4rjest\u00e4nyt vuodesta 2013 l\u00e4htien seuraavat rotaryklubit: Finlandia Hall satelliittiklubeineen, Helsinki Baltic Sea, Helsinki International, Helsingin Koillinen, Herttoniemi\u2013Herton\u00e4s, Meri-Espoo, Pasila, Riihim\u00e4ki\u2013Hausj\u00e4rvi ja Vantaa\u2013Myyrm\u00e4ki. Mukana on my\u00f6s Etel\u00e4-Suomen ja Viron rotarypiiri 1420.<\/p>\n<p><a href=\"https:\/\/www.silakkasoutu.fi\/\">https:\/\/www.silakkasoutu.fi\/<\/a><\/p>\n<p>Lis\u00e4tietoa:<strong> Markku Tahkokorpi<\/strong>, Meri-Espoon rotaryklubi<\/p>\n<p>[\/et_pb_text][\/et_pb_column][\/et_pb_row][et_pb_row _builder_version=&#8221;4.27.4&#8243; _module_preset=&#8221;default&#8221; global_colors_info=&#8221;{}&#8221;][et_pb_column type=&#8221;4_4&#8243; _builder_version=&#8221;4.27.4&#8243; _module_preset=&#8221;default&#8221; global_colors_info=&#8221;{}&#8221;][et_pb_divider _builder_version=&#8221;4.27.4&#8243; _module_preset=&#8221;default&#8221; global_colors_info=&#8221;{}&#8221;][\/et_pb_divider][et_pb_text admin_label=&#8221;otsikko &#8211; sinilev\u00e4seuranta&#8221; _builder_version=&#8221;4.27.4&#8243; _module_preset=&#8221;default&#8221; global_colors_info=&#8221;{}&#8221;]<\/p>\n<h3>Sinilev\u00e4seuranta<\/h3>\n<p>[\/et_pb_text][\/et_pb_column][\/et_pb_row][et_pb_row column_structure=&#8221;1_3,1_3,1_3&#8243; _builder_version=&#8221;4.27.4&#8243; _module_preset=&#8221;default&#8221; global_colors_info=&#8221;{}&#8221;][et_pb_column type=&#8221;1_3&#8243; _builder_version=&#8221;4.27.4&#8243; _module_preset=&#8221;default&#8221; global_colors_info=&#8221;{}&#8221;][et_pb_text admin_label=&#8221;Teksti &#8211; sinilev\u00e4seuranta&#8221; _builder_version=&#8221;4.27.4&#8243; _module_preset=&#8221;default&#8221; global_colors_info=&#8221;{}&#8221;]<\/p>\n<p><strong>Rotarit ovat mukana valtakunnallisessa sinilev\u00e4seurannassa.<\/strong><\/p>\n<p>Sinilev\u00e4tilanne rekister\u00f6id\u00e4\u00e4n paikkatietona avoimeen j\u00e4rvimeriwiki-tietokantaan. Saatu sinilev\u00e4tilannekartta esitt\u00e4\u00e4 pistem\u00e4isin\u00e4 havaintoina sinilev\u00e4tilanteen noin 400 havaintopaikalta, joista p\u00e4\u00e4osa on yleisill\u00e4 uimarannoilla.<\/p>\n<p>Tilanne arvioidaan havaintopaikoilla kerran viikossa. Havaintopaikan sinilev\u00e4tilanne voi muuttua nopeasti esimerkiksi s\u00e4\u00e4tilanteen mukaan. Sinilev\u00e4t voivat tuottaa erilaisia lev\u00e4myrkkyj\u00e4. Sinilev\u00e4pitoisessa vedess\u00e4 ei pid\u00e4 uida eik\u00e4 p\u00e4\u00e4st\u00e4\u00e4 siihen kotiel\u00e4imi\u00e4.<\/p>\n<p><a href=\"https:\/\/www.jarviwiki.fi\/wiki\/Valtakunnallinen_sinilev%C3%A4seuranta\">https:\/\/www.jarviwiki.fi\/wiki\/Valtakunnallinen_sinilev%C3%A4seuranta<\/a><br \/><a href=\"https:\/\/www.jarviwiki.fi\/wiki\/Rotarien_sinilev%C3%A4seuranta\">https:\/\/www.jarviwiki.fi\/wiki\/Rotarien_sinilev%C3%A4seuranta<\/a><\/p>\n<p>[\/et_pb_text][\/et_pb_column][et_pb_column type=&#8221;1_3&#8243; _builder_version=&#8221;4.27.4&#8243; _module_preset=&#8221;default&#8221; global_colors_info=&#8221;{}&#8221;][et_pb_image src=&#8221;https:\/\/rotary.fi\/d1420\/wp-content\/uploads\/sites\/183\/2026\/03\/sinilevaa-purkissa-2.jpg&#8221; title_text=&#8221;sinilev\u00e4\u00e4 purkissa 2&#8243; admin_label=&#8221;Kuva &#8211; sinilev\u00e4\u00e4&#8221; _builder_version=&#8221;4.27.4&#8243; _module_preset=&#8221;default&#8221; global_colors_info=&#8221;{}&#8221;][\/et_pb_image][\/et_pb_column][et_pb_column type=&#8221;1_3&#8243; _builder_version=&#8221;4.27.4&#8243; _module_preset=&#8221;default&#8221; global_colors_info=&#8221;{}&#8221;][et_pb_video src=&#8221;https:\/\/youtube.com\/shorts\/cou6HrBRJN8?feature=share&#8221; _builder_version=&#8221;4.27.4&#8243; _module_preset=&#8221;default&#8221; global_colors_info=&#8221;{}&#8221;][\/et_pb_video][\/et_pb_column][\/et_pb_row][et_pb_row _builder_version=&#8221;4.27.4&#8243; _module_preset=&#8221;default&#8221; global_colors_info=&#8221;{}&#8221;][et_pb_column type=&#8221;4_4&#8243; _builder_version=&#8221;4.27.4&#8243; _module_preset=&#8221;default&#8221; global_colors_info=&#8221;{}&#8221;][et_pb_text admin_label=&#8221;Teksti &#8211; sinilev\u00e4seuranta webinaarit&#8221; _builder_version=&#8221;4.27.4&#8243; _module_preset=&#8221;default&#8221; custom_margin=&#8221;10px|10px|10px|10px|false|false&#8221; custom_padding=&#8221;10px|10px|10px|10px|false|false&#8221; box_shadow_style=&#8221;preset2&#8243; global_colors_info=&#8221;{}&#8221;]<\/p>\n<p><strong>Sinilev\u00e4seurannan koulutuksen aineistot<\/strong><\/p>\n<p>Sinilev\u00e4seurantaa suorittavat henkil\u00f6t on koulutettu webinaarien avulla seurannan suorittamiseen.\u00a0<\/p>\n<p>Koulutusaineistot l\u00f6yd\u00e4t t\u00e4st\u00e4 <a href=\"https:\/\/rotary.fi\/d1420\/mita-teemme\/ymparisto-ja-itameri\/sinilevaseurannan-koulutus\/\">linkist\u00e4.<\/a><\/p>\n<p>[\/et_pb_text][et_pb_text admin_label=&#8221;Teksti &#8211; tyhj\u00e4 rivi&#8221; _builder_version=&#8221;4.27.4&#8243; _module_preset=&#8221;default&#8221; global_colors_info=&#8221;{}&#8221;]<\/p>\n<p>&nbsp;<\/p>\n<p>&nbsp;<\/p>\n<p>[\/et_pb_text][et_pb_divider _builder_version=&#8221;4.27.4&#8243; _module_preset=&#8221;default&#8221; global_colors_info=&#8221;{}&#8221;][\/et_pb_divider][et_pb_text admin_label=&#8221;otsikko &#8211; vesireput&#8221; _builder_version=&#8221;4.27.4&#8243; _module_preset=&#8221;default&#8221; global_colors_info=&#8221;{}&#8221;]<\/p>\n<h3>Vesireput<\/h3>\n<p>[\/et_pb_text][\/et_pb_column][\/et_pb_row][et_pb_row column_structure=&#8221;1_2,1_2&#8243; _builder_version=&#8221;4.27.4&#8243; _module_preset=&#8221;default&#8221; global_colors_info=&#8221;{}&#8221;][et_pb_column type=&#8221;1_2&#8243; _builder_version=&#8221;4.27.4&#8243; _module_preset=&#8221;default&#8221; global_colors_info=&#8221;{}&#8221;][et_pb_image src=&#8221;https:\/\/rotary.fi\/d1420\/wp-content\/uploads\/sites\/183\/2026\/02\/vesireppu.jpg&#8221; title_text=&#8221;Vesireppu&#8221; _builder_version=&#8221;4.27.4&#8243; _module_preset=&#8221;default&#8221; global_colors_info=&#8221;{}&#8221;][\/et_pb_image][\/et_pb_column][et_pb_column type=&#8221;1_2&#8243; _builder_version=&#8221;4.27.4&#8243; _module_preset=&#8221;default&#8221; global_colors_info=&#8221;{}&#8221;][et_pb_text admin_label=&#8221;Teksti -vesireput&#8221; _builder_version=&#8221;4.27.4&#8243; _module_preset=&#8221;default&#8221; global_colors_info=&#8221;{}&#8221;]<\/p>\n<p>Rotarit ovat kehitt\u00e4neet SYKEn eli Suomen ymp\u00e4rist\u00f6keskuksen kanssa vesireppusysteemin. Ideana on, ett\u00e4 rotarit toimittavat kouluille ilmaiseksi vesist\u00f6n tutkimiseen tarvittavan v\u00e4lineist\u00f6n repussa ja oppilaat k\u00e4yv\u00e4t yhdess\u00e4 opettajan kanssa tekem\u00e4ss\u00e4 mittaukset ja kirjaavat tulokset SYKEn J\u00e4rvi-Meri-Wikitietokantaan. T\u00e4ss\u00e4 saa siis sek\u00e4 biologian, kemian ett\u00e4 informaatioteknologian oppitunnin yhtaikaa.<\/p>\n<p>Samalla saadaan edistetty\u00e4 avointa tietoa ymp\u00e4rist\u00f6n tilan seurantaan: Tietokannasta voi kuka tahansa k\u00e4yd\u00e4 tarkastelemassa vesist\u00f6jen tilaa.<\/p>\n<p><a href=\"https:\/\/www.vesireppu.com\/\">https:\/\/www.vesireppu.com\/<\/a><br \/><a href=\"https:\/\/www.youtube.com\/watch?v=khTmN0YPXXo\">https:\/\/www.youtube.com\/watch?v=khTmN0YPXXo<\/a><br \/><a href=\"https:\/\/www.facebook.com\/groups\/725404062484994\">https:\/\/www.facebook.com\/groups\/725404062484994<\/a><br \/><a href=\"https:\/\/www.jarviwiki.fi\/wiki\/Etusivu\">https:\/\/www.jarviwiki.fi\/wiki\/Etusivu<\/a><br \/><a href=\"https:\/\/www.jarviwiki.fi\/wiki\/Havaintol%C3%A4hetti\">https:\/\/www.jarviwiki.fi\/wiki\/Havaintol%C3%A4hetti<\/a><\/p>\n<p>&nbsp;<\/p>\n<p>[\/et_pb_text][et_pb_text admin_label=&#8221;Teksti vesireppu webinaarit&#8221; _builder_version=&#8221;4.27.4&#8243; _module_preset=&#8221;default&#8221; custom_margin=&#8221;10px|10px|10px|10px|false|false&#8221; custom_padding=&#8221;10px|10px|10px|10px|false|false&#8221; box_shadow_style=&#8221;preset2&#8243; global_colors_info=&#8221;{}&#8221;]<\/p>\n<p><strong>Piirin vesireppuwebinaari<\/strong><\/p>\n<p><a href=\"https:\/\/rotary.fi\/d1420\/mita-teemme\/ymparisto-ja-itameri\/vesirepun-ohjeistus\/\">T\u00e4st\u00e4 linkist\u00e4<\/a> voit tutustua 4.3.2024 pidetyn webinaarin tallenteeseen ja saat k\u00e4yt\u00e4nn\u00f6n neuvoja vesist\u00f6n tarkkailun aloittamiseen ja v\u00e4lineist\u00f6n k\u00e4ytt\u00e4miseen.<\/p>\n<p>[\/et_pb_text][\/et_pb_column][\/et_pb_row][\/et_pb_section]<\/p>\n","protected":false},"excerpt":{"rendered":"<p>Rotarit seuraavat ymp\u00e4rist\u00f6n tilaaRantaroskaseurantaRotaryklubit osallistuvat Suomen ymp\u00e4rist\u00f6keskuksen \u201dRantaroskan seuranta ja raportointi\u201d -tutkimukseen. Seuranta liittyy Euroopan laajuiseen tutkimukseen, jossa selvitet\u00e4\u00e4n kuinka paljon ja mink\u00e4laisia roskia kulkeutuu merelt\u00e4 rannoille. Tietoa k\u00e4ytet\u00e4\u00e4n meren tila-arvioihin ja roskaantumista v\u00e4hent\u00e4vien toimenpiteiden vaikuttavuuden seurantaan Suomessa ja kansainv\u00e4lisesti. Roskat ker\u00e4t\u00e4\u00e4n kolmesti vuodessa valituilta 100 m x 10 m -kokoiselta merenrannoilta. Roskat lajitellaan ja [&hellip;]<\/p>\n","protected":false},"author":26,"featured_media":0,"parent":12508,"menu_order":5,"comment_status":"closed","ping_status":"closed","template":"","meta":{"_acf_changed":false,"_et_pb_use_builder":"on","_et_pb_old_content":"","_et_gb_content_width":"","footnotes":""},"class_list":["post-12651","page","type-page","status-publish","hentry"],"acf":[],"yoast_head":"<!-- This site is optimized with the Yoast SEO plugin v27.4 - https:\/\/yoast.com\/product\/yoast-seo-wordpress\/ -->\n<title>Rotarit seuraavat ymp\u00e4rist\u00f6n tilaa - Piiri 1420<\/title>\n<meta name=\"robots\" content=\"index, follow, max-snippet:-1, max-image-preview:large, max-video-preview:-1\" \/>\n<link rel=\"canonical\" href=\"https:\/\/rotary.fi\/d1420\/mita-teemme\/ymparisto-ja-itameri\/rotarit-seuraavat-ympariston-tilaa\/\" \/>\n<meta property=\"og:locale\" content=\"fi_FI\" \/>\n<meta property=\"og:type\" content=\"article\" \/>\n<meta property=\"og:title\" content=\"Rotarit seuraavat ymp\u00e4rist\u00f6n tilaa - Piiri 1420\" \/>\n<meta property=\"og:description\" content=\"Rotarit seuraavat ymp\u00e4rist\u00f6n tilaaRantaroskaseurantaRotaryklubit osallistuvat Suomen ymp\u00e4rist\u00f6keskuksen \u201dRantaroskan seuranta ja raportointi\u201d -tutkimukseen. Seuranta liittyy Euroopan laajuiseen tutkimukseen, jossa selvitet\u00e4\u00e4n kuinka paljon ja mink\u00e4laisia roskia kulkeutuu merelt\u00e4 rannoille. Tietoa k\u00e4ytet\u00e4\u00e4n meren tila-arvioihin ja roskaantumista v\u00e4hent\u00e4vien toimenpiteiden vaikuttavuuden seurantaan Suomessa ja kansainv\u00e4lisesti. Roskat ker\u00e4t\u00e4\u00e4n kolmesti vuodessa valituilta 100 m x 10 m -kokoiselta merenrannoilta. Roskat lajitellaan ja [&hellip;]\" \/>\n<meta property=\"og:url\" content=\"https:\/\/rotary.fi\/d1420\/mita-teemme\/ymparisto-ja-itameri\/rotarit-seuraavat-ympariston-tilaa\/\" \/>\n<meta property=\"og:site_name\" content=\"Piiri 1420\" \/>\n<meta property=\"article:publisher\" content=\"https:\/\/www.facebook.com\/rotary\/\" \/>\n<meta property=\"article:modified_time\" content=\"2026-03-29T09:08:26+00:00\" \/>\n<meta name=\"twitter:card\" content=\"summary_large_image\" \/>\n<meta name=\"twitter:label1\" content=\"Arvioitu lukuaika\" \/>\n\t<meta name=\"twitter:data1\" content=\"4 minuuttia\" \/>\n<script type=\"application\/ld+json\" class=\"yoast-schema-graph\">{\"@context\":\"https:\\\/\\\/schema.org\",\"@graph\":[{\"@type\":\"WebPage\",\"@id\":\"https:\\\/\\\/rotary.fi\\\/d1420\\\/mita-teemme\\\/ymparisto-ja-itameri\\\/rotarit-seuraavat-ympariston-tilaa\\\/\",\"url\":\"https:\\\/\\\/rotary.fi\\\/d1420\\\/mita-teemme\\\/ymparisto-ja-itameri\\\/rotarit-seuraavat-ympariston-tilaa\\\/\",\"name\":\"Rotarit seuraavat ymp\u00e4rist\u00f6n tilaa - Piiri 1420\",\"isPartOf\":{\"@id\":\"https:\\\/\\\/rotary.fi\\\/d1420\\\/#website\"},\"datePublished\":\"2026-03-13T13:02:13+00:00\",\"dateModified\":\"2026-03-29T09:08:26+00:00\",\"breadcrumb\":{\"@id\":\"https:\\\/\\\/rotary.fi\\\/d1420\\\/mita-teemme\\\/ymparisto-ja-itameri\\\/rotarit-seuraavat-ympariston-tilaa\\\/#breadcrumb\"},\"inLanguage\":\"fi\",\"potentialAction\":[{\"@type\":\"ReadAction\",\"target\":[\"https:\\\/\\\/rotary.fi\\\/d1420\\\/mita-teemme\\\/ymparisto-ja-itameri\\\/rotarit-seuraavat-ympariston-tilaa\\\/\"]}]},{\"@type\":\"BreadcrumbList\",\"@id\":\"https:\\\/\\\/rotary.fi\\\/d1420\\\/mita-teemme\\\/ymparisto-ja-itameri\\\/rotarit-seuraavat-ympariston-tilaa\\\/#breadcrumb\",\"itemListElement\":[{\"@type\":\"ListItem\",\"position\":1,\"name\":\"Home\",\"item\":\"https:\\\/\\\/rotary.fi\\\/d1420\\\/\"},{\"@type\":\"ListItem\",\"position\":2,\"name\":\"Mit\u00e4 teemme\",\"item\":\"https:\\\/\\\/rotary.fi\\\/d1420\\\/mita-teemme\\\/\"},{\"@type\":\"ListItem\",\"position\":3,\"name\":\"Ymp\u00e4rist\u00f6 ja It\u00e4meri\",\"item\":\"https:\\\/\\\/rotary.fi\\\/d1420\\\/mita-teemme\\\/ymparisto-ja-itameri\\\/\"},{\"@type\":\"ListItem\",\"position\":4,\"name\":\"Rotarit seuraavat ymp\u00e4rist\u00f6n tilaa\"}]},{\"@type\":\"WebSite\",\"@id\":\"https:\\\/\\\/rotary.fi\\\/d1420\\\/#website\",\"url\":\"https:\\\/\\\/rotary.fi\\\/d1420\\\/\",\"name\":\"Piiri 1420\",\"description\":\"Suomen Rotary\",\"potentialAction\":[{\"@type\":\"SearchAction\",\"target\":{\"@type\":\"EntryPoint\",\"urlTemplate\":\"https:\\\/\\\/rotary.fi\\\/d1420\\\/?s={search_term_string}\"},\"query-input\":{\"@type\":\"PropertyValueSpecification\",\"valueRequired\":true,\"valueName\":\"search_term_string\"}}],\"inLanguage\":\"fi\"}]}<\/script>\n<!-- \/ Yoast SEO plugin. -->","yoast_head_json":{"title":"Rotarit seuraavat ymp\u00e4rist\u00f6n tilaa - Piiri 1420","robots":{"index":"index","follow":"follow","max-snippet":"max-snippet:-1","max-image-preview":"max-image-preview:large","max-video-preview":"max-video-preview:-1"},"canonical":"https:\/\/rotary.fi\/d1420\/mita-teemme\/ymparisto-ja-itameri\/rotarit-seuraavat-ympariston-tilaa\/","og_locale":"fi_FI","og_type":"article","og_title":"Rotarit seuraavat ymp\u00e4rist\u00f6n tilaa - Piiri 1420","og_description":"Rotarit seuraavat ymp\u00e4rist\u00f6n tilaaRantaroskaseurantaRotaryklubit osallistuvat Suomen ymp\u00e4rist\u00f6keskuksen \u201dRantaroskan seuranta ja raportointi\u201d -tutkimukseen. Seuranta liittyy Euroopan laajuiseen tutkimukseen, jossa selvitet\u00e4\u00e4n kuinka paljon ja mink\u00e4laisia roskia kulkeutuu merelt\u00e4 rannoille. Tietoa k\u00e4ytet\u00e4\u00e4n meren tila-arvioihin ja roskaantumista v\u00e4hent\u00e4vien toimenpiteiden vaikuttavuuden seurantaan Suomessa ja kansainv\u00e4lisesti. Roskat ker\u00e4t\u00e4\u00e4n kolmesti vuodessa valituilta 100 m x 10 m -kokoiselta merenrannoilta. Roskat lajitellaan ja [&hellip;]","og_url":"https:\/\/rotary.fi\/d1420\/mita-teemme\/ymparisto-ja-itameri\/rotarit-seuraavat-ympariston-tilaa\/","og_site_name":"Piiri 1420","article_publisher":"https:\/\/www.facebook.com\/rotary\/","article_modified_time":"2026-03-29T09:08:26+00:00","twitter_card":"summary_large_image","twitter_misc":{"Arvioitu lukuaika":"4 minuuttia"},"schema":{"@context":"https:\/\/schema.org","@graph":[{"@type":"WebPage","@id":"https:\/\/rotary.fi\/d1420\/mita-teemme\/ymparisto-ja-itameri\/rotarit-seuraavat-ympariston-tilaa\/","url":"https:\/\/rotary.fi\/d1420\/mita-teemme\/ymparisto-ja-itameri\/rotarit-seuraavat-ympariston-tilaa\/","name":"Rotarit seuraavat ymp\u00e4rist\u00f6n tilaa - Piiri 1420","isPartOf":{"@id":"https:\/\/rotary.fi\/d1420\/#website"},"datePublished":"2026-03-13T13:02:13+00:00","dateModified":"2026-03-29T09:08:26+00:00","breadcrumb":{"@id":"https:\/\/rotary.fi\/d1420\/mita-teemme\/ymparisto-ja-itameri\/rotarit-seuraavat-ympariston-tilaa\/#breadcrumb"},"inLanguage":"fi","potentialAction":[{"@type":"ReadAction","target":["https:\/\/rotary.fi\/d1420\/mita-teemme\/ymparisto-ja-itameri\/rotarit-seuraavat-ympariston-tilaa\/"]}]},{"@type":"BreadcrumbList","@id":"https:\/\/rotary.fi\/d1420\/mita-teemme\/ymparisto-ja-itameri\/rotarit-seuraavat-ympariston-tilaa\/#breadcrumb","itemListElement":[{"@type":"ListItem","position":1,"name":"Home","item":"https:\/\/rotary.fi\/d1420\/"},{"@type":"ListItem","position":2,"name":"Mit\u00e4 teemme","item":"https:\/\/rotary.fi\/d1420\/mita-teemme\/"},{"@type":"ListItem","position":3,"name":"Ymp\u00e4rist\u00f6 ja It\u00e4meri","item":"https:\/\/rotary.fi\/d1420\/mita-teemme\/ymparisto-ja-itameri\/"},{"@type":"ListItem","position":4,"name":"Rotarit seuraavat ymp\u00e4rist\u00f6n tilaa"}]},{"@type":"WebSite","@id":"https:\/\/rotary.fi\/d1420\/#website","url":"https:\/\/rotary.fi\/d1420\/","name":"Piiri 1420","description":"Suomen Rotary","potentialAction":[{"@type":"SearchAction","target":{"@type":"EntryPoint","urlTemplate":"https:\/\/rotary.fi\/d1420\/?s={search_term_string}"},"query-input":{"@type":"PropertyValueSpecification","valueRequired":true,"valueName":"search_term_string"}}],"inLanguage":"fi"}]}},"lang":"fi","translations":{"fi":12651,"sv":13406,"en":13426,"et":13438},"pll_sync_post":[],"_links":{"self":[{"href":"https:\/\/rotary.fi\/d1420\/wp-json\/wp\/v2\/pages\/12651","targetHints":{"allow":["GET"]}}],"collection":[{"href":"https:\/\/rotary.fi\/d1420\/wp-json\/wp\/v2\/pages"}],"about":[{"href":"https:\/\/rotary.fi\/d1420\/wp-json\/wp\/v2\/types\/page"}],"author":[{"embeddable":true,"href":"https:\/\/rotary.fi\/d1420\/wp-json\/wp\/v2\/users\/26"}],"replies":[{"embeddable":true,"href":"https:\/\/rotary.fi\/d1420\/wp-json\/wp\/v2\/comments?post=12651"}],"version-history":[{"count":10,"href":"https:\/\/rotary.fi\/d1420\/wp-json\/wp\/v2\/pages\/12651\/revisions"}],"predecessor-version":[{"id":13416,"href":"https:\/\/rotary.fi\/d1420\/wp-json\/wp\/v2\/pages\/12651\/revisions\/13416"}],"up":[{"embeddable":true,"href":"https:\/\/rotary.fi\/d1420\/wp-json\/wp\/v2\/pages\/12508"}],"wp:attachment":[{"href":"https:\/\/rotary.fi\/d1420\/wp-json\/wp\/v2\/media?parent=12651"}],"curies":[{"name":"wp","href":"https:\/\/api.w.org\/{rel}","templated":true}]}}