{"version":"1.0","provider_name":"Distrikt 1420","provider_url":"https:\/\/rotary.fi\/d1420","author_name":"Kari Tilli","author_url":"https:\/\/rotary.fi\/d1420\/blog\/author\/karitilli\/","title":"H\u00e4lsningar fr\u00e5n Rotaryt\u00e4ltet p\u00e5 \u00d6stersj\u00f6dagen - Distrikt 1420","type":"rich","width":600,"height":338,"html":"<blockquote class=\"wp-embedded-content\" data-secret=\"NG05b6UcCj\"><a href=\"https:\/\/rotary.fi\/d1420\/sv\/blog\/aktuellt\/halsningar-fran-rotarytaltet-pa-ostersjodagen\/\">H\u00e4lsningar fr\u00e5n Rotaryt\u00e4ltet p\u00e5 \u00d6stersj\u00f6dagen<\/a><\/blockquote><iframe sandbox=\"allow-scripts\" security=\"restricted\" src=\"https:\/\/rotary.fi\/d1420\/sv\/blog\/aktuellt\/halsningar-fran-rotarytaltet-pa-ostersjodagen\/embed\/#?secret=NG05b6UcCj\" width=\"600\" height=\"338\" title=\"&#8221;H\u00e4lsningar fr\u00e5n Rotaryt\u00e4ltet p\u00e5 \u00d6stersj\u00f6dagen&#8221; &#8212; Distrikt 1420\" data-secret=\"NG05b6UcCj\" frameborder=\"0\" marginwidth=\"0\" marginheight=\"0\" scrolling=\"no\" class=\"wp-embedded-content\"><\/iframe><script type=\"text\/javascript\">\n\/* <![CDATA[ *\/\n\/*! This file is auto-generated *\/\n!function(d,l){\"use strict\";l.querySelector&&d.addEventListener&&\"undefined\"!=typeof URL&&(d.wp=d.wp||{},d.wp.receiveEmbedMessage||(d.wp.receiveEmbedMessage=function(e){var t=e.data;if((t||t.secret||t.message||t.value)&&!\/[^a-zA-Z0-9]\/.test(t.secret)){for(var s,r,n,a=l.querySelectorAll('iframe[data-secret=\"'+t.secret+'\"]'),o=l.querySelectorAll('blockquote[data-secret=\"'+t.secret+'\"]'),c=new RegExp(\"^https?:$\",\"i\"),i=0;i<o.length;i++)o[i].style.display=\"none\";for(i=0;i<a.length;i++)s=a[i],e.source===s.contentWindow&&(s.removeAttribute(\"style\"),\"height\"===t.message?(1e3<(r=parseInt(t.value,10))?r=1e3:~~r<200&&(r=200),s.height=r):\"link\"===t.message&&(r=new URL(s.getAttribute(\"src\")),n=new URL(t.value),c.test(n.protocol))&&n.host===r.host&&l.activeElement===s&&(d.top.location.href=t.value))}},d.addEventListener(\"message\",d.wp.receiveEmbedMessage,!1),l.addEventListener(\"DOMContentLoaded\",function(){for(var e,t,s=l.querySelectorAll(\"iframe.wp-embedded-content\"),r=0;r<s.length;r++)(t=(e=s[r]).getAttribute(\"data-secret\"))||(t=Math.random().toString(36).substring(2,12),e.src+=\"#?secret=\"+t,e.setAttribute(\"data-secret\",t)),e.contentWindow.postMessage({message:\"ready\",secret:t},\"*\")},!1)))}(window,document);\n\/\/# sourceURL=https:\/\/rotary.fi\/d1420\/wp-includes\/js\/wp-embed.min.js\n\/* ]]> *\/\n<\/script>\n","thumbnail_url":"https:\/\/rotary.fi\/d1420\/wp-content\/uploads\/sites\/183\/2025\/09\/itameripaiva-2025-3.jpg","thumbnail_width":2016,"thumbnail_height":1512,"description":"[et_pb_section fb_built=&#8221;1&#8243; _builder_version=&#8221;4.27.4&#8243; _module_preset=&#8221;default&#8221; background_color=&#8221;#ffffff&#8221; global_colors_info=&#8221;{}&#8221;][et_pb_row _builder_version=&#8221;4.27.4&#8243; _module_preset=&#8221;default&#8221; width=&#8221;100%&#8221; global_colors_info=&#8221;{}&#8221;][et_pb_column type=&#8221;4_4&#8243; _builder_version=&#8221;4.27.4&#8243; _module_preset=&#8221;default&#8221; global_colors_info=&#8221;{}&#8221;][et_pb_text _builder_version=&#8221;4.27.4&#8243; _module_preset=&#8221;default&#8221; global_colors_info=&#8221;{}&#8221;] \u00d6stersj\u00f6dagen firades runtom i landet den 28.8.25 och distrikt 1420 deltog med ett rotaryt\u00e4lt p\u00e5 \u00d6stersj\u00f6festivalen vid Medborgartorget. Vi ber\u00e4ttade f\u00f6r bes\u00f6karna vad Rotary \u00e4r och vad rotarianer g\u00f6r f\u00f6r \u00d6stersj\u00f6n. Vi bj\u00f6d in till str\u00f6mmingsrodden, gjorde tester [&hellip;]"}

Hälsningar från Rotarytältet på Östersjödagen - Distrikt 1420

<blockquote class="wp-embedded-content" data-secret="NG05b6UcCj"><a href="https://rotary.fi/d1420/sv/blog/aktuellt/halsningar-fran-rotarytaltet-pa-ostersjodagen/">Hälsningar från Rotarytältet på Östersjödagen</a></blockquote><iframe sandbox="allow-scripts" security="restricted" src="https://rotary.fi/d1420/sv/blog/aktuellt/halsningar-fran-rotarytaltet-pa-ostersjodagen/embed/#?secret=NG05b6UcCj" width="600" height="338" title="&#8221;Hälsningar från Rotarytältet på Östersjödagen&#8221; &#8212; Distrikt 1420" data-secret="NG05b6UcCj" frameborder="0" marginwidth="0" marginheight="0" scrolling="no" class="wp-embedded-content"></iframe><script type="text/javascript">
/* <![CDATA[ */
/*! This file is auto-generated */
!function(d,l){"use strict";l.querySelector&&d.addEventListener&&"undefined"!=typeof URL&&(d.wp=d.wp||{},d.wp.receiveEmbedMessage||(d.wp.receiveEmbedMessage=function(e){var t=e.data;if((t||t.secret||t.message||t.value)&&!/[^a-zA-Z0-9]/.test(t.secret)){for(var s,r,n,a=l.querySelectorAll('iframe[data-secret="'+t.secret+'"]'),o=l.querySelectorAll('blockquote[data-secret="'+t.secret+'"]'),c=new RegExp("^https?:$","i"),i=0;i<o.length;i++)o[i].style.display="none";for(i=0;i<a.length;i++)s=a[i],e.source===s.contentWindow&&(s.removeAttribute("style"),"height"===t.message?(1e3<(r=parseInt(t.value,10))?r=1e3:~~r<200&&(r=200),s.height=r):"link"===t.message&&(r=new URL(s.getAttribute("src")),n=new URL(t.value),c.test(n.protocol))&&n.host===r.host&&l.activeElement===s&&(d.top.location.href=t.value))}},d.addEventListener("message",d.wp.receiveEmbedMessage,!1),l.addEventListener("DOMContentLoaded",function(){for(var e,t,s=l.querySelectorAll("iframe.wp-embedded-content"),r=0;r<s.length;r++)(t=(e=s[r]).getAttribute("data-secret"))||(t=Math.random().toString(36).substring(2,12),e.src+="#?secret="+t,e.setAttribute("data-secret",t)),e.contentWindow.postMessage({message:"ready",secret:t},"*")},!1)))}(window,document);
//# sourceURL=https://rotary.fi/d1420/wp-includes/js/wp-embed.min.js
/* ]]> */
</script>

[et_pb_section fb_built=&#8221;1&#8243; _builder_version=&#8221;4.27.4&#8243; _module_preset=&#8221;default&#8221; background_color=&#8221;#ffffff&#8221; global_colors_info=&#8221;{}&#8221;][et_pb_row _builder_version=&#8221;4.27.4&#8243; _module_preset=&#8221;default&#8221; width=&#8221;100%&#8221; global_colors_info=&#8221;{}&#8221;][et_pb_column type=&#8221;4_4&#8243; _builder_version=&#8221;4.27.4&#8243; _module_preset=&#8221;default&#8221; global_colors_info=&#8221;{}&#8221;][et_pb_text _builder_version=&#8221;4.27.4&#8243; _module_preset=&#8221;default&#8221; global_colors_info=&#8221;{}&#8221;] Östersjödagen firades runtom i landet den 28.8.25 och distrikt 1420 deltog med ett rotarytält på Östersjöfestivalen vid Medborgartorget. Vi berättade för besökarna vad Rotary är och vad rotarianer gör för Östersjön. Vi bjöd in till strömmingsrodden, gjorde tester [&hellip;]
