{"id":8399,"date":"2025-06-04T19:40:39","date_gmt":"2025-06-04T17:40:39","guid":{"rendered":"https:\/\/rotary.fi\/d1410\/?page_id=8399"},"modified":"2025-08-08T13:49:09","modified_gmt":"2025-08-08T11:49:09","slug":"tapahtumatukikomitea","status":"publish","type":"page","link":"https:\/\/rotary.fi\/d1410\/rotarypiiri1410\/piirin-organisaatio\/tapahtumatukikomitea\/","title":{"rendered":"Tapahtumatukikomitea"},"content":{"rendered":"<p>Puheenjohtaja &#8211; Ordf\u00f6rande &#8211; Chairperson<br \/>\n<strong>PAG Tapani Kaarlas<\/strong>, Turku Sirkkala<\/p>\n<p>J\u00e4senet &#8211; Medlemmar &#8211; Members<br \/>\n<strong>PAG Pekka Karhum\u00e4ki<\/strong>, Pori Karhunp\u00e4\u00e4<br \/>\n<strong>AG Katja Jalasjoki<\/strong>, Loimaa<\/p>\n","protected":false},"excerpt":{"rendered":"<p>Puheenjohtaja &#8211; Ordf\u00f6rande &#8211; Chairperson PAG Tapani Kaarlas, Turku Sirkkala J\u00e4senet &#8211; Medlemmar &#8211; Members PAG Pekka Karhum\u00e4ki, Pori Karhunp\u00e4\u00e4 AG Katja Jalasjoki, Loimaa<\/p>\n","protected":false},"author":805,"featured_media":0,"parent":2037,"menu_order":0,"comment_status":"closed","ping_status":"closed","template":"","meta":{"_acf_changed":false,"_et_pb_use_builder":"","_et_pb_old_content":"","_et_gb_content_width":"","footnotes":""},"class_list":["post-8399","page","type-page","status-publish","hentry"],"acf":[],"yoast_head":"<!-- This site is optimized with the Yoast SEO plugin v27.0 - https:\/\/yoast.com\/product\/yoast-seo-wordpress\/ -->\n<title>Tapahtumatukikomitea - Piiri 1410<\/title>\n<meta name=\"robots\" content=\"index, follow, max-snippet:-1, max-image-preview:large, max-video-preview:-1\" \/>\n<link rel=\"canonical\" href=\"https:\/\/rotary.fi\/d1410\/rotarypiiri1410\/piirin-organisaatio\/tapahtumatukikomitea\/\" \/>\n<meta property=\"og:locale\" content=\"fi_FI\" \/>\n<meta property=\"og:type\" content=\"article\" \/>\n<meta property=\"og:title\" content=\"Tapahtumatukikomitea - Piiri 1410\" \/>\n<meta property=\"og:description\" content=\"Puheenjohtaja &#8211; Ordf\u00f6rande &#8211; Chairperson PAG Tapani Kaarlas, Turku Sirkkala J\u00e4senet &#8211; Medlemmar &#8211; Members PAG Pekka Karhum\u00e4ki, Pori Karhunp\u00e4\u00e4 AG Katja Jalasjoki, Loimaa\" \/>\n<meta property=\"og:url\" content=\"https:\/\/rotary.fi\/d1410\/rotarypiiri1410\/piirin-organisaatio\/tapahtumatukikomitea\/\" \/>\n<meta property=\"og:site_name\" content=\"Piiri 1410\" \/>\n<meta property=\"article:publisher\" content=\"https:\/\/www.facebook.com\/rotary\/\" \/>\n<meta property=\"article:modified_time\" content=\"2025-08-08T11:49:09+00:00\" \/>\n<meta name=\"twitter:card\" content=\"summary_large_image\" \/>\n<meta name=\"twitter:label1\" content=\"Arvioitu lukuaika\" \/>\n\t<meta name=\"twitter:data1\" content=\"1 minuutti\" \/>\n<script type=\"application\/ld+json\" class=\"yoast-schema-graph\">{\"@context\":\"https:\/\/schema.org\",\"@graph\":[{\"@type\":\"WebPage\",\"@id\":\"https:\/\/rotary.fi\/d1410\/rotarypiiri1410\/piirin-organisaatio\/tapahtumatukikomitea\/\",\"url\":\"https:\/\/rotary.fi\/d1410\/rotarypiiri1410\/piirin-organisaatio\/tapahtumatukikomitea\/\",\"name\":\"Tapahtumatukikomitea - Piiri 1410\",\"isPartOf\":{\"@id\":\"https:\/\/rotary.fi\/d1410\/#website\"},\"datePublished\":\"2025-06-04T17:40:39+00:00\",\"dateModified\":\"2025-08-08T11:49:09+00:00\",\"breadcrumb\":{\"@id\":\"https:\/\/rotary.fi\/d1410\/rotarypiiri1410\/piirin-organisaatio\/tapahtumatukikomitea\/#breadcrumb\"},\"inLanguage\":\"fi\",\"potentialAction\":[{\"@type\":\"ReadAction\",\"target\":[\"https:\/\/rotary.fi\/d1410\/rotarypiiri1410\/piirin-organisaatio\/tapahtumatukikomitea\/\"]}]},{\"@type\":\"BreadcrumbList\",\"@id\":\"https:\/\/rotary.fi\/d1410\/rotarypiiri1410\/piirin-organisaatio\/tapahtumatukikomitea\/#breadcrumb\",\"itemListElement\":[{\"@type\":\"ListItem\",\"position\":1,\"name\":\"Home\",\"item\":\"https:\/\/rotary.fi\/d1410\/\"},{\"@type\":\"ListItem\",\"position\":2,\"name\":\"Rotarypiiri 1410\",\"item\":\"https:\/\/rotary.fi\/d1410\/rotarypiiri1410\/\"},{\"@type\":\"ListItem\",\"position\":3,\"name\":\"Piirin organisaatio\",\"item\":\"https:\/\/rotary.fi\/d1410\/rotarypiiri1410\/piirin-organisaatio\/\"},{\"@type\":\"ListItem\",\"position\":4,\"name\":\"Tapahtumatukikomitea\"}]},{\"@type\":\"WebSite\",\"@id\":\"https:\/\/rotary.fi\/d1410\/#website\",\"url\":\"https:\/\/rotary.fi\/d1410\/\",\"name\":\"Piiri 1410\",\"description\":\"Suomen Rotary\",\"potentialAction\":[{\"@type\":\"SearchAction\",\"target\":{\"@type\":\"EntryPoint\",\"urlTemplate\":\"https:\/\/rotary.fi\/d1410\/?s={search_term_string}\"},\"query-input\":{\"@type\":\"PropertyValueSpecification\",\"valueRequired\":true,\"valueName\":\"search_term_string\"}}],\"inLanguage\":\"fi\"}]}<\/script>\n<!-- \/ Yoast SEO plugin. -->","yoast_head_json":{"title":"Tapahtumatukikomitea - Piiri 1410","robots":{"index":"index","follow":"follow","max-snippet":"max-snippet:-1","max-image-preview":"max-image-preview:large","max-video-preview":"max-video-preview:-1"},"canonical":"https:\/\/rotary.fi\/d1410\/rotarypiiri1410\/piirin-organisaatio\/tapahtumatukikomitea\/","og_locale":"fi_FI","og_type":"article","og_title":"Tapahtumatukikomitea - Piiri 1410","og_description":"Puheenjohtaja &#8211; Ordf\u00f6rande &#8211; Chairperson PAG Tapani Kaarlas, Turku Sirkkala J\u00e4senet &#8211; Medlemmar &#8211; Members PAG Pekka Karhum\u00e4ki, Pori Karhunp\u00e4\u00e4 AG Katja Jalasjoki, Loimaa","og_url":"https:\/\/rotary.fi\/d1410\/rotarypiiri1410\/piirin-organisaatio\/tapahtumatukikomitea\/","og_site_name":"Piiri 1410","article_publisher":"https:\/\/www.facebook.com\/rotary\/","article_modified_time":"2025-08-08T11:49:09+00:00","twitter_card":"summary_large_image","twitter_misc":{"Arvioitu lukuaika":"1 minuutti"},"schema":{"@context":"https:\/\/schema.org","@graph":[{"@type":"WebPage","@id":"https:\/\/rotary.fi\/d1410\/rotarypiiri1410\/piirin-organisaatio\/tapahtumatukikomitea\/","url":"https:\/\/rotary.fi\/d1410\/rotarypiiri1410\/piirin-organisaatio\/tapahtumatukikomitea\/","name":"Tapahtumatukikomitea - Piiri 1410","isPartOf":{"@id":"https:\/\/rotary.fi\/d1410\/#website"},"datePublished":"2025-06-04T17:40:39+00:00","dateModified":"2025-08-08T11:49:09+00:00","breadcrumb":{"@id":"https:\/\/rotary.fi\/d1410\/rotarypiiri1410\/piirin-organisaatio\/tapahtumatukikomitea\/#breadcrumb"},"inLanguage":"fi","potentialAction":[{"@type":"ReadAction","target":["https:\/\/rotary.fi\/d1410\/rotarypiiri1410\/piirin-organisaatio\/tapahtumatukikomitea\/"]}]},{"@type":"BreadcrumbList","@id":"https:\/\/rotary.fi\/d1410\/rotarypiiri1410\/piirin-organisaatio\/tapahtumatukikomitea\/#breadcrumb","itemListElement":[{"@type":"ListItem","position":1,"name":"Home","item":"https:\/\/rotary.fi\/d1410\/"},{"@type":"ListItem","position":2,"name":"Rotarypiiri 1410","item":"https:\/\/rotary.fi\/d1410\/rotarypiiri1410\/"},{"@type":"ListItem","position":3,"name":"Piirin organisaatio","item":"https:\/\/rotary.fi\/d1410\/rotarypiiri1410\/piirin-organisaatio\/"},{"@type":"ListItem","position":4,"name":"Tapahtumatukikomitea"}]},{"@type":"WebSite","@id":"https:\/\/rotary.fi\/d1410\/#website","url":"https:\/\/rotary.fi\/d1410\/","name":"Piiri 1410","description":"Suomen Rotary","potentialAction":[{"@type":"SearchAction","target":{"@type":"EntryPoint","urlTemplate":"https:\/\/rotary.fi\/d1410\/?s={search_term_string}"},"query-input":{"@type":"PropertyValueSpecification","valueRequired":true,"valueName":"search_term_string"}}],"inLanguage":"fi"}]}},"lang":"fi","translations":{"fi":8399},"pll_sync_post":[],"_links":{"self":[{"href":"https:\/\/rotary.fi\/d1410\/wp-json\/wp\/v2\/pages\/8399","targetHints":{"allow":["GET"]}}],"collection":[{"href":"https:\/\/rotary.fi\/d1410\/wp-json\/wp\/v2\/pages"}],"about":[{"href":"https:\/\/rotary.fi\/d1410\/wp-json\/wp\/v2\/types\/page"}],"author":[{"embeddable":true,"href":"https:\/\/rotary.fi\/d1410\/wp-json\/wp\/v2\/users\/805"}],"replies":[{"embeddable":true,"href":"https:\/\/rotary.fi\/d1410\/wp-json\/wp\/v2\/comments?post=8399"}],"version-history":[{"count":1,"href":"https:\/\/rotary.fi\/d1410\/wp-json\/wp\/v2\/pages\/8399\/revisions"}],"predecessor-version":[{"id":8400,"href":"https:\/\/rotary.fi\/d1410\/wp-json\/wp\/v2\/pages\/8399\/revisions\/8400"}],"up":[{"embeddable":true,"href":"https:\/\/rotary.fi\/d1410\/wp-json\/wp\/v2\/pages\/2037"}],"wp:attachment":[{"href":"https:\/\/rotary.fi\/d1410\/wp-json\/wp\/v2\/media?parent=8399"}],"curies":[{"name":"wp","href":"https:\/\/api.w.org\/{rel}","templated":true}]}}