{"id":5316,"date":"2022-07-01T14:49:23","date_gmt":"2022-07-01T12:49:23","guid":{"rendered":"https:\/\/rotary.fi\/d1410\/?page_id=5316"},"modified":"2022-09-06T08:13:13","modified_gmt":"2022-09-06T06:13:13","slug":"koulutusvideoita-klubeille-ja-rotareille","status":"publish","type":"page","link":"https:\/\/rotary.fi\/d1410\/mita-teemme\/koulutusvideoita-klubeille-ja-rotareille\/","title":{"rendered":"Koulutusvideoita klubeille ja rotareille"},"content":{"rendered":"<p>[et_pb_section fb_built=&#8221;1&#8243; admin_label=&#8221;section&#8221; _builder_version=&#8221;4.16&#8243; global_colors_info=&#8221;{}&#8221;][et_pb_row admin_label=&#8221;row&#8221; _builder_version=&#8221;4.16&#8243; background_size=&#8221;initial&#8221; background_position=&#8221;top_left&#8221; background_repeat=&#8221;repeat&#8221; global_colors_info=&#8221;{}&#8221;][et_pb_column type=&#8221;4_4&#8243; _builder_version=&#8221;4.16&#8243; custom_padding=&#8221;|||&#8221; global_colors_info=&#8221;{}&#8221; custom_padding__hover=&#8221;|||&#8221;][et_pb_text admin_label=&#8221;Text&#8221; _builder_version=&#8221;4.18.0&#8243; background_size=&#8221;initial&#8221; background_position=&#8221;top_left&#8221; background_repeat=&#8221;repeat&#8221; hover_enabled=&#8221;0&#8243; global_colors_info=&#8221;{}&#8221; sticky_enabled=&#8221;0&#8243;]<\/p>\n<p>T\u00e4ll\u00e4 sivulta l\u00f6yd\u00e4t on linkkej\u00e4 koulutusmateriaaleihin, l\u00e4hinn\u00e4 videoihin.<\/p>\n<p>PETS 2022<\/p>\n<p><a href=\"https:\/\/youtu.be\/-5yOaihOHDQ\" target=\"_blank\" rel=\"noopener\">Osa 1<\/a> Presidentin teht\u00e4vist\u00e4<br \/><a href=\"https:\/\/youtu.be\/O8fV6_YUfGw\" target=\"_blank\" rel=\"noopener\">Osa 2<\/a> Sihteerin ja taloudenhoitajan teht\u00e4vist\u00e4<br \/><a href=\"https:\/\/youtu.be\/4DsZtO5p_Jw\" target=\"_blank\" rel=\"noopener\">Osa 3<\/a> Haastattelut I<br \/><a href=\"https:\/\/youtu.be\/5QkQm8pf1hA\" target=\"_blank\" rel=\"noopener\">Osa 4<\/a> Haastattelut II<\/p>\n<p><a href=\"https:\/\/youtu.be\/ebFLEbKXpFY\" target=\"_blank\" rel=\"noopener\">Rotary alkeet 28.10.2021<\/a><\/p>\n<p><a href=\"https:\/\/youtu.be\/EPfI_yLzZcQ\" target=\"_blank\" rel=\"noopener\">Valakia kotisivukoulutus 22.4.2021<\/a><\/p>\n<p><a href=\"https:\/\/rotary.fi\/d1430\/blog\/ajankohtaiset\/koulutus\/\" target=\"_blank\" rel=\"noopener\">Rotarypiirin 1430 sivulta l\u00f6ytyv\u00e4t koulutukset<\/a><\/p>\n<p><a href=\"https:\/\/sites.google.com\/rotaryfinland.org\/koulutuspolku\/rotaryn-peruskurssi?authuser=0\" target=\"_blank\" rel=\"noopener\">Perustietoa Rotarysta<\/a><\/p>\n<p>&nbsp;<\/p>\n<p>[\/et_pb_text][\/et_pb_column][\/et_pb_row][\/et_pb_section]<\/p>\n","protected":false},"excerpt":{"rendered":"<p>T\u00e4ll\u00e4 sivulta l\u00f6yd\u00e4t on linkkej\u00e4 koulutusmateriaaleihin, l\u00e4hinn\u00e4 videoihin. PETS 2022 Osa 1 Presidentin teht\u00e4vist\u00e4Osa 2 Sihteerin ja taloudenhoitajan teht\u00e4vist\u00e4Osa 3 Haastattelut IOsa 4 Haastattelut II Rotary alkeet 28.10.2021 Valakia kotisivukoulutus 22.4.2021 Rotarypiirin 1430 sivulta l\u00f6ytyv\u00e4t koulutukset Perustietoa Rotarysta &nbsp;<\/p>\n","protected":false},"author":384,"featured_media":5247,"parent":656,"menu_order":0,"comment_status":"closed","ping_status":"closed","template":"","meta":{"_acf_changed":false,"_et_pb_use_builder":"on","_et_pb_old_content":"T\u00e4ll\u00e4 sivulta l\u00f6yd\u00e4t on linkkej\u00e4 koulutusmateriaaleihin, l\u00e4hinn\u00e4 videoihin.\r\n\r\nPETS 2022\r\n\r\n<a href=\"https:\/\/youtu.be\/-5yOaihOHDQ\" target=\"_blank\" rel=\"noopener\">Osa 1<\/a> Presidentin teht\u00e4vist\u00e4\r\n<a href=\"https:\/\/youtu.be\/O8fV6_YUfGw\" target=\"_blank\" rel=\"noopener\">Osa 2<\/a> Sihteerin ja taloudenhoitajan teht\u00e4vist\u00e4\r\n<a href=\"https:\/\/youtu.be\/4DsZtO5p_Jw\" target=\"_blank\" rel=\"noopener\">Osa 3<\/a> Haastettelut I\r\n<a href=\"https:\/\/youtu.be\/5QkQm8pf1hA\" target=\"_blank\" rel=\"noopener\">Osa 4<\/a> Haastattelut II\r\n\r\n<a href=\"https:\/\/youtu.be\/ebFLEbKXpFY\" target=\"_blank\" rel=\"noopener\">Rotary alkeet 28.10.2021<\/a>\r\n\r\n<a href=\"https:\/\/youtu.be\/EPfI_yLzZcQ\" target=\"_blank\" rel=\"noopener\">Valakia kotisivukoulutus 22.4.2021<\/a>\r\n\r\n<a href=\"https:\/\/rotary.fi\/d1430\/blog\/ajankohtaiset\/koulutus\/\" target=\"_blank\" rel=\"noopener\">Rotarypiirin 1430 sivulta l\u00f6ytyv\u00e4t koulutukset<\/a>\r\n\r\n\u00a0","_et_gb_content_width":"","footnotes":""},"class_list":["post-5316","page","type-page","status-publish","has-post-thumbnail","hentry"],"acf":[],"yoast_head":"<!-- This site is optimized with the Yoast SEO plugin v27.0 - https:\/\/yoast.com\/product\/yoast-seo-wordpress\/ -->\n<title>Koulutusvideoita klubeille ja rotareille - Piiri 1410<\/title>\n<meta name=\"robots\" content=\"index, follow, max-snippet:-1, max-image-preview:large, max-video-preview:-1\" \/>\n<link rel=\"canonical\" href=\"https:\/\/rotary.fi\/d1410\/mita-teemme\/koulutusvideoita-klubeille-ja-rotareille\/\" \/>\n<meta property=\"og:locale\" content=\"fi_FI\" \/>\n<meta property=\"og:type\" content=\"article\" \/>\n<meta property=\"og:title\" content=\"Koulutusvideoita klubeille ja rotareille - Piiri 1410\" \/>\n<meta property=\"og:description\" content=\"T\u00e4ll\u00e4 sivulta l\u00f6yd\u00e4t on linkkej\u00e4 koulutusmateriaaleihin, l\u00e4hinn\u00e4 videoihin. PETS 2022 Osa 1 Presidentin teht\u00e4vist\u00e4Osa 2 Sihteerin ja taloudenhoitajan teht\u00e4vist\u00e4Osa 3 Haastattelut IOsa 4 Haastattelut II Rotary alkeet 28.10.2021 Valakia kotisivukoulutus 22.4.2021 Rotarypiirin 1430 sivulta l\u00f6ytyv\u00e4t koulutukset Perustietoa Rotarysta &nbsp;\" \/>\n<meta property=\"og:url\" content=\"https:\/\/rotary.fi\/d1410\/mita-teemme\/koulutusvideoita-klubeille-ja-rotareille\/\" \/>\n<meta property=\"og:site_name\" content=\"Piiri 1410\" \/>\n<meta property=\"article:publisher\" content=\"https:\/\/www.facebook.com\/rotary\/\" \/>\n<meta property=\"article:modified_time\" content=\"2022-09-06T06:13:13+00:00\" \/>\n<meta property=\"og:image\" content=\"https:\/\/rotary.fi\/d1410\/wp-content\/uploads\/sites\/215\/2022\/07\/t2223en-lockup-rgb.png\" \/>\n\t<meta property=\"og:image:width\" content=\"3227\" \/>\n\t<meta property=\"og:image:height\" content=\"601\" \/>\n\t<meta property=\"og:image:type\" content=\"image\/png\" \/>\n<meta name=\"twitter:card\" content=\"summary_large_image\" \/>\n<meta name=\"twitter:label1\" content=\"Arvioitu lukuaika\" \/>\n\t<meta name=\"twitter:data1\" content=\"1 minuutti\" \/>\n<script type=\"application\/ld+json\" class=\"yoast-schema-graph\">{\"@context\":\"https:\/\/schema.org\",\"@graph\":[{\"@type\":\"WebPage\",\"@id\":\"https:\/\/rotary.fi\/d1410\/mita-teemme\/koulutusvideoita-klubeille-ja-rotareille\/\",\"url\":\"https:\/\/rotary.fi\/d1410\/mita-teemme\/koulutusvideoita-klubeille-ja-rotareille\/\",\"name\":\"Koulutusvideoita klubeille ja rotareille - Piiri 1410\",\"isPartOf\":{\"@id\":\"https:\/\/rotary.fi\/d1410\/#website\"},\"primaryImageOfPage\":{\"@id\":\"https:\/\/rotary.fi\/d1410\/mita-teemme\/koulutusvideoita-klubeille-ja-rotareille\/#primaryimage\"},\"image\":{\"@id\":\"https:\/\/rotary.fi\/d1410\/mita-teemme\/koulutusvideoita-klubeille-ja-rotareille\/#primaryimage\"},\"thumbnailUrl\":\"https:\/\/rotary.fi\/d1410\/wp-content\/uploads\/sites\/215\/2022\/07\/t2223en-lockup-rgb.png\",\"datePublished\":\"2022-07-01T12:49:23+00:00\",\"dateModified\":\"2022-09-06T06:13:13+00:00\",\"breadcrumb\":{\"@id\":\"https:\/\/rotary.fi\/d1410\/mita-teemme\/koulutusvideoita-klubeille-ja-rotareille\/#breadcrumb\"},\"inLanguage\":\"fi\",\"potentialAction\":[{\"@type\":\"ReadAction\",\"target\":[\"https:\/\/rotary.fi\/d1410\/mita-teemme\/koulutusvideoita-klubeille-ja-rotareille\/\"]}]},{\"@type\":\"ImageObject\",\"inLanguage\":\"fi\",\"@id\":\"https:\/\/rotary.fi\/d1410\/mita-teemme\/koulutusvideoita-klubeille-ja-rotareille\/#primaryimage\",\"url\":\"https:\/\/rotary.fi\/d1410\/wp-content\/uploads\/sites\/215\/2022\/07\/t2223en-lockup-rgb.png\",\"contentUrl\":\"https:\/\/rotary.fi\/d1410\/wp-content\/uploads\/sites\/215\/2022\/07\/t2223en-lockup-rgb.png\",\"width\":3227,\"height\":601},{\"@type\":\"BreadcrumbList\",\"@id\":\"https:\/\/rotary.fi\/d1410\/mita-teemme\/koulutusvideoita-klubeille-ja-rotareille\/#breadcrumb\",\"itemListElement\":[{\"@type\":\"ListItem\",\"position\":1,\"name\":\"Home\",\"item\":\"https:\/\/rotary.fi\/d1410\/\"},{\"@type\":\"ListItem\",\"position\":2,\"name\":\"Toiminnan painopisteet &#8211; Mit\u00e4 teemme\",\"item\":\"https:\/\/rotary.fi\/d1410\/mita-teemme\/\"},{\"@type\":\"ListItem\",\"position\":3,\"name\":\"Koulutusvideoita klubeille ja rotareille\"}]},{\"@type\":\"WebSite\",\"@id\":\"https:\/\/rotary.fi\/d1410\/#website\",\"url\":\"https:\/\/rotary.fi\/d1410\/\",\"name\":\"Piiri 1410\",\"description\":\"Suomen Rotary\",\"potentialAction\":[{\"@type\":\"SearchAction\",\"target\":{\"@type\":\"EntryPoint\",\"urlTemplate\":\"https:\/\/rotary.fi\/d1410\/?s={search_term_string}\"},\"query-input\":{\"@type\":\"PropertyValueSpecification\",\"valueRequired\":true,\"valueName\":\"search_term_string\"}}],\"inLanguage\":\"fi\"}]}<\/script>\n<!-- \/ Yoast SEO plugin. -->","yoast_head_json":{"title":"Koulutusvideoita klubeille ja rotareille - Piiri 1410","robots":{"index":"index","follow":"follow","max-snippet":"max-snippet:-1","max-image-preview":"max-image-preview:large","max-video-preview":"max-video-preview:-1"},"canonical":"https:\/\/rotary.fi\/d1410\/mita-teemme\/koulutusvideoita-klubeille-ja-rotareille\/","og_locale":"fi_FI","og_type":"article","og_title":"Koulutusvideoita klubeille ja rotareille - Piiri 1410","og_description":"T\u00e4ll\u00e4 sivulta l\u00f6yd\u00e4t on linkkej\u00e4 koulutusmateriaaleihin, l\u00e4hinn\u00e4 videoihin. PETS 2022 Osa 1 Presidentin teht\u00e4vist\u00e4Osa 2 Sihteerin ja taloudenhoitajan teht\u00e4vist\u00e4Osa 3 Haastattelut IOsa 4 Haastattelut II Rotary alkeet 28.10.2021 Valakia kotisivukoulutus 22.4.2021 Rotarypiirin 1430 sivulta l\u00f6ytyv\u00e4t koulutukset Perustietoa Rotarysta &nbsp;","og_url":"https:\/\/rotary.fi\/d1410\/mita-teemme\/koulutusvideoita-klubeille-ja-rotareille\/","og_site_name":"Piiri 1410","article_publisher":"https:\/\/www.facebook.com\/rotary\/","article_modified_time":"2022-09-06T06:13:13+00:00","og_image":[{"width":3227,"height":601,"url":"https:\/\/rotary.fi\/d1410\/wp-content\/uploads\/sites\/215\/2022\/07\/t2223en-lockup-rgb.png","type":"image\/png"}],"twitter_card":"summary_large_image","twitter_misc":{"Arvioitu lukuaika":"1 minuutti"},"schema":{"@context":"https:\/\/schema.org","@graph":[{"@type":"WebPage","@id":"https:\/\/rotary.fi\/d1410\/mita-teemme\/koulutusvideoita-klubeille-ja-rotareille\/","url":"https:\/\/rotary.fi\/d1410\/mita-teemme\/koulutusvideoita-klubeille-ja-rotareille\/","name":"Koulutusvideoita klubeille ja rotareille - Piiri 1410","isPartOf":{"@id":"https:\/\/rotary.fi\/d1410\/#website"},"primaryImageOfPage":{"@id":"https:\/\/rotary.fi\/d1410\/mita-teemme\/koulutusvideoita-klubeille-ja-rotareille\/#primaryimage"},"image":{"@id":"https:\/\/rotary.fi\/d1410\/mita-teemme\/koulutusvideoita-klubeille-ja-rotareille\/#primaryimage"},"thumbnailUrl":"https:\/\/rotary.fi\/d1410\/wp-content\/uploads\/sites\/215\/2022\/07\/t2223en-lockup-rgb.png","datePublished":"2022-07-01T12:49:23+00:00","dateModified":"2022-09-06T06:13:13+00:00","breadcrumb":{"@id":"https:\/\/rotary.fi\/d1410\/mita-teemme\/koulutusvideoita-klubeille-ja-rotareille\/#breadcrumb"},"inLanguage":"fi","potentialAction":[{"@type":"ReadAction","target":["https:\/\/rotary.fi\/d1410\/mita-teemme\/koulutusvideoita-klubeille-ja-rotareille\/"]}]},{"@type":"ImageObject","inLanguage":"fi","@id":"https:\/\/rotary.fi\/d1410\/mita-teemme\/koulutusvideoita-klubeille-ja-rotareille\/#primaryimage","url":"https:\/\/rotary.fi\/d1410\/wp-content\/uploads\/sites\/215\/2022\/07\/t2223en-lockup-rgb.png","contentUrl":"https:\/\/rotary.fi\/d1410\/wp-content\/uploads\/sites\/215\/2022\/07\/t2223en-lockup-rgb.png","width":3227,"height":601},{"@type":"BreadcrumbList","@id":"https:\/\/rotary.fi\/d1410\/mita-teemme\/koulutusvideoita-klubeille-ja-rotareille\/#breadcrumb","itemListElement":[{"@type":"ListItem","position":1,"name":"Home","item":"https:\/\/rotary.fi\/d1410\/"},{"@type":"ListItem","position":2,"name":"Toiminnan painopisteet &#8211; Mit\u00e4 teemme","item":"https:\/\/rotary.fi\/d1410\/mita-teemme\/"},{"@type":"ListItem","position":3,"name":"Koulutusvideoita klubeille ja rotareille"}]},{"@type":"WebSite","@id":"https:\/\/rotary.fi\/d1410\/#website","url":"https:\/\/rotary.fi\/d1410\/","name":"Piiri 1410","description":"Suomen Rotary","potentialAction":[{"@type":"SearchAction","target":{"@type":"EntryPoint","urlTemplate":"https:\/\/rotary.fi\/d1410\/?s={search_term_string}"},"query-input":{"@type":"PropertyValueSpecification","valueRequired":true,"valueName":"search_term_string"}}],"inLanguage":"fi"}]}},"lang":"fi","translations":{"fi":5316},"pll_sync_post":[],"_links":{"self":[{"href":"https:\/\/rotary.fi\/d1410\/wp-json\/wp\/v2\/pages\/5316","targetHints":{"allow":["GET"]}}],"collection":[{"href":"https:\/\/rotary.fi\/d1410\/wp-json\/wp\/v2\/pages"}],"about":[{"href":"https:\/\/rotary.fi\/d1410\/wp-json\/wp\/v2\/types\/page"}],"author":[{"embeddable":true,"href":"https:\/\/rotary.fi\/d1410\/wp-json\/wp\/v2\/users\/384"}],"replies":[{"embeddable":true,"href":"https:\/\/rotary.fi\/d1410\/wp-json\/wp\/v2\/comments?post=5316"}],"version-history":[{"count":4,"href":"https:\/\/rotary.fi\/d1410\/wp-json\/wp\/v2\/pages\/5316\/revisions"}],"predecessor-version":[{"id":5483,"href":"https:\/\/rotary.fi\/d1410\/wp-json\/wp\/v2\/pages\/5316\/revisions\/5483"}],"up":[{"embeddable":true,"href":"https:\/\/rotary.fi\/d1410\/wp-json\/wp\/v2\/pages\/656"}],"wp:featuredmedia":[{"embeddable":true,"href":"https:\/\/rotary.fi\/d1410\/wp-json\/wp\/v2\/media\/5247"}],"wp:attachment":[{"href":"https:\/\/rotary.fi\/d1410\/wp-json\/wp\/v2\/media?parent=5316"}],"curies":[{"name":"wp","href":"https:\/\/api.w.org\/{rel}","templated":true}]}}