{"id":656,"date":"2018-04-09T13:41:22","date_gmt":"2018-04-09T11:41:22","guid":{"rendered":"http:\/\/rotary.fi\/piirisivusto\/?page_id=656"},"modified":"2020-05-16T12:52:14","modified_gmt":"2020-05-16T10:52:14","slug":"mita-teemme","status":"publish","type":"page","link":"https:\/\/rotary.fi\/d1400\/mita-teemme\/","title":{"rendered":"Mit\u00e4 teemme"},"content":{"rendered":"<p>[et_pb_section fb_built=&#8221;1&#8243; module_class=&#8221;jumbotron-page&#8221; _builder_version=&#8221;4.0.6&#8243; background_image=&#8221;https:\/\/rotary.fi\/d1400\/wp-content\/uploads\/sites\/174\/2019\/11\/yhdessacc88-2.jpg&#8221;][et_pb_row module_class=&#8221; et_pb_row_fullwidth&#8221; _builder_version=&#8221;3.25&#8243; width=&#8221;89%&#8221; width_tablet=&#8221;80%&#8221; width_phone=&#8221;&#8221; width_last_edited=&#8221;on|desktop&#8221; max_width=&#8221;89%&#8221; max_width_tablet=&#8221;80%&#8221; max_width_phone=&#8221;&#8221; max_width_last_edited=&#8221;on|desktop&#8221; make_fullwidth=&#8221;on&#8221;][et_pb_column type=&#8221;4_4&#8243; _builder_version=&#8221;3.25&#8243; custom_padding=&#8221;|||&#8221; custom_padding__hover=&#8221;|||&#8221;][et_pb_text admin_label=&#8221;Mit\u00e4 teemme -otsikko&#8221; _builder_version=&#8221;4.0.6&#8243; text_orientation=&#8221;center&#8221; background_layout=&#8221;dark&#8221; locked=&#8221;off&#8221; collapsed=&#8221;off&#8221;]<\/p>\n<h1>Toiminta klubeissa<\/h1>\n<p>[\/et_pb_text][\/et_pb_column][\/et_pb_row][\/et_pb_section][et_pb_section fb_built=&#8221;1&#8243; module_class=&#8221;sisaltoalue_perus&#8221; _builder_version=&#8221;3.22.3&#8243; custom_margin=&#8221;||40px|&#8221;][et_pb_row custom_padding_last_edited=&#8221;on|phone&#8221; _builder_version=&#8221;3.25&#8243; custom_padding_tablet=&#8221;&#8221; custom_padding_phone=&#8221;&#8221;][et_pb_column type=&#8221;4_4&#8243; _builder_version=&#8221;3.25&#8243; custom_padding=&#8221;|||&#8221; custom_padding__hover=&#8221;|||&#8221;][et_pb_text admin_label=&#8221;Mit\u00e4 teemme -otsikko&#8221; _builder_version=&#8221;3.27.4&#8243; text_orientation=&#8221;center&#8221;]<\/p>\n<h1>Mit\u00e4 teemme<\/h1>\n<p>[\/et_pb_text][et_pb_text _builder_version=&#8221;4.4.1&#8243;]<\/p>\n<p><strong>Pandemian aikana emme voi kokoontua fyysisesti, joten varsin monet klubit kokoontuvat et\u00e4n\u00e4 hy\u00f6dynt\u00e4en erilaisia nettikokousalustoja.\u00a0<\/strong><b style=\"font-size: 16px\"><a href=\"https:\/\/docs.google.com\/spreadsheets\/d\/1WnO9WxYesFhB6j0-7CLxtOsP5TGGaHotUfxL1ni6DYA\/edit#gid=0\" title=\"D 1400 et\u00e4kokouskalenteri\" target=\"_blank\" rel=\"noopener noreferrer\">T\u00e4st\u00e4<\/a> n\u00e4et listan alueemme klubien tulevista et\u00e4kokouksista.<br \/>Vieraile niiss\u00e4, osallistu ja keskustele.<\/b><\/p>\n<p>[\/et_pb_text][et_pb_text _builder_version=&#8221;4.4.1&#8243; hover_enabled=&#8221;0&#8243; custom_padding=&#8221;||0px|||&#8221;]<\/p>\n<p><b>Katso t\u00e4st\u00e4<a href=\"https:\/\/docs.google.com\/document\/d\/1zmJIhZKC4ADNmaoY7nzyCuFw3tkVWMiLtxmtdARLFpU\/edit?usp=sharing\" target=\"_blank\" rel=\"noopener noreferrer\"> tiivis esitys<\/a> erilaisista et\u00e4kokousalustoista.<\/b><\/p>\n<p>[\/et_pb_text][et_pb_text _builder_version=&#8221;4.0.6&#8243;]<\/p>\n<p>Rotareilla on paikallisia palveluprojekteja ja yhdess\u00e4 toisten klubien kanssa my\u00f6s kansainv\u00e4lisi\u00e4 projekteja, joilla halutaan vaikuttaa t\u00e4m\u00e4n p\u00e4iv\u00e4n akuutteihin haasteisiin. Rotarina sinulla on mahdollisuus toimia ja vaikuttaa sek\u00e4 kasvaa ja kehitty\u00e4 ihmisen\u00e4. Samalla saat mahtavan sosiaalisen verkoston ja elinik\u00e4isi\u00e4 yst\u00e4vi\u00e4.<\/p>\n<p>Viikkokokouksissa ( n. tunti) viemme asioita eteenp\u00e4in ja kuulemme ajankohtaisia esitelmi\u00e4.<\/p>\n<p>[\/et_pb_text][et_pb_video src=&#8221;https:\/\/youtu.be\/t_WtH-RTagQ&#8221; _builder_version=&#8221;4.0.6&#8243;][\/et_pb_video][et_pb_code _builder_version=&#8221;4.0.6&#8243;][\/et_pb_code][\/et_pb_column][\/et_pb_row][et_pb_row custom_padding_last_edited=&#8221;on|phone&#8221; _builder_version=&#8221;3.25&#8243; custom_padding_tablet=&#8221;&#8221; custom_padding_phone=&#8221;&#8221;][et_pb_column type=&#8221;4_4&#8243; _builder_version=&#8221;3.25&#8243; custom_padding=&#8221;|||&#8221; custom_padding__hover=&#8221;|||&#8221;][et_pb_text admin_label=&#8221;Mit\u00e4 teemme -otsikko&#8221; _builder_version=&#8221;3.27.4&#8243; text_orientation=&#8221;center&#8221;]<\/p>\n<h1>Mit\u00e4 teemme<\/h1>\n<p>[\/et_pb_text][et_pb_text _builder_version=&#8221;4.4.1&#8243;]<\/p>\n<p><strong>Pandemian aikana emme voi kokoontua fyysisesti, joten varsin monet klubit kokoontuvat et\u00e4n\u00e4 hy\u00f6dynt\u00e4en erilaisia nettikokousalustoja.\u00a0<\/strong><b style=\"font-size: 16px\"><a href=\"https:\/\/docs.google.com\/spreadsheets\/d\/1WnO9WxYesFhB6j0-7CLxtOsP5TGGaHotUfxL1ni6DYA\/edit#gid=0\" title=\"D 1400 et\u00e4kokouskalenteri\" target=\"_blank\" rel=\"noopener noreferrer\">T\u00e4st\u00e4<\/a> n\u00e4et listan alueemme klubien tulevista et\u00e4kokouksista.<br \/>Vieraile niiss\u00e4, osallistu ja keskustele.<\/b><\/p>\n<p>[\/et_pb_text][et_pb_text _builder_version=&#8221;4.0.6&#8243;]<\/p>\n<p>Rotareilla on paikallisia palveluprojekteja ja yhdess\u00e4 toisten klubien kanssa my\u00f6s kansainv\u00e4lisi\u00e4 projekteja, joilla halutaan vaikuttaa t\u00e4m\u00e4n p\u00e4iv\u00e4n akuutteihin haasteisiin. Rotarina sinulla on mahdollisuus toimia ja vaikuttaa sek\u00e4 kasvaa ja kehitty\u00e4 ihmisen\u00e4. Samalla saat mahtavan sosiaalisen verkoston ja elinik\u00e4isi\u00e4 yst\u00e4vi\u00e4.<\/p>\n<p>Viikkokokouksissa ( n. tunti) viemme asioita eteenp\u00e4in ja kuulemme ajankohtaisia esitelmi\u00e4.<\/p>\n<p>[\/et_pb_text][et_pb_video src=&#8221;https:\/\/youtu.be\/t_WtH-RTagQ&#8221; _builder_version=&#8221;4.0.6&#8243;][\/et_pb_video][et_pb_code _builder_version=&#8221;4.0.6&#8243;][\/et_pb_code][\/et_pb_column][\/et_pb_row][et_pb_row _builder_version=&#8221;4.0.6&#8243;][et_pb_column type=&#8221;4_4&#8243; _builder_version=&#8221;4.0.6&#8243;][et_pb_video _builder_version=&#8221;4.0.6&#8243;][\/et_pb_video][\/et_pb_column][\/et_pb_row][et_pb_row _builder_version=&#8221;4.0.6&#8243;][et_pb_column type=&#8221;4_4&#8243; _builder_version=&#8221;4.0.6&#8243;][et_pb_code _builder_version=&#8221;4.0.6&#8243;][\/et_pb_code][\/et_pb_column][\/et_pb_row][\/et_pb_section][et_pb_section fb_built=&#8221;1&#8243; _builder_version=&#8221;4.0.6&#8243;][et_pb_row _builder_version=&#8221;4.0.6&#8243;][et_pb_column type=&#8221;4_4&#8243; _builder_version=&#8221;4.0.6&#8243;][et_pb_code _builder_version=&#8221;4.0.6&#8243;][\/et_pb_code][\/et_pb_column][\/et_pb_row][\/et_pb_section]<\/p>\n","protected":false},"excerpt":{"rendered":"<p>Toiminta klubeissaMit\u00e4 teemme Pandemian aikana emme voi kokoontua fyysisesti, joten varsin monet klubit kokoontuvat et\u00e4n\u00e4 hy\u00f6dynt\u00e4en erilaisia nettikokousalustoja.\u00a0T\u00e4st\u00e4 n\u00e4et listan alueemme klubien tulevista et\u00e4kokouksista.Vieraile niiss\u00e4, osallistu ja keskustele.Katso t\u00e4st\u00e4 tiivis esitys erilaisista et\u00e4kokousalustoista. Rotareilla on paikallisia palveluprojekteja ja yhdess\u00e4 toisten klubien kanssa my\u00f6s kansainv\u00e4lisi\u00e4 projekteja, joilla halutaan vaikuttaa t\u00e4m\u00e4n p\u00e4iv\u00e4n akuutteihin haasteisiin. Rotarina sinulla on [&hellip;]<\/p>\n","protected":false},"author":1,"featured_media":0,"parent":0,"menu_order":2,"comment_status":"closed","ping_status":"closed","template":"","meta":{"_acf_changed":false,"_et_pb_use_builder":"on","_et_pb_old_content":"","_et_gb_content_width":"","footnotes":""},"class_list":["post-656","page","type-page","status-publish","hentry"],"acf":[],"yoast_head":"<!-- This site is optimized with the Yoast SEO plugin v27.0 - https:\/\/yoast.com\/product\/yoast-seo-wordpress\/ -->\n<title>Mit\u00e4 teemme - Piiri 1400<\/title>\n<meta name=\"robots\" content=\"index, follow, max-snippet:-1, max-image-preview:large, max-video-preview:-1\" \/>\n<link rel=\"canonical\" href=\"https:\/\/rotary.fi\/d1400\/mita-teemme\/\" \/>\n<meta property=\"og:locale\" content=\"fi_FI\" \/>\n<meta property=\"og:type\" content=\"article\" \/>\n<meta property=\"og:title\" content=\"Mit\u00e4 teemme - Piiri 1400\" \/>\n<meta property=\"og:description\" content=\"Toiminta klubeissaMit\u00e4 teemme Pandemian aikana emme voi kokoontua fyysisesti, joten varsin monet klubit kokoontuvat et\u00e4n\u00e4 hy\u00f6dynt\u00e4en erilaisia nettikokousalustoja.\u00a0T\u00e4st\u00e4 n\u00e4et listan alueemme klubien tulevista et\u00e4kokouksista.Vieraile niiss\u00e4, osallistu ja keskustele.Katso t\u00e4st\u00e4 tiivis esitys erilaisista et\u00e4kokousalustoista. Rotareilla on paikallisia palveluprojekteja ja yhdess\u00e4 toisten klubien kanssa my\u00f6s kansainv\u00e4lisi\u00e4 projekteja, joilla halutaan vaikuttaa t\u00e4m\u00e4n p\u00e4iv\u00e4n akuutteihin haasteisiin. Rotarina sinulla on [&hellip;]\" \/>\n<meta property=\"og:url\" content=\"https:\/\/rotary.fi\/d1400\/mita-teemme\/\" \/>\n<meta property=\"og:site_name\" content=\"Piiri 1400\" \/>\n<meta property=\"article:publisher\" content=\"https:\/\/www.facebook.com\/rotary\/\" \/>\n<meta property=\"article:modified_time\" content=\"2020-05-16T10:52:14+00:00\" \/>\n<meta name=\"twitter:card\" content=\"summary_large_image\" \/>\n<meta name=\"twitter:label1\" content=\"Arvioitu lukuaika\" \/>\n\t<meta name=\"twitter:data1\" content=\"3 minuuttia\" \/>\n<script type=\"application\/ld+json\" class=\"yoast-schema-graph\">{\"@context\":\"https:\/\/schema.org\",\"@graph\":[{\"@type\":\"WebPage\",\"@id\":\"https:\/\/rotary.fi\/d1400\/mita-teemme\/\",\"url\":\"https:\/\/rotary.fi\/d1400\/mita-teemme\/\",\"name\":\"Mit\u00e4 teemme - Piiri 1400\",\"isPartOf\":{\"@id\":\"https:\/\/rotary.fi\/d1400\/#website\"},\"datePublished\":\"2018-04-09T11:41:22+00:00\",\"dateModified\":\"2020-05-16T10:52:14+00:00\",\"breadcrumb\":{\"@id\":\"https:\/\/rotary.fi\/d1400\/mita-teemme\/#breadcrumb\"},\"inLanguage\":\"fi\",\"potentialAction\":[{\"@type\":\"ReadAction\",\"target\":[\"https:\/\/rotary.fi\/d1400\/mita-teemme\/\"]}]},{\"@type\":\"BreadcrumbList\",\"@id\":\"https:\/\/rotary.fi\/d1400\/mita-teemme\/#breadcrumb\",\"itemListElement\":[{\"@type\":\"ListItem\",\"position\":1,\"name\":\"Home\",\"item\":\"https:\/\/rotary.fi\/d1400\/\"},{\"@type\":\"ListItem\",\"position\":2,\"name\":\"Mit\u00e4 teemme\"}]},{\"@type\":\"WebSite\",\"@id\":\"https:\/\/rotary.fi\/d1400\/#website\",\"url\":\"https:\/\/rotary.fi\/d1400\/\",\"name\":\"Piiri 1400\",\"description\":\"Suomen Rotary\",\"potentialAction\":[{\"@type\":\"SearchAction\",\"target\":{\"@type\":\"EntryPoint\",\"urlTemplate\":\"https:\/\/rotary.fi\/d1400\/?s={search_term_string}\"},\"query-input\":{\"@type\":\"PropertyValueSpecification\",\"valueRequired\":true,\"valueName\":\"search_term_string\"}}],\"inLanguage\":\"fi\"}]}<\/script>\n<!-- \/ Yoast SEO plugin. -->","yoast_head_json":{"title":"Mit\u00e4 teemme - Piiri 1400","robots":{"index":"index","follow":"follow","max-snippet":"max-snippet:-1","max-image-preview":"max-image-preview:large","max-video-preview":"max-video-preview:-1"},"canonical":"https:\/\/rotary.fi\/d1400\/mita-teemme\/","og_locale":"fi_FI","og_type":"article","og_title":"Mit\u00e4 teemme - Piiri 1400","og_description":"Toiminta klubeissaMit\u00e4 teemme Pandemian aikana emme voi kokoontua fyysisesti, joten varsin monet klubit kokoontuvat et\u00e4n\u00e4 hy\u00f6dynt\u00e4en erilaisia nettikokousalustoja.\u00a0T\u00e4st\u00e4 n\u00e4et listan alueemme klubien tulevista et\u00e4kokouksista.Vieraile niiss\u00e4, osallistu ja keskustele.Katso t\u00e4st\u00e4 tiivis esitys erilaisista et\u00e4kokousalustoista. Rotareilla on paikallisia palveluprojekteja ja yhdess\u00e4 toisten klubien kanssa my\u00f6s kansainv\u00e4lisi\u00e4 projekteja, joilla halutaan vaikuttaa t\u00e4m\u00e4n p\u00e4iv\u00e4n akuutteihin haasteisiin. Rotarina sinulla on [&hellip;]","og_url":"https:\/\/rotary.fi\/d1400\/mita-teemme\/","og_site_name":"Piiri 1400","article_publisher":"https:\/\/www.facebook.com\/rotary\/","article_modified_time":"2020-05-16T10:52:14+00:00","twitter_card":"summary_large_image","twitter_misc":{"Arvioitu lukuaika":"3 minuuttia"},"schema":{"@context":"https:\/\/schema.org","@graph":[{"@type":"WebPage","@id":"https:\/\/rotary.fi\/d1400\/mita-teemme\/","url":"https:\/\/rotary.fi\/d1400\/mita-teemme\/","name":"Mit\u00e4 teemme - Piiri 1400","isPartOf":{"@id":"https:\/\/rotary.fi\/d1400\/#website"},"datePublished":"2018-04-09T11:41:22+00:00","dateModified":"2020-05-16T10:52:14+00:00","breadcrumb":{"@id":"https:\/\/rotary.fi\/d1400\/mita-teemme\/#breadcrumb"},"inLanguage":"fi","potentialAction":[{"@type":"ReadAction","target":["https:\/\/rotary.fi\/d1400\/mita-teemme\/"]}]},{"@type":"BreadcrumbList","@id":"https:\/\/rotary.fi\/d1400\/mita-teemme\/#breadcrumb","itemListElement":[{"@type":"ListItem","position":1,"name":"Home","item":"https:\/\/rotary.fi\/d1400\/"},{"@type":"ListItem","position":2,"name":"Mit\u00e4 teemme"}]},{"@type":"WebSite","@id":"https:\/\/rotary.fi\/d1400\/#website","url":"https:\/\/rotary.fi\/d1400\/","name":"Piiri 1400","description":"Suomen Rotary","potentialAction":[{"@type":"SearchAction","target":{"@type":"EntryPoint","urlTemplate":"https:\/\/rotary.fi\/d1400\/?s={search_term_string}"},"query-input":{"@type":"PropertyValueSpecification","valueRequired":true,"valueName":"search_term_string"}}],"inLanguage":"fi"}]}},"lang":"fi","translations":{"fi":656,"en":2904},"pll_sync_post":[],"_links":{"self":[{"href":"https:\/\/rotary.fi\/d1400\/wp-json\/wp\/v2\/pages\/656","targetHints":{"allow":["GET"]}}],"collection":[{"href":"https:\/\/rotary.fi\/d1400\/wp-json\/wp\/v2\/pages"}],"about":[{"href":"https:\/\/rotary.fi\/d1400\/wp-json\/wp\/v2\/types\/page"}],"author":[{"embeddable":true,"href":"https:\/\/rotary.fi\/d1400\/wp-json\/wp\/v2\/users\/1"}],"replies":[{"embeddable":true,"href":"https:\/\/rotary.fi\/d1400\/wp-json\/wp\/v2\/comments?post=656"}],"version-history":[{"count":21,"href":"https:\/\/rotary.fi\/d1400\/wp-json\/wp\/v2\/pages\/656\/revisions"}],"predecessor-version":[{"id":4587,"href":"https:\/\/rotary.fi\/d1400\/wp-json\/wp\/v2\/pages\/656\/revisions\/4587"}],"wp:attachment":[{"href":"https:\/\/rotary.fi\/d1400\/wp-json\/wp\/v2\/media?parent=656"}],"curies":[{"name":"wp","href":"https:\/\/api.w.org\/{rel}","templated":true}]}}