{"id":4317,"date":"2019-12-11T11:32:03","date_gmt":"2019-12-11T09:32:03","guid":{"rendered":"https:\/\/rotary.fi\/d1400\/?page_id=4317"},"modified":"2020-01-11T19:45:51","modified_gmt":"2020-01-11T17:45:51","slug":"uusien-jasenten-hankinta-ja-perehdyttaminen","status":"publish","type":"page","link":"https:\/\/rotary.fi\/d1400\/uusien-jasenten-hankinta-ja-perehdyttaminen\/","title":{"rendered":"Uusien j\u00e4senten hankinta ja perehdytt\u00e4minen"},"content":{"rendered":"<p>[et_pb_section fb_built=&#8221;1&#8243; _builder_version=&#8221;3.22&#8243;][et_pb_row _builder_version=&#8221;4.0.8&#8243; custom_padding=&#8221;||0px|||&#8221;][et_pb_column type=&#8221;4_4&#8243; _builder_version=&#8221;4.0.8&#8243;][et_pb_text admin_label=&#8221;P\u00e4\u00e4otsikko&#8221; _builder_version=&#8221;4.0.8&#8243; header_font_size=&#8221;46px&#8221; header_letter_spacing=&#8221;-1px&#8221; header_line_height=&#8221;1.8em&#8221; header_4_font_size=&#8221;16px&#8221; header_4_line_height=&#8221;1.4em&#8221;]<\/p>\n<h1><span style=\"font-size: xx-large\">Uusien j\u00e4senten hankinta ja perehdytt\u00e4minen<\/span><\/h1>\n<p>[\/et_pb_text][et_pb_text admin_label=&#8221;Ingressi&#8221; _builder_version=&#8221;4.0.8&#8243; header_font_size=&#8221;46px&#8221; header_letter_spacing=&#8221;-1px&#8221; header_line_height=&#8221;1.8em&#8221; header_4_font_size=&#8221;16px&#8221; header_4_line_height=&#8221;1.4em&#8221;]<\/p>\n<h4><span style=\"font-size: large\">Tutkimusten mukaan meill\u00e4 on keskim\u00e4\u00e4rin 300 tuttavuutta &#8211; he voivat olla sukulaisia, naapureita,\u00a0ty\u00f6kavereita, asiakaspalvelijoita tai tunnet heid\u00e4t harrastusten kautta jne.\u00a0<\/span><\/h4>\n<p>Ymp\u00e4rill\u00e4si on siis lukuisia mukavia ihmisi\u00e4, jotka voisivat soveltua mainiosti mukaan joukkoomme, mutta et ehk\u00e4 ole osannut ajatella heit\u00e4 mahdollisina rotareina.\u00a0<span style=\"font-size: 16px\">Mit\u00e4s jos ottaisit puhelimen k\u00e4teen ja soittaisit muutamalle tutulle kaverille tai yst\u00e4v\u00e4lle ja pyyt\u00e4isit heit\u00e4 mukaan klubin j\u00e4rjest\u00e4m\u00e4\u00e4n infotilaisuuteen tai vierailulle klubikokoukse<\/span><span style=\"font-size: 16px\">en kuulostelemaan, millaista toimintamme on<\/span><span style=\"font-size: 16px\">. T\u00e4m\u00e4 on paras mahdollinen tapa rekrytointoida uusia j\u00e4seni\u00e4.<\/span><\/p>\n<p><span style=\"font-size: 16px\"><strong>Alla on kaksi oivallista opasta klubeille:<\/strong><\/span><\/p>\n<p><span style=\"font-size: 16px\"><span style=\"color: #019fcb\"><strong>J\u00e4senkehityksen vahvistaminen<\/strong><\/span> opastaa laatimaan suunnitelman ja opastaa\u00a0potentiaalisten j\u00e4senten hankkimiseen.<br \/> <span style=\"color: #019fcb\"><strong>Uusien j\u00e4senten perehdytt\u00e4mine<\/strong><\/span>n on olennaisen t\u00e4rke\u00e4t\u00e4, jotta h\u00e4n saa alusta alkaen monipuolisen kuvan toiminnastamme &#8211; maailmanlaajuisesti ja paikallisesti.<\/span><\/p>\n<div>\n<div><\/div>\n<\/div>\n<div align=\"center\"><\/div>\n<div><\/div>\n<div>\n<div><\/div>\n<\/div>\n<div align=\"center\"><\/div>\n<p>[\/et_pb_text][\/et_pb_column][\/et_pb_row][et_pb_row column_structure=&#8221;1_2,1_2&#8243; _builder_version=&#8221;4.0.8&#8243; background_size=&#8221;initial&#8221; background_position=&#8221;top_left&#8221; background_repeat=&#8221;repeat&#8221;][et_pb_column type=&#8221;1_2&#8243; _builder_version=&#8221;4.0.8&#8243; custom_padding=&#8221;12px||||false|false&#8221; custom_padding__hover=&#8221;|||&#8221;][et_pb_blurb title=&#8221;J\u00e4senkehityksen vahvistaminen&#8221; url_new_window=&#8221;on&#8221; image=&#8221;https:\/\/rotary.fi\/d1400\/wp-content\/uploads\/sites\/174\/2019\/12\/opas-jacc88senkehityksestacc88.jpg&#8221; icon_placement_tablet=&#8221;&#8221; icon_placement_phone=&#8221;&#8221; icon_placement_last_edited=&#8221;on|desktop&#8221; admin_label=&#8221;J\u00e4senkehityksen vahvistaminen&#8221; _builder_version=&#8221;4.0.8&#8243; header_font=&#8221;|600|||||||&#8221; header_text_align=&#8221;center&#8221; header_font_size=&#8221;26px&#8221; header_line_height=&#8221;2em&#8221; body_text_align=&#8221;center&#8221; body_font_size=&#8221;18px&#8221; body_line_height=&#8221;1.2em&#8221; background_color=&#8221;rgba(101,138,158,0.48)&#8221; transform_scale=&#8221;93%|93%&#8221; text_orientation=&#8221;center&#8221; custom_margin=&#8221;-66px|10px||10px|false|false&#8221; custom_padding=&#8221;54px||13px||false|false&#8221; link_option_url_new_window=&#8221;on&#8221; border_radii=&#8221;on|14px|14px|14px|14px&#8221; border_color_right_image=&#8221;#0c3c7c&#8221; border_style_right_image=&#8221;inset&#8221; box_shadow_style=&#8221;preset6&#8243; box_shadow_horizontal=&#8221;-5px&#8221; box_shadow_vertical=&#8221;5px&#8221; box_shadow_blur=&#8221;29px&#8221; box_shadow_style_image=&#8221;preset3&#8243; box_shadow_horizontal_image=&#8221;21px&#8221;]<\/p>\n<p lang=\"x-size-13\">Oppaan avulla klubit voivat laatia menestyksellisen j\u00e4senkehityssuunnitelman.<\/p>\n<p class=\"size-13\" lang=\"x-size-13\"><a href='https:\/\/www.dropbox.com\/s\/kh5ie5b3rxq6m3o\/J%C3%A4senkehityksen-vahvistaminen.pdf?dl=0' class='big-button bigorange' target=\"_blank\">Lataa opas<\/a><\/p>\n<p>[\/et_pb_blurb][\/et_pb_column][et_pb_column type=&#8221;1_2&#8243; _builder_version=&#8221;3.25&#8243; custom_padding=&#8221;|||&#8221; custom_padding__hover=&#8221;|||&#8221;][et_pb_blurb title=&#8221;Uusien j\u00e4senten perehdytt\u00e4minen&#8221; image=&#8221;https:\/\/rotary.fi\/d1400\/wp-content\/uploads\/sites\/174\/2019\/12\/opas-perehdyttacc88misestacc88-e1575990701225.jpg&#8221; content_max_width=&#8221;554px&#8221; icon_placement_tablet=&#8221;&#8221; icon_placement_phone=&#8221;&#8221; icon_placement_last_edited=&#8221;on|desktop&#8221; admin_label=&#8221;Uusien j\u00e4senten perehdytt\u00e4minen&#8221; _builder_version=&#8221;4.0.8&#8243; header_font=&#8221;|600|||||||&#8221; header_text_align=&#8221;center&#8221; header_font_size=&#8221;26px&#8221; header_line_height=&#8221;2em&#8221; body_text_align=&#8221;center&#8221; body_font_size=&#8221;18px&#8221; body_line_height=&#8221;1.2em&#8221; background_color=&#8221;rgba(101,138,158,0.48)&#8221; transform_scale=&#8221;93%|93%&#8221; text_orientation=&#8221;center&#8221; custom_margin=&#8221;-51px|10px||10px|false|false&#8221; custom_padding=&#8221;56px||126px||false|false&#8221; border_radii=&#8221;on|14px|14px|14px|14px&#8221; border_color_right_image=&#8221;#0c3c7c&#8221; border_style_right_image=&#8221;inset&#8221; box_shadow_style=&#8221;preset6&#8243; box_shadow_horizontal=&#8221;-5px&#8221; box_shadow_vertical=&#8221;5px&#8221; box_shadow_blur=&#8221;29px&#8221; box_shadow_style_image=&#8221;preset3&#8243; box_shadow_horizontal_image=&#8221;21px&#8221;]<\/p>\n<p class=\"size-13\" lang=\"x-size-13\"><span style=\"font-size: medium\">\u00a0Uudet j\u00e4senet tarvitsevat asiallista tietoa toiminnasta valmiiksi pureksitussa ja tiiviiss\u00e4 muodossa.<\/span><\/p>\n<p class=\"size-13\" lang=\"x-size-13\"><span style=\"font-size: medium\"><a class=\"big-button bigorange\" href=\"https:\/\/www.dropbox.com\/s\/2y2kbq8b9tpecte\/Uusien-j%C3%A4senten-perehdytt%C3%A4minen.pdf?dl=0\" target=\"_blank\" rel=\"noopener noreferrer\">Lataa opas<\/a><\/span><\/p>\n<p class=\"size-13\" lang=\"x-size-13\">[\/et_pb_blurb][\/et_pb_column][\/et_pb_row][et_pb_row _builder_version=&#8221;4.0.8&#8243;][et_pb_column type=&#8221;4_4&#8243; _builder_version=&#8221;4.0.8&#8243;][et_pb_text _builder_version=&#8221;4.0.8&#8243;]<\/p>\n<h4 class=\"size-13\">Uusi j\u00e4senyysmuoto &#8211; yritysj\u00e4senyys &#8211;\u00a0on her\u00e4tt\u00e4nyt runsaasti kiinnostusta<\/h4>\n<p>&nbsp;<\/p>\n<h5 class=\"size-13\"><strong>Miten se toimii ja ja miten sit\u00e4 toteutetaan?<\/strong><\/h5>\n<p class=\"size-13\" lang=\"x-size-13\"><strong>Yritysj\u00e4senyys\u00a0avaa klubeille aivan uusia mahdollisuuksia hankkia uusia j\u00e4seni\u00e4.\u00a0<\/strong>Yritykset voivat hy\u00f6ty\u00e4 voidessaan l\u00e4hett\u00e4\u00e4 henkil\u00f6kuntaansa paikallisiin rotaryklubeihin k.ontaktoitumaan paikkakunnan eri alojen toimijoihin. T\u00e4m\u00e4h\u00e4n on yrityksille luonteva tapa &#8221;ajaa sis\u00e4\u00e4n ja juurruttaa yst\u00e4v\u00e4piireihin&#8221; uusia, vasta paikkakunnalle muuttaneita henkil\u00f6kuntansa j\u00e4seni\u00e4.<br \/>Yritysj\u00e4sen\u00a0voi hy\u00f6dynt\u00e4\u00e4\u00a0verov\u00e4hennysoikeutta mm. j\u00e4senmaksuihin.<\/p>\n<p class=\"size-13\" lang=\"x-size-13\"><strong>Lis\u00e4tietoa aiheesta:<\/strong><br \/><a href=\"https:\/\/turbiiniryhmoy.createsend1.com\/t\/j-l-cqtidk-tybhttkli-x\/\">Etsi MyRotarysta<\/a>\u00a0mm. hakusanoilla: \u00a0\u201cGuide to Corporate Membership\u201d, \u201cCorporate Membership: Making the offer\u201d ja Corporate Membership: Sample Bylaws.<\/p>\n<p class=\"size-13\" lang=\"x-size-13\">Helpoimmin tiedot l\u00f6ytyv\u00e4t googlaamalla n\u00e4it\u00e4 hakusanoja, jolloin p\u00e4\u00e4set suoraan tiedostoihin. Ne ovat englanninkielisi\u00e4, mutta kyll\u00e4 niist\u00e4 k\u00e4\u00e4nt\u00e4m\u00e4ll\u00e4kin saa k\u00e4sityksen siit\u00e4, mist\u00e4 yritysj\u00e4senyydess\u00e4 on kysymys.<\/p>\n<p>[\/et_pb_text][\/et_pb_column][\/et_pb_row][\/et_pb_section]<\/p>\n","protected":false},"excerpt":{"rendered":"<p>Uusien j\u00e4senten hankinta ja perehdytt\u00e4minenTutkimusten mukaan meill\u00e4 on keskim\u00e4\u00e4rin 300 tuttavuutta &#8211; he voivat olla sukulaisia, naapureita,\u00a0ty\u00f6kavereita, asiakaspalvelijoita tai tunnet heid\u00e4t harrastusten kautta jne.\u00a0 Ymp\u00e4rill\u00e4si on siis lukuisia mukavia ihmisi\u00e4, jotka voisivat soveltua mainiosti mukaan joukkoomme, mutta et ehk\u00e4 ole osannut ajatella heit\u00e4 mahdollisina rotareina.\u00a0Mit\u00e4s jos ottaisit puhelimen k\u00e4teen ja soittaisit muutamalle tutulle kaverille tai [&hellip;]<\/p>\n","protected":false},"author":312,"featured_media":0,"parent":0,"menu_order":0,"comment_status":"closed","ping_status":"closed","template":"","meta":{"_acf_changed":false,"_et_pb_use_builder":"on","_et_pb_old_content":"<h3>Er\u00e4\u00e4n tutkimuksen mukaan jokaisella meist\u00e4 on keskim\u00e4\u00e4rin 300 tuttavuutta<\/h3><p><strong>Tunnemme siis lukuisia mukavia ihmisi\u00e4, jotka soveltuisivat mainiosti mukaan joukkoomme, mutta emme ehk\u00e4 ole osanneet ajatella heit\u00e4 mahdollisina rotareina.<\/strong><\/p><div><div><p class=\"size-14\" lang=\"x-size-14\"><strong>Viikkokousten esitelm\u00e4t on hyv\u00e4 markkinointikeino<br \/>Mit\u00e4s jos ottaisit puhelimen k\u00e4teen ja soittaisit muutamalle tutulle kaverille tai yst\u00e4v\u00e4lle ja pyyt\u00e4isit heit\u00e4 mukaan info-tilaisuuteen tai vierailulle klubikokoukseen.<br \/><\/strong><\/p><p class=\"size-13\" lang=\"x-size-13\">Kun klubiin on tulossa erityisen kiinnostava esitelm\u00e4, laittakaa siit\u00e4 kutsua ja mainosta sek\u00e4 piirin sivuille ett\u00e4 s\u00e4hk\u00f6postilla naapuriklubeille. Er\u00e4\u00e4n klubin presidentti kertoi pienen viikkokokousten osanottajam\u00e4\u00e4r\u00e4n olevan syy siihen, ettei kehtaa niin pienelle porukalle pyyt\u00e4\u00e4 ns. huippuvierasta pit\u00e4m\u00e4\u00e4n esitelm\u00e4\u00e4. Totesin h\u00e4nelle, ett\u00e4 juuri siksi pit\u00e4isikin l\u00e4hett\u00e4\u00e4 tietoa tulevasta erityisen mielenkiintoisesta esitelm\u00e4st\u00e4 toisillekin klubeille ja pyyt\u00e4\u00e4 samalla mahdollisimman moni rotari tuomaan tuttaviaan vieraiksi klubikokoukseen. T\u00e4m\u00e4h\u00e4n on paras mahdollinen rekrytointimahdollisuus.<\/p><\/div><\/div><div align=\"center\">\u00a0<\/div><div class=\"layout one-col fixed-width\"><div class=\"layout__inner\"><div class=\"column\"><div><div><p><strong>T\u00e4st\u00e4 saat oivallista tietoa j\u00e4senhankinnasta ja j\u00e4senhuollosta sek\u00e4 RI:n presidentin Mark Maloneyn viestin j\u00e4senyydest\u00e4.<\/strong><\/p><\/div><\/div><\/div><\/div><\/div><div><p><strong>Erinomainen opas pakattuna tiiviiseen muotoon.<\/strong><\/p><p class=\"size-13\" lang=\"x-size-13\"><strong>J\u00e4senkehityksen vahvistaminen<\/strong><br \/>Oppaan avulla klubit voivat laatia menestyksellisen j\u00e4senkehityssuunnitelman.<\/p><p class=\"size-13\" lang=\"x-size-13\"><a href=\"https:\/\/turbiiniryhmoy.createsend1.com\/t\/j-l-mhrjiil-tybhttkld-r\/\">T\u00e4ss\u00e4 linkki opukseen.<\/a><\/p><\/div><p><strong>Toinen erinomainen opas klubeille<\/strong><\/p><p class=\"size-13\" lang=\"x-size-13\"><strong>Uusien j\u00e4senten perehdytt\u00e4minen<\/strong><br \/>Uudet j\u00e4senet tarvitsevat asiallista tietoa rotarytoiminnasta valmiiksi pureksitussa ja tiiviiss\u00e4, motivoivassa muodossa. T\u00e4ss\u00e4 ne ovat tarjolla hy\u00f6dyllisen\u00e4 ohjeistona.<\/p><p class=\"size-13\" lang=\"x-size-13\"><a href=\"https:\/\/turbiiniryhmoy.createsend1.com\/t\/j-l-mhrjiil-tybhttkld-y\/\">T\u00e4ss\u00e4 linkki opukseen.<\/a><\/p><p><strong>T\u00e4ll\u00e4 videolla\u00a0RI Presidentin\u00a0Mark Daniel Maloneyn ajatuksia j\u00e4senyydest\u00e4<\/strong><\/p><p class=\"size-13\" lang=\"x-size-13\">Grow Rotary - Membership Message from 2019-2020 Rotary President Mark Daniel Maloney<\/p><div><div>\u00a0<\/div><\/div><div align=\"center\">\u00a0<\/div>","_et_gb_content_width":"","footnotes":""},"class_list":["post-4317","page","type-page","status-publish","hentry"],"acf":[],"yoast_head":"<!-- This site is optimized with the Yoast SEO plugin v27.4 - https:\/\/yoast.com\/product\/yoast-seo-wordpress\/ -->\n<title>Uusien j\u00e4senten hankinta ja perehdytt\u00e4minen - Piiri 1400<\/title>\n<meta name=\"description\" content=\"Uudet j\u00e4senet tarvitsevat asiallista tietoa rotarytoiminnasta valmiiksi pureksitussa ja tiiviiss\u00e4, motivoivassa muodossa.\" \/>\n<meta name=\"robots\" content=\"index, follow, max-snippet:-1, max-image-preview:large, max-video-preview:-1\" \/>\n<link rel=\"canonical\" href=\"https:\/\/rotary.fi\/d1400\/uusien-jasenten-hankinta-ja-perehdyttaminen\/\" \/>\n<meta property=\"og:locale\" content=\"fi_FI\" \/>\n<meta property=\"og:type\" content=\"article\" \/>\n<meta property=\"og:title\" content=\"Uusien j\u00e4senten hankinta ja perehdytt\u00e4minen - Piiri 1400\" \/>\n<meta property=\"og:description\" content=\"Uudet j\u00e4senet tarvitsevat asiallista tietoa rotarytoiminnasta valmiiksi pureksitussa ja tiiviiss\u00e4, motivoivassa muodossa.\" \/>\n<meta property=\"og:url\" content=\"https:\/\/rotary.fi\/d1400\/uusien-jasenten-hankinta-ja-perehdyttaminen\/\" \/>\n<meta property=\"og:site_name\" content=\"Piiri 1400\" \/>\n<meta property=\"article:publisher\" content=\"https:\/\/www.facebook.com\/rotary\/\" \/>\n<meta property=\"article:modified_time\" content=\"2020-01-11T17:45:51+00:00\" \/>\n<meta name=\"twitter:card\" content=\"summary_large_image\" \/>\n<meta name=\"twitter:label1\" content=\"Arvioitu lukuaika\" \/>\n\t<meta name=\"twitter:data1\" content=\"4 minuuttia\" \/>\n<script type=\"application\/ld+json\" class=\"yoast-schema-graph\">{\"@context\":\"https:\\\/\\\/schema.org\",\"@graph\":[{\"@type\":\"WebPage\",\"@id\":\"https:\\\/\\\/rotary.fi\\\/d1400\\\/uusien-jasenten-hankinta-ja-perehdyttaminen\\\/\",\"url\":\"https:\\\/\\\/rotary.fi\\\/d1400\\\/uusien-jasenten-hankinta-ja-perehdyttaminen\\\/\",\"name\":\"Uusien j\u00e4senten hankinta ja perehdytt\u00e4minen - Piiri 1400\",\"isPartOf\":{\"@id\":\"https:\\\/\\\/rotary.fi\\\/d1400\\\/#website\"},\"datePublished\":\"2019-12-11T09:32:03+00:00\",\"dateModified\":\"2020-01-11T17:45:51+00:00\",\"description\":\"Uudet j\u00e4senet tarvitsevat asiallista tietoa rotarytoiminnasta valmiiksi pureksitussa ja tiiviiss\u00e4, motivoivassa muodossa.\",\"breadcrumb\":{\"@id\":\"https:\\\/\\\/rotary.fi\\\/d1400\\\/uusien-jasenten-hankinta-ja-perehdyttaminen\\\/#breadcrumb\"},\"inLanguage\":\"fi\",\"potentialAction\":[{\"@type\":\"ReadAction\",\"target\":[\"https:\\\/\\\/rotary.fi\\\/d1400\\\/uusien-jasenten-hankinta-ja-perehdyttaminen\\\/\"]}]},{\"@type\":\"BreadcrumbList\",\"@id\":\"https:\\\/\\\/rotary.fi\\\/d1400\\\/uusien-jasenten-hankinta-ja-perehdyttaminen\\\/#breadcrumb\",\"itemListElement\":[{\"@type\":\"ListItem\",\"position\":1,\"name\":\"Home\",\"item\":\"https:\\\/\\\/rotary.fi\\\/d1400\\\/\"},{\"@type\":\"ListItem\",\"position\":2,\"name\":\"Uusien j\u00e4senten hankinta ja perehdytt\u00e4minen\"}]},{\"@type\":\"WebSite\",\"@id\":\"https:\\\/\\\/rotary.fi\\\/d1400\\\/#website\",\"url\":\"https:\\\/\\\/rotary.fi\\\/d1400\\\/\",\"name\":\"Piiri 1400\",\"description\":\"Suomen Rotary\",\"potentialAction\":[{\"@type\":\"SearchAction\",\"target\":{\"@type\":\"EntryPoint\",\"urlTemplate\":\"https:\\\/\\\/rotary.fi\\\/d1400\\\/?s={search_term_string}\"},\"query-input\":{\"@type\":\"PropertyValueSpecification\",\"valueRequired\":true,\"valueName\":\"search_term_string\"}}],\"inLanguage\":\"fi\"}]}<\/script>\n<!-- \/ Yoast SEO plugin. -->","yoast_head_json":{"title":"Uusien j\u00e4senten hankinta ja perehdytt\u00e4minen - Piiri 1400","description":"Uudet j\u00e4senet tarvitsevat asiallista tietoa rotarytoiminnasta valmiiksi pureksitussa ja tiiviiss\u00e4, motivoivassa muodossa.","robots":{"index":"index","follow":"follow","max-snippet":"max-snippet:-1","max-image-preview":"max-image-preview:large","max-video-preview":"max-video-preview:-1"},"canonical":"https:\/\/rotary.fi\/d1400\/uusien-jasenten-hankinta-ja-perehdyttaminen\/","og_locale":"fi_FI","og_type":"article","og_title":"Uusien j\u00e4senten hankinta ja perehdytt\u00e4minen - Piiri 1400","og_description":"Uudet j\u00e4senet tarvitsevat asiallista tietoa rotarytoiminnasta valmiiksi pureksitussa ja tiiviiss\u00e4, motivoivassa muodossa.","og_url":"https:\/\/rotary.fi\/d1400\/uusien-jasenten-hankinta-ja-perehdyttaminen\/","og_site_name":"Piiri 1400","article_publisher":"https:\/\/www.facebook.com\/rotary\/","article_modified_time":"2020-01-11T17:45:51+00:00","twitter_card":"summary_large_image","twitter_misc":{"Arvioitu lukuaika":"4 minuuttia"},"schema":{"@context":"https:\/\/schema.org","@graph":[{"@type":"WebPage","@id":"https:\/\/rotary.fi\/d1400\/uusien-jasenten-hankinta-ja-perehdyttaminen\/","url":"https:\/\/rotary.fi\/d1400\/uusien-jasenten-hankinta-ja-perehdyttaminen\/","name":"Uusien j\u00e4senten hankinta ja perehdytt\u00e4minen - Piiri 1400","isPartOf":{"@id":"https:\/\/rotary.fi\/d1400\/#website"},"datePublished":"2019-12-11T09:32:03+00:00","dateModified":"2020-01-11T17:45:51+00:00","description":"Uudet j\u00e4senet tarvitsevat asiallista tietoa rotarytoiminnasta valmiiksi pureksitussa ja tiiviiss\u00e4, motivoivassa muodossa.","breadcrumb":{"@id":"https:\/\/rotary.fi\/d1400\/uusien-jasenten-hankinta-ja-perehdyttaminen\/#breadcrumb"},"inLanguage":"fi","potentialAction":[{"@type":"ReadAction","target":["https:\/\/rotary.fi\/d1400\/uusien-jasenten-hankinta-ja-perehdyttaminen\/"]}]},{"@type":"BreadcrumbList","@id":"https:\/\/rotary.fi\/d1400\/uusien-jasenten-hankinta-ja-perehdyttaminen\/#breadcrumb","itemListElement":[{"@type":"ListItem","position":1,"name":"Home","item":"https:\/\/rotary.fi\/d1400\/"},{"@type":"ListItem","position":2,"name":"Uusien j\u00e4senten hankinta ja perehdytt\u00e4minen"}]},{"@type":"WebSite","@id":"https:\/\/rotary.fi\/d1400\/#website","url":"https:\/\/rotary.fi\/d1400\/","name":"Piiri 1400","description":"Suomen Rotary","potentialAction":[{"@type":"SearchAction","target":{"@type":"EntryPoint","urlTemplate":"https:\/\/rotary.fi\/d1400\/?s={search_term_string}"},"query-input":{"@type":"PropertyValueSpecification","valueRequired":true,"valueName":"search_term_string"}}],"inLanguage":"fi"}]}},"lang":"fi","translations":{"fi":4317},"pll_sync_post":[],"_links":{"self":[{"href":"https:\/\/rotary.fi\/d1400\/wp-json\/wp\/v2\/pages\/4317","targetHints":{"allow":["GET"]}}],"collection":[{"href":"https:\/\/rotary.fi\/d1400\/wp-json\/wp\/v2\/pages"}],"about":[{"href":"https:\/\/rotary.fi\/d1400\/wp-json\/wp\/v2\/types\/page"}],"author":[{"embeddable":true,"href":"https:\/\/rotary.fi\/d1400\/wp-json\/wp\/v2\/users\/312"}],"replies":[{"embeddable":true,"href":"https:\/\/rotary.fi\/d1400\/wp-json\/wp\/v2\/comments?post=4317"}],"version-history":[{"count":60,"href":"https:\/\/rotary.fi\/d1400\/wp-json\/wp\/v2\/pages\/4317\/revisions"}],"predecessor-version":[{"id":4535,"href":"https:\/\/rotary.fi\/d1400\/wp-json\/wp\/v2\/pages\/4317\/revisions\/4535"}],"wp:attachment":[{"href":"https:\/\/rotary.fi\/d1400\/wp-json\/wp\/v2\/media?parent=4317"}],"curies":[{"name":"wp","href":"https:\/\/api.w.org\/{rel}","templated":true}]}}