{"id":3840,"date":"2019-11-06T15:12:31","date_gmt":"2019-11-06T13:12:31","guid":{"rendered":"https:\/\/rotary.fi\/d1400\/?page_id=3840"},"modified":"2020-03-09T17:07:47","modified_gmt":"2020-03-09T15:07:47","slug":"koulutus-2","status":"publish","type":"page","link":"https:\/\/rotary.fi\/d1400\/koulutus-2\/","title":{"rendered":"Koulutus"},"content":{"rendered":"<p>[et_pb_section fb_built=&#8221;1&#8243; _builder_version=&#8221;4.0.6&#8243;][et_pb_row _builder_version=&#8221;4.0.6&#8243;][et_pb_column type=&#8221;4_4&#8243; _builder_version=&#8221;4.0.6&#8243;][et_pb_image src=&#8221;https:\/\/rotary.fi\/d1400\/wp-content\/uploads\/sites\/174\/2019\/11\/koulutus-banner.jpg&#8221; _builder_version=&#8221;4.0.6&#8243;][\/et_pb_image][et_pb_text _builder_version=&#8221;4.0.8&#8243;]<\/p>\n<h4>Koulutus on merkitt\u00e4v\u00e4 osa rotaritoimintaa<\/h4>\n<p>Toimintavuoden aikana j\u00e4rjestet\u00e4\u00e4n useita merkitt\u00e4vi\u00e4 tapaamisia ja koulutustilaisuuksia, joiden aikana saat todellisen informaatiotykityksen toiminnan ja kehityksen kannalta keskeisist\u00e4 aihekokonaisuuksista.\u00a0T\u00e4llaisia tapahtumia ovat mm. maailmanlaajuiset vuotuiset konventiot sek\u00e4 paikalliset piirikokoukset ja -konferenssit.\u00a0<\/p>\n<p><strong style=\"font-size: 16px\">T\u00e4ll\u00e4 sivulla julkaistaan n\u00e4iss\u00e4 tapahtumissa esiteltyj\u00e4 koulutusaineistoja.<\/strong><\/p>\n<p>[\/et_pb_text][et_pb_text _builder_version=&#8221;4.1&#8243; link_option_url=&#8221;https:\/\/www.dropbox.com\/s\/ilv9vplho3lbznj\/Klubin%20www-sivujen%20rakentamisohjeet.pdf?dl=0&#8243; link_option_url_new_window=&#8221;on&#8221; custom_padding=&#8221;1px|||||&#8221;]<\/p>\n<p><a href=\"https:\/\/www.dropbox.com\/s\/ilv9vplho3lbznj\/Klubin%20www-sivujen%20rakentamisohjeet.pdf?dl=0\">Perusohje klubisivuston rakentamiseen<\/a><\/p>\n<p>&nbsp;<\/p>\n<p>[\/et_pb_text][et_pb_image src=&#8221;https:\/\/rotary.fi\/d1400\/wp-content\/uploads\/sites\/174\/2020\/03\/kuva-www-ohje-klubille.jpg&#8221; _builder_version=&#8221;4.1&#8243; hover_enabled=&#8221;0&#8243; custom_margin=&#8221;-52px|||||&#8221; url=&#8221;https:\/\/www.dropbox.com\/s\/ilv9vplho3lbznj\/Klubin%20www-sivujen%20rakentamisohjeet.pdf?dl=0&#8243; url_new_window=&#8221;on&#8221;][\/et_pb_image][et_pb_image src=&#8221;https:\/\/rotary.fi\/d1400\/wp-content\/uploads\/sites\/174\/2019\/10\/piirikokous-261019-tornio.png&#8221; _builder_version=&#8221;4.0.6&#8243;][\/et_pb_image][et_pb_text _builder_version=&#8221;4.0.6&#8243;]<\/p>\n<h4>Tornion piirikokous 26.10.2019 \u2013 koulutusaineistot<\/h4>\n<p><a href=\"https:\/\/www.dropbox.com\/preview\/PIIRIT\/D1400\/KOULUTUSAINEISTOT\/Koulutusaineistot%20-%20Tornion%20piirikokous%20261019\/S%C3%A4%C3%A4ti%C3%B6koulutuksen%20261019%20ohjelma%20ja%20aikataulut.pdf?role=work\"><strong><span>S\u00e4\u00e4ti\u00f6koulutuksen ohjelma<\/span><\/strong><\/a> \u2013 p\u00e4iv\u00e4n aiheet ja esitysten aikataulu<\/p>\n<p><a href=\"https:\/\/www.dropbox.com\/preview\/PIIRIT\/D1400\/KOULUTUSAINEISTOT\/Koulutusaineistot%20-%20Tornion%20piirikokous%20261019\/Rotarys%C3%A4%C3%A4ti%C3%B6n%20eri%20tukimahdollisuudet.pdf?role=work\"><strong><span>Rotarys\u00e4\u00e4ti\u00f6n eri tukimahdollisuudet<\/span><\/strong><\/a> \/ PDG Leila Risteli<\/p>\n<p><strong><span><a href=\"https:\/\/www.dropbox.com\/preview\/PIIRIT\/D1400\/KOULUTUSAINEISTOT\/Koulutusaineistot%20-%20Tornion%20piirikokous%20261019\/Mist%C3%A4%20Rotarys%C3%A4%C3%A4ti%C3%B6%20saa%20rahansa_261019.pdf?role=work\">Mist\u00e4 Rotarys\u00e4\u00e4ti\u00f6 saa rahansa?<\/a><\/span> \/ <\/strong>RIDE Virpi Honkala \u2013 rahastot, avoimuus, toiminnan raportointi, rahojen k\u00e4yt\u00f6n valvonta<\/p>\n<p><span><a href=\"https:\/\/www.dropbox.com\/preview\/PIIRIT\/D1400\/KOULUTUSAINEISTOT\/Koulutusaineistot%20-%20Tornion%20piirikokous%20261019\/Klubin%20yhteisty%C3%B6sopimus%20Rotarys%C3%A4%C3%A4ti%C3%B6n%20apurahojen%20k%C3%A4yt%C3%B6st%C3%A4.pdf?role=work\"><strong>Klubin yhteisty\u00f6sopimus Rotarys\u00e4\u00e4ti\u00f6n apurahojen k\u00e4yt\u00f6st\u00e4<\/strong><\/a><\/span><\/p>\n<p><strong><a href=\"https:\/\/www.dropbox.com\/preview\/PIIRIT\/D1400\/KOULUTUSAINEISTOT\/Koulutusaineistot%20-%20Tornion%20piirikokous%20261019\/J%C3%A4senyysseminaari.pdf?role=work\"><span>J\u00e4senyysseminaari<\/span> <\/a>\/<\/strong> Eero Pajula \u2013 j\u00e4senm\u00e4\u00e4r\u00e4n kasvutavoitteet \u2013 tuote kuntoon = el\u00e4v\u00e4iset klubit<\/p>\n<p><span><a href=\"https:\/\/www.dropbox.com\/preview\/PIIRIT\/D1400\/KOULUTUSAINEISTOT\/Koulutusaineistot%20-%20Tornion%20piirikokous%20261019\/COL%20-%20s%C3%A4%C3%A4nt%C3%B6valtuuskunnan%20p%C3%A4%C3%A4t%C3%B6ksi%C3%A4%20ja%20ehdotuksia%20ponsiksi%202019.pdf?role=work\"><strong>COL &#8211; s\u00e4\u00e4nt\u00f6valtuuskunnan p\u00e4\u00e4t\u00f6ksi\u00e4 &amp; ehdotuksia ponsiksi 2019 <\/strong><\/a><\/span><strong>\/ <\/strong>RIDE Virpi Honkala<\/p>\n<p><span><a href=\"https:\/\/www.dropbox.com\/preview\/PIIRIT\/D1400\/KOULUTUSAINEISTOT\/Koulutusaineistot%20-%20Tornion%20piirikokous%20261019\/Director%20of%20Rotary%20International%20.pdf?role=work\"><strong>Director of Rotary International<\/strong> <\/a><\/span>\u2013 hallituksen kokoonpano, velvollisuudet, toimenkuva, rooli ja koulutuksen johtaminen<\/p>\n<p><span><a href=\"https:\/\/www.dropbox.com\/preview\/PIIRIT\/D1400\/KOULUTUSAINEISTOT\/Koulutusaineistot%20-%20Tornion%20piirikokous%20261019\/Northern%20Lights%20Institute%20%20RI%20Zones%2017%20%26%2018%20Oulussa%20-%20ennakkomainos.pdf?role=work\"><strong>Northern Lights Institute RI Zones 17 &amp; 18 Oulussa<\/strong><\/a><\/span> \u2013 tapahtuman ennakkomainos 11.-13.9.2020<\/p>\n<p>&nbsp;<\/p>\n<p>[\/et_pb_text][\/et_pb_column][\/et_pb_row][\/et_pb_section][et_pb_section fb_built=&#8221;1&#8243; _builder_version=&#8221;4.1&#8243;][et_pb_row _builder_version=&#8221;4.1&#8243;][et_pb_column _builder_version=&#8221;4.1&#8243; type=&#8221;4_4&#8243;][\/et_pb_column][\/et_pb_row][\/et_pb_section]<\/p>\n","protected":false},"excerpt":{"rendered":"<p>Koulutus on merkitt\u00e4v\u00e4 osa rotaritoimintaa Toimintavuoden aikana j\u00e4rjestet\u00e4\u00e4n useita merkitt\u00e4vi\u00e4 tapaamisia ja koulutustilaisuuksia, joiden aikana saat todellisen informaatiotykityksen toiminnan ja kehityksen kannalta keskeisist\u00e4 aihekokonaisuuksista.\u00a0T\u00e4llaisia tapahtumia ovat mm. maailmanlaajuiset vuotuiset konventiot sek\u00e4 paikalliset piirikokoukset ja -konferenssit.\u00a0 T\u00e4ll\u00e4 sivulla julkaistaan n\u00e4iss\u00e4 tapahtumissa esiteltyj\u00e4 koulutusaineistoja.Perusohje klubisivuston rakentamiseen &nbsp;Tornion piirikokous 26.10.2019 \u2013 koulutusaineistot S\u00e4\u00e4ti\u00f6koulutuksen ohjelma \u2013 p\u00e4iv\u00e4n aiheet ja [&hellip;]<\/p>\n","protected":false},"author":312,"featured_media":3794,"parent":0,"menu_order":0,"comment_status":"open","ping_status":"closed","template":"","meta":{"_acf_changed":false,"_et_pb_use_builder":"on","_et_pb_old_content":"<h2><img class=\"aligncenter size-full wp-image-3794\" src=\"https:\/\/rotary.fi\/d1400\/wp-content\/uploads\/sites\/174\/2019\/11\/testitausta-pyocc88racc88ilijacc88t-1.jpg\" alt=\"\" width=\"1802\" height=\"452\" \/><\/h2>","_et_gb_content_width":"","footnotes":""},"class_list":["post-3840","page","type-page","status-publish","has-post-thumbnail","hentry"],"acf":[],"yoast_head":"<!-- This site is optimized with the Yoast SEO plugin v27.0 - https:\/\/yoast.com\/product\/yoast-seo-wordpress\/ -->\n<title>Koulutus - Piiri 1400<\/title>\n<meta name=\"description\" content=\"Koulutus on merkitt\u00e4v\u00e4 osa rotarytoimintaa. T\u00e4ll\u00e4 sivulla julkaistaan eri tapahtumissa esiteltyj\u00e4 koulutusaineistoja.\" \/>\n<meta name=\"robots\" content=\"index, follow, max-snippet:-1, max-image-preview:large, max-video-preview:-1\" \/>\n<link rel=\"canonical\" href=\"https:\/\/rotary.fi\/d1400\/koulutus-2\/\" \/>\n<meta property=\"og:locale\" content=\"fi_FI\" \/>\n<meta property=\"og:type\" content=\"article\" \/>\n<meta property=\"og:title\" content=\"Koulutus - Piiri 1400\" \/>\n<meta property=\"og:description\" content=\"Koulutus on merkitt\u00e4v\u00e4 osa rotarytoimintaa. T\u00e4ll\u00e4 sivulla julkaistaan eri tapahtumissa esiteltyj\u00e4 koulutusaineistoja.\" \/>\n<meta property=\"og:url\" content=\"https:\/\/rotary.fi\/d1400\/koulutus-2\/\" \/>\n<meta property=\"og:site_name\" content=\"Piiri 1400\" \/>\n<meta property=\"article:publisher\" content=\"https:\/\/www.facebook.com\/rotary\/\" \/>\n<meta property=\"article:modified_time\" content=\"2020-03-09T15:07:47+00:00\" \/>\n<meta property=\"og:image\" content=\"https:\/\/rotary.fi\/d1400\/wp-content\/uploads\/sites\/174\/2019\/11\/testitausta-pyocc88racc88ilijacc88t-1.jpg\" \/>\n\t<meta property=\"og:image:width\" content=\"1802\" \/>\n\t<meta property=\"og:image:height\" content=\"452\" \/>\n\t<meta property=\"og:image:type\" content=\"image\/jpeg\" \/>\n<meta name=\"twitter:card\" content=\"summary_large_image\" \/>\n<meta name=\"twitter:label1\" content=\"Arvioitu lukuaika\" \/>\n\t<meta name=\"twitter:data1\" content=\"2 minuuttia\" \/>\n<script type=\"application\/ld+json\" class=\"yoast-schema-graph\">{\"@context\":\"https:\/\/schema.org\",\"@graph\":[{\"@type\":\"WebPage\",\"@id\":\"https:\/\/rotary.fi\/d1400\/koulutus-2\/\",\"url\":\"https:\/\/rotary.fi\/d1400\/koulutus-2\/\",\"name\":\"Koulutus - Piiri 1400\",\"isPartOf\":{\"@id\":\"https:\/\/rotary.fi\/d1400\/#website\"},\"primaryImageOfPage\":{\"@id\":\"https:\/\/rotary.fi\/d1400\/koulutus-2\/#primaryimage\"},\"image\":{\"@id\":\"https:\/\/rotary.fi\/d1400\/koulutus-2\/#primaryimage\"},\"thumbnailUrl\":\"https:\/\/rotary.fi\/d1400\/wp-content\/uploads\/sites\/174\/2019\/11\/testitausta-pyocc88racc88ilijacc88t-1.jpg\",\"datePublished\":\"2019-11-06T13:12:31+00:00\",\"dateModified\":\"2020-03-09T15:07:47+00:00\",\"description\":\"Koulutus on merkitt\u00e4v\u00e4 osa rotarytoimintaa. T\u00e4ll\u00e4 sivulla julkaistaan eri tapahtumissa esiteltyj\u00e4 koulutusaineistoja.\",\"breadcrumb\":{\"@id\":\"https:\/\/rotary.fi\/d1400\/koulutus-2\/#breadcrumb\"},\"inLanguage\":\"fi\",\"potentialAction\":[{\"@type\":\"ReadAction\",\"target\":[\"https:\/\/rotary.fi\/d1400\/koulutus-2\/\"]}]},{\"@type\":\"ImageObject\",\"inLanguage\":\"fi\",\"@id\":\"https:\/\/rotary.fi\/d1400\/koulutus-2\/#primaryimage\",\"url\":\"https:\/\/rotary.fi\/d1400\/wp-content\/uploads\/sites\/174\/2019\/11\/testitausta-pyocc88racc88ilijacc88t-1.jpg\",\"contentUrl\":\"https:\/\/rotary.fi\/d1400\/wp-content\/uploads\/sites\/174\/2019\/11\/testitausta-pyocc88racc88ilijacc88t-1.jpg\",\"width\":1802,\"height\":452},{\"@type\":\"BreadcrumbList\",\"@id\":\"https:\/\/rotary.fi\/d1400\/koulutus-2\/#breadcrumb\",\"itemListElement\":[{\"@type\":\"ListItem\",\"position\":1,\"name\":\"Home\",\"item\":\"https:\/\/rotary.fi\/d1400\/\"},{\"@type\":\"ListItem\",\"position\":2,\"name\":\"Koulutus\"}]},{\"@type\":\"WebSite\",\"@id\":\"https:\/\/rotary.fi\/d1400\/#website\",\"url\":\"https:\/\/rotary.fi\/d1400\/\",\"name\":\"Piiri 1400\",\"description\":\"Suomen Rotary\",\"potentialAction\":[{\"@type\":\"SearchAction\",\"target\":{\"@type\":\"EntryPoint\",\"urlTemplate\":\"https:\/\/rotary.fi\/d1400\/?s={search_term_string}\"},\"query-input\":{\"@type\":\"PropertyValueSpecification\",\"valueRequired\":true,\"valueName\":\"search_term_string\"}}],\"inLanguage\":\"fi\"}]}<\/script>\n<!-- \/ Yoast SEO plugin. -->","yoast_head_json":{"title":"Koulutus - Piiri 1400","description":"Koulutus on merkitt\u00e4v\u00e4 osa rotarytoimintaa. T\u00e4ll\u00e4 sivulla julkaistaan eri tapahtumissa esiteltyj\u00e4 koulutusaineistoja.","robots":{"index":"index","follow":"follow","max-snippet":"max-snippet:-1","max-image-preview":"max-image-preview:large","max-video-preview":"max-video-preview:-1"},"canonical":"https:\/\/rotary.fi\/d1400\/koulutus-2\/","og_locale":"fi_FI","og_type":"article","og_title":"Koulutus - Piiri 1400","og_description":"Koulutus on merkitt\u00e4v\u00e4 osa rotarytoimintaa. T\u00e4ll\u00e4 sivulla julkaistaan eri tapahtumissa esiteltyj\u00e4 koulutusaineistoja.","og_url":"https:\/\/rotary.fi\/d1400\/koulutus-2\/","og_site_name":"Piiri 1400","article_publisher":"https:\/\/www.facebook.com\/rotary\/","article_modified_time":"2020-03-09T15:07:47+00:00","og_image":[{"width":1802,"height":452,"url":"https:\/\/rotary.fi\/d1400\/wp-content\/uploads\/sites\/174\/2019\/11\/testitausta-pyocc88racc88ilijacc88t-1.jpg","type":"image\/jpeg"}],"twitter_card":"summary_large_image","twitter_misc":{"Arvioitu lukuaika":"2 minuuttia"},"schema":{"@context":"https:\/\/schema.org","@graph":[{"@type":"WebPage","@id":"https:\/\/rotary.fi\/d1400\/koulutus-2\/","url":"https:\/\/rotary.fi\/d1400\/koulutus-2\/","name":"Koulutus - Piiri 1400","isPartOf":{"@id":"https:\/\/rotary.fi\/d1400\/#website"},"primaryImageOfPage":{"@id":"https:\/\/rotary.fi\/d1400\/koulutus-2\/#primaryimage"},"image":{"@id":"https:\/\/rotary.fi\/d1400\/koulutus-2\/#primaryimage"},"thumbnailUrl":"https:\/\/rotary.fi\/d1400\/wp-content\/uploads\/sites\/174\/2019\/11\/testitausta-pyocc88racc88ilijacc88t-1.jpg","datePublished":"2019-11-06T13:12:31+00:00","dateModified":"2020-03-09T15:07:47+00:00","description":"Koulutus on merkitt\u00e4v\u00e4 osa rotarytoimintaa. T\u00e4ll\u00e4 sivulla julkaistaan eri tapahtumissa esiteltyj\u00e4 koulutusaineistoja.","breadcrumb":{"@id":"https:\/\/rotary.fi\/d1400\/koulutus-2\/#breadcrumb"},"inLanguage":"fi","potentialAction":[{"@type":"ReadAction","target":["https:\/\/rotary.fi\/d1400\/koulutus-2\/"]}]},{"@type":"ImageObject","inLanguage":"fi","@id":"https:\/\/rotary.fi\/d1400\/koulutus-2\/#primaryimage","url":"https:\/\/rotary.fi\/d1400\/wp-content\/uploads\/sites\/174\/2019\/11\/testitausta-pyocc88racc88ilijacc88t-1.jpg","contentUrl":"https:\/\/rotary.fi\/d1400\/wp-content\/uploads\/sites\/174\/2019\/11\/testitausta-pyocc88racc88ilijacc88t-1.jpg","width":1802,"height":452},{"@type":"BreadcrumbList","@id":"https:\/\/rotary.fi\/d1400\/koulutus-2\/#breadcrumb","itemListElement":[{"@type":"ListItem","position":1,"name":"Home","item":"https:\/\/rotary.fi\/d1400\/"},{"@type":"ListItem","position":2,"name":"Koulutus"}]},{"@type":"WebSite","@id":"https:\/\/rotary.fi\/d1400\/#website","url":"https:\/\/rotary.fi\/d1400\/","name":"Piiri 1400","description":"Suomen Rotary","potentialAction":[{"@type":"SearchAction","target":{"@type":"EntryPoint","urlTemplate":"https:\/\/rotary.fi\/d1400\/?s={search_term_string}"},"query-input":{"@type":"PropertyValueSpecification","valueRequired":true,"valueName":"search_term_string"}}],"inLanguage":"fi"}]}},"lang":"fi","translations":{"fi":3840},"pll_sync_post":[],"_links":{"self":[{"href":"https:\/\/rotary.fi\/d1400\/wp-json\/wp\/v2\/pages\/3840","targetHints":{"allow":["GET"]}}],"collection":[{"href":"https:\/\/rotary.fi\/d1400\/wp-json\/wp\/v2\/pages"}],"about":[{"href":"https:\/\/rotary.fi\/d1400\/wp-json\/wp\/v2\/types\/page"}],"author":[{"embeddable":true,"href":"https:\/\/rotary.fi\/d1400\/wp-json\/wp\/v2\/users\/312"}],"replies":[{"embeddable":true,"href":"https:\/\/rotary.fi\/d1400\/wp-json\/wp\/v2\/comments?post=3840"}],"version-history":[{"count":17,"href":"https:\/\/rotary.fi\/d1400\/wp-json\/wp\/v2\/pages\/3840\/revisions"}],"predecessor-version":[{"id":4567,"href":"https:\/\/rotary.fi\/d1400\/wp-json\/wp\/v2\/pages\/3840\/revisions\/4567"}],"wp:featuredmedia":[{"embeddable":true,"href":"https:\/\/rotary.fi\/d1400\/wp-json\/wp\/v2\/media\/3794"}],"wp:attachment":[{"href":"https:\/\/rotary.fi\/d1400\/wp-json\/wp\/v2\/media?parent=3840"}],"curies":[{"name":"wp","href":"https:\/\/api.w.org\/{rel}","templated":true}]}}