{"id":3170,"date":"2019-09-03T12:21:41","date_gmt":"2019-09-03T10:21:41","guid":{"rendered":"https:\/\/rotary.fi\/d1400\/?page_id=3170"},"modified":"2019-10-28T13:37:42","modified_gmt":"2019-10-28T11:37:42","slug":"maailman-poliopaiva","status":"publish","type":"page","link":"https:\/\/rotary.fi\/d1400\/mita-teemme\/end-polio-now\/maailman-poliopaiva\/","title":{"rendered":"Maailman poliop\u00e4iv\u00e4"},"content":{"rendered":"<div class=\"layout fixed-width\">\n<div class=\"layout__inner\">\n<div class=\"column wide\">\n<div>\n<div>\n<h4 class=\"size-16\"><strong>Polio on pian historiaa \u2013 maailman poliop\u00e4iv\u00e4\u00e4 vietet\u00e4\u00e4n\u00a0 24.10.<\/strong><\/h4>\n<p class=\"size-13\" lang=\"x-size-13\"><strong>Poliosta on pian tulossa toinen infektiotauti, joka on saatu kokonaan poistetuksi maailmasta. <\/strong>Rotary Internationalin aloitteesta kolmekymment\u00e4 vuotta sitten k\u00e4ynnistyi laaja kansainv\u00e4linen yhteishanke, jonka tuloksena uusien poliotartuntojen m\u00e4\u00e4r\u00e4 on nyt painunut enn\u00e4tyksellisen alas. Sairauden t\u00e4ydellinen h\u00e4vitt\u00e4minen on mahdollista kolmen vuoden kuluessa.<\/p>\n<\/div>\n<\/div>\n<\/div>\n<div class=\"column narrow\">\n<div align=\"center\"><img decoding=\"async\" class=\"gnd-corner-image gnd-corner-image-center gnd-corner-image-top gnd-corner-image-bottom\" src=\"https:\/\/i5.createsend1.com\/ei\/j\/84\/8AF\/344\/181408\/csfinal\/EndPolioNowpplus400-9900000000028a3c.jpg\" alt=\"\" width=\"200\" \/><\/div>\n<\/div>\n<\/div>\n<\/div>\n<div><\/div>\n<div class=\"layout one-col fixed-width\">\n<div class=\"layout__inner\">\n<div class=\"column\">\n<div>\n<div>\n<p class=\"size-13\" lang=\"x-size-13\"><strong>Polio \u2013 entiselt\u00e4 nimelt\u00e4\u00e4n lapsihalvaus \u2013 on viruksen aiheuttama halvaannuttava ja jopa kuolemaan johtava infektiosairaus, johon ei ole l\u00e4\u00e4kett\u00e4. Tautia voidaan kuitenkin tehokkaasti ehk\u00e4ist\u00e4 rokotuksin.<\/strong>\u00a0Vuonna 1985 poliota esiintyi kotoper\u00e4isesti 125 maassa ja joka p\u00e4iv\u00e4 halvaantui noin tuhat lasta ja nuorta.<\/p>\n<p class=\"size-13\" lang=\"x-size-13\">Vuonna 1988 k\u00e4ynnistyneess\u00e4 maailman suurimmassa julkisten ja yksityisten toimijoiden yhteisess\u00e4 terveyskampanjassa toimivat yhteisty\u00f6ss\u00e4, valtioiden ja hallitusten lis\u00e4ksi\u00a0organisaatiot: Maailman terveysj\u00e4rjest\u00f6 WHO, YK:n lastenrahasto UNICEF, Yhdysvaltain Center for Disease Control and Prevention (CDC), Bill ja Melinda Gatesin s\u00e4\u00e4ti\u00f6 sek\u00e4 Rotary International.<\/p>\n<p class=\"size-13\" lang=\"x-size-13\"><strong>P\u00e4\u00e4osa maailmasta on jo pystytty saamaan polioviruksesta vapaaksi. Sit\u00e4 l\u00f6ytyy en\u00e4\u00e4 kolmesta maasta:<\/strong>\u00a0Afganistanista, Pakistanista ja Nigeriasta. Vuoden 2018 aikana on sairastunut kaikkiaan 33 lasta, jotka kaikki asuvat Afganistanin ja Pakistanin vaikeasti saavutettavilla rajaseuduilla. T\u00e4n\u00e4 vuonna t\u00e4h\u00e4n menness\u00e4 luku 53.<\/p>\n<p class=\"size-13\" lang=\"x-size-13\">Kattavia rokotuksia tarvitaan kuitenkin kaikkialle niin kauan kuin tautia miss\u00e4\u00e4n esiintyy. \u00a0Polio on edelleen uhka maailman lasten terveydelle \u2013 ja vain lentomatkan p\u00e4\u00e4ss\u00e4 Suomesta.<\/p>\n<p class=\"size-13\" lang=\"x-size-13\">Rotaryn\u00a0<strong>PolioPlus-ohjelma\u00a0<\/strong>antaa kaikille mahdollisuuden tukea t\u00e4m\u00e4n sairauden tehokkaita h\u00e4vitt\u00e4mistoimia Afrikassa ja Aasiassa. Rokotteiden lis\u00e4ksi rahoitusta tarvitaan kuljetuksiin, lasten perheiden tavoittamiseen, rokottajien koulutukseen ja rokotuskattavuuden varmistami\u00adseen. Bill &amp; Melinda Gatesin s\u00e4\u00e4ti\u00f6 on sitoutunut kolminkertaistamaan Rotaryn kautta ohjatut lahjoitukset. Kymmenen euron lahjoitus tuottaa siis 30 euroa suoraan polionkitkemisty\u00f6h\u00f6n.<\/p>\n<p class=\"size-13\" lang=\"x-size-13\"><strong>Maailman poliop\u00e4iv\u00e4\u00e4\u00a0<\/strong>vietet\u00e4\u00e4n 24.10. T\u00e4ss\u00e4 yhteydess\u00e4 rotarit jakavat tietoa poliosta ja j\u00e4rjest\u00e4v\u00e4t useilla paikkakunnalla lipasker\u00e4yksi\u00e4, joiden tuotto menee lyhent\u00e4m\u00e4tt\u00f6m\u00e4n\u00e4 PolioPlus-ohjelmalle.<\/p>\n<p class=\"size-13\" lang=\"x-size-13\"><strong>Lis\u00e4tietoja\u00a0<\/strong>antavat rotarypiirin 1400 PolioPlus-komitean puheenjohtaja Juha Risteli (puh. 040 590 9512) ja Rotary Internationalin vy\u00f6hykkeen 17B rotarys\u00e4\u00e4ti\u00f6koordinaattori Helena Piispa-Per\u00e4l\u00e4 (puh. 0500 373 341).<\/p>\n<p class=\"size-13\" lang=\"x-size-13\"><strong>Lue lis\u00e4\u00e4 aiheesta kansainv\u00e4lisen poliokampanjan nettisivuilta:<\/strong>\u00a0<a href=\"https:\/\/turbiiniryhmoy.createsend1.com\/t\/j-l-mhrjiil-tybhttkld-i\/\">www.polioeradication.org<\/a><\/p>\n<h4 class=\"size-16\"><strong>Lipausker\u00e4yksen organisointi<\/strong><\/h4>\n<p class=\"size-13\" lang=\"x-size-13\"><strong>Lipasker\u00e4ys\u00a0on hyv\u00e4 ja hauska tapa tehd\u00e4 hyv\u00e4\u00e4 hyvien yst\u00e4vien kanssa, tavata ihmisi\u00e4, kertoa Rotarysta ja samalla toteuttaa RI:n tavoitteita.<\/strong> Klubien kannattaa laatia jo hyviss\u00e4 ajoin lipasker\u00e4yssuunnitelmat, eik\u00e4 tuo 24.10 ole ainoa mahdollinen ker\u00e4ysp\u00e4iv\u00e4.\u00a0Jos j\u00e4senille sopii paremmin jokin muu ajankohta, niin toteutetaan ker\u00e4ys silloin(kin). Piirimme poliovastaava Juha Risteli auttaa tarvittaessa mm. ker\u00e4ys- ja tiedotemateriaalin kanssa.<\/p>\n<\/div>\n<\/div>\n<div>\n<div class=\"divider\"><\/div>\n<\/div>\n<\/div>\n<\/div>\n<\/div>\n","protected":false},"excerpt":{"rendered":"<p>Polio on pian historiaa \u2013 maailman poliop\u00e4iv\u00e4\u00e4 vietet\u00e4\u00e4n\u00a0 24.10. Poliosta on pian tulossa toinen infektiotauti, joka on saatu kokonaan poistetuksi maailmasta. Rotary Internationalin aloitteesta kolmekymment\u00e4 vuotta sitten k\u00e4ynnistyi laaja kansainv\u00e4linen yhteishanke, jonka tuloksena uusien poliotartuntojen m\u00e4\u00e4r\u00e4 on nyt painunut enn\u00e4tyksellisen alas. Sairauden t\u00e4ydellinen h\u00e4vitt\u00e4minen on mahdollista kolmen vuoden kuluessa. Polio \u2013 entiselt\u00e4 nimelt\u00e4\u00e4n lapsihalvaus \u2013 [&hellip;]<\/p>\n","protected":false},"author":1,"featured_media":0,"parent":2154,"menu_order":6,"comment_status":"closed","ping_status":"closed","template":"","meta":{"_acf_changed":false,"_et_pb_use_builder":"off","_et_pb_old_content":"","_et_gb_content_width":"","footnotes":""},"class_list":["post-3170","page","type-page","status-publish","hentry"],"acf":[],"yoast_head":"<!-- This site is optimized with the Yoast SEO plugin v27.0 - https:\/\/yoast.com\/product\/yoast-seo-wordpress\/ -->\n<title>Maailman poliop\u00e4iv\u00e4 - Piiri 1400<\/title>\n<meta name=\"robots\" content=\"index, follow, max-snippet:-1, max-image-preview:large, max-video-preview:-1\" \/>\n<link rel=\"canonical\" href=\"https:\/\/rotary.fi\/d1400\/mita-teemme\/end-polio-now\/maailman-poliopaiva\/\" \/>\n<meta property=\"og:locale\" content=\"fi_FI\" \/>\n<meta property=\"og:type\" content=\"article\" \/>\n<meta property=\"og:title\" content=\"Maailman poliop\u00e4iv\u00e4 - Piiri 1400\" \/>\n<meta property=\"og:description\" content=\"Polio on pian historiaa \u2013 maailman poliop\u00e4iv\u00e4\u00e4 vietet\u00e4\u00e4n\u00a0 24.10. Poliosta on pian tulossa toinen infektiotauti, joka on saatu kokonaan poistetuksi maailmasta. Rotary Internationalin aloitteesta kolmekymment\u00e4 vuotta sitten k\u00e4ynnistyi laaja kansainv\u00e4linen yhteishanke, jonka tuloksena uusien poliotartuntojen m\u00e4\u00e4r\u00e4 on nyt painunut enn\u00e4tyksellisen alas. Sairauden t\u00e4ydellinen h\u00e4vitt\u00e4minen on mahdollista kolmen vuoden kuluessa. Polio \u2013 entiselt\u00e4 nimelt\u00e4\u00e4n lapsihalvaus \u2013 [&hellip;]\" \/>\n<meta property=\"og:url\" content=\"https:\/\/rotary.fi\/d1400\/mita-teemme\/end-polio-now\/maailman-poliopaiva\/\" \/>\n<meta property=\"og:site_name\" content=\"Piiri 1400\" \/>\n<meta property=\"article:publisher\" content=\"https:\/\/www.facebook.com\/rotary\/\" \/>\n<meta property=\"article:modified_time\" content=\"2019-10-28T11:37:42+00:00\" \/>\n<meta property=\"og:image\" content=\"https:\/\/i5.createsend1.com\/ei\/j\/84\/8AF\/344\/181408\/csfinal\/EndPolioNowpplus400-9900000000028a3c.jpg\" \/>\n<meta name=\"twitter:card\" content=\"summary_large_image\" \/>\n<meta name=\"twitter:label1\" content=\"Arvioitu lukuaika\" \/>\n\t<meta name=\"twitter:data1\" content=\"2 minuuttia\" \/>\n<script type=\"application\/ld+json\" class=\"yoast-schema-graph\">{\"@context\":\"https:\/\/schema.org\",\"@graph\":[{\"@type\":\"WebPage\",\"@id\":\"https:\/\/rotary.fi\/d1400\/mita-teemme\/end-polio-now\/maailman-poliopaiva\/\",\"url\":\"https:\/\/rotary.fi\/d1400\/mita-teemme\/end-polio-now\/maailman-poliopaiva\/\",\"name\":\"Maailman poliop\u00e4iv\u00e4 - Piiri 1400\",\"isPartOf\":{\"@id\":\"https:\/\/rotary.fi\/d1400\/#website\"},\"primaryImageOfPage\":{\"@id\":\"https:\/\/rotary.fi\/d1400\/mita-teemme\/end-polio-now\/maailman-poliopaiva\/#primaryimage\"},\"image\":{\"@id\":\"https:\/\/rotary.fi\/d1400\/mita-teemme\/end-polio-now\/maailman-poliopaiva\/#primaryimage\"},\"thumbnailUrl\":\"https:\/\/i5.createsend1.com\/ei\/j\/84\/8AF\/344\/181408\/csfinal\/EndPolioNowpplus400-9900000000028a3c.jpg\",\"datePublished\":\"2019-09-03T10:21:41+00:00\",\"dateModified\":\"2019-10-28T11:37:42+00:00\",\"breadcrumb\":{\"@id\":\"https:\/\/rotary.fi\/d1400\/mita-teemme\/end-polio-now\/maailman-poliopaiva\/#breadcrumb\"},\"inLanguage\":\"fi\",\"potentialAction\":[{\"@type\":\"ReadAction\",\"target\":[\"https:\/\/rotary.fi\/d1400\/mita-teemme\/end-polio-now\/maailman-poliopaiva\/\"]}]},{\"@type\":\"ImageObject\",\"inLanguage\":\"fi\",\"@id\":\"https:\/\/rotary.fi\/d1400\/mita-teemme\/end-polio-now\/maailman-poliopaiva\/#primaryimage\",\"url\":\"https:\/\/i5.createsend1.com\/ei\/j\/84\/8AF\/344\/181408\/csfinal\/EndPolioNowpplus400-9900000000028a3c.jpg\",\"contentUrl\":\"https:\/\/i5.createsend1.com\/ei\/j\/84\/8AF\/344\/181408\/csfinal\/EndPolioNowpplus400-9900000000028a3c.jpg\"},{\"@type\":\"BreadcrumbList\",\"@id\":\"https:\/\/rotary.fi\/d1400\/mita-teemme\/end-polio-now\/maailman-poliopaiva\/#breadcrumb\",\"itemListElement\":[{\"@type\":\"ListItem\",\"position\":1,\"name\":\"Home\",\"item\":\"https:\/\/rotary.fi\/d1400\/\"},{\"@type\":\"ListItem\",\"position\":2,\"name\":\"Mit\u00e4 teemme\",\"item\":\"https:\/\/rotary.fi\/d1400\/mita-teemme\/\"},{\"@type\":\"ListItem\",\"position\":3,\"name\":\"End Polio Now\",\"item\":\"https:\/\/rotary.fi\/d1400\/mita-teemme\/end-polio-now\/\"},{\"@type\":\"ListItem\",\"position\":4,\"name\":\"Maailman poliop\u00e4iv\u00e4\"}]},{\"@type\":\"WebSite\",\"@id\":\"https:\/\/rotary.fi\/d1400\/#website\",\"url\":\"https:\/\/rotary.fi\/d1400\/\",\"name\":\"Piiri 1400\",\"description\":\"Suomen Rotary\",\"potentialAction\":[{\"@type\":\"SearchAction\",\"target\":{\"@type\":\"EntryPoint\",\"urlTemplate\":\"https:\/\/rotary.fi\/d1400\/?s={search_term_string}\"},\"query-input\":{\"@type\":\"PropertyValueSpecification\",\"valueRequired\":true,\"valueName\":\"search_term_string\"}}],\"inLanguage\":\"fi\"}]}<\/script>\n<!-- \/ Yoast SEO plugin. -->","yoast_head_json":{"title":"Maailman poliop\u00e4iv\u00e4 - Piiri 1400","robots":{"index":"index","follow":"follow","max-snippet":"max-snippet:-1","max-image-preview":"max-image-preview:large","max-video-preview":"max-video-preview:-1"},"canonical":"https:\/\/rotary.fi\/d1400\/mita-teemme\/end-polio-now\/maailman-poliopaiva\/","og_locale":"fi_FI","og_type":"article","og_title":"Maailman poliop\u00e4iv\u00e4 - Piiri 1400","og_description":"Polio on pian historiaa \u2013 maailman poliop\u00e4iv\u00e4\u00e4 vietet\u00e4\u00e4n\u00a0 24.10. Poliosta on pian tulossa toinen infektiotauti, joka on saatu kokonaan poistetuksi maailmasta. Rotary Internationalin aloitteesta kolmekymment\u00e4 vuotta sitten k\u00e4ynnistyi laaja kansainv\u00e4linen yhteishanke, jonka tuloksena uusien poliotartuntojen m\u00e4\u00e4r\u00e4 on nyt painunut enn\u00e4tyksellisen alas. Sairauden t\u00e4ydellinen h\u00e4vitt\u00e4minen on mahdollista kolmen vuoden kuluessa. Polio \u2013 entiselt\u00e4 nimelt\u00e4\u00e4n lapsihalvaus \u2013 [&hellip;]","og_url":"https:\/\/rotary.fi\/d1400\/mita-teemme\/end-polio-now\/maailman-poliopaiva\/","og_site_name":"Piiri 1400","article_publisher":"https:\/\/www.facebook.com\/rotary\/","article_modified_time":"2019-10-28T11:37:42+00:00","og_image":[{"url":"https:\/\/i5.createsend1.com\/ei\/j\/84\/8AF\/344\/181408\/csfinal\/EndPolioNowpplus400-9900000000028a3c.jpg","type":"","width":"","height":""}],"twitter_card":"summary_large_image","twitter_misc":{"Arvioitu lukuaika":"2 minuuttia"},"schema":{"@context":"https:\/\/schema.org","@graph":[{"@type":"WebPage","@id":"https:\/\/rotary.fi\/d1400\/mita-teemme\/end-polio-now\/maailman-poliopaiva\/","url":"https:\/\/rotary.fi\/d1400\/mita-teemme\/end-polio-now\/maailman-poliopaiva\/","name":"Maailman poliop\u00e4iv\u00e4 - Piiri 1400","isPartOf":{"@id":"https:\/\/rotary.fi\/d1400\/#website"},"primaryImageOfPage":{"@id":"https:\/\/rotary.fi\/d1400\/mita-teemme\/end-polio-now\/maailman-poliopaiva\/#primaryimage"},"image":{"@id":"https:\/\/rotary.fi\/d1400\/mita-teemme\/end-polio-now\/maailman-poliopaiva\/#primaryimage"},"thumbnailUrl":"https:\/\/i5.createsend1.com\/ei\/j\/84\/8AF\/344\/181408\/csfinal\/EndPolioNowpplus400-9900000000028a3c.jpg","datePublished":"2019-09-03T10:21:41+00:00","dateModified":"2019-10-28T11:37:42+00:00","breadcrumb":{"@id":"https:\/\/rotary.fi\/d1400\/mita-teemme\/end-polio-now\/maailman-poliopaiva\/#breadcrumb"},"inLanguage":"fi","potentialAction":[{"@type":"ReadAction","target":["https:\/\/rotary.fi\/d1400\/mita-teemme\/end-polio-now\/maailman-poliopaiva\/"]}]},{"@type":"ImageObject","inLanguage":"fi","@id":"https:\/\/rotary.fi\/d1400\/mita-teemme\/end-polio-now\/maailman-poliopaiva\/#primaryimage","url":"https:\/\/i5.createsend1.com\/ei\/j\/84\/8AF\/344\/181408\/csfinal\/EndPolioNowpplus400-9900000000028a3c.jpg","contentUrl":"https:\/\/i5.createsend1.com\/ei\/j\/84\/8AF\/344\/181408\/csfinal\/EndPolioNowpplus400-9900000000028a3c.jpg"},{"@type":"BreadcrumbList","@id":"https:\/\/rotary.fi\/d1400\/mita-teemme\/end-polio-now\/maailman-poliopaiva\/#breadcrumb","itemListElement":[{"@type":"ListItem","position":1,"name":"Home","item":"https:\/\/rotary.fi\/d1400\/"},{"@type":"ListItem","position":2,"name":"Mit\u00e4 teemme","item":"https:\/\/rotary.fi\/d1400\/mita-teemme\/"},{"@type":"ListItem","position":3,"name":"End Polio Now","item":"https:\/\/rotary.fi\/d1400\/mita-teemme\/end-polio-now\/"},{"@type":"ListItem","position":4,"name":"Maailman poliop\u00e4iv\u00e4"}]},{"@type":"WebSite","@id":"https:\/\/rotary.fi\/d1400\/#website","url":"https:\/\/rotary.fi\/d1400\/","name":"Piiri 1400","description":"Suomen Rotary","potentialAction":[{"@type":"SearchAction","target":{"@type":"EntryPoint","urlTemplate":"https:\/\/rotary.fi\/d1400\/?s={search_term_string}"},"query-input":{"@type":"PropertyValueSpecification","valueRequired":true,"valueName":"search_term_string"}}],"inLanguage":"fi"}]}},"lang":"fi","translations":{"fi":3170,"en":3175},"pll_sync_post":[],"_links":{"self":[{"href":"https:\/\/rotary.fi\/d1400\/wp-json\/wp\/v2\/pages\/3170","targetHints":{"allow":["GET"]}}],"collection":[{"href":"https:\/\/rotary.fi\/d1400\/wp-json\/wp\/v2\/pages"}],"about":[{"href":"https:\/\/rotary.fi\/d1400\/wp-json\/wp\/v2\/types\/page"}],"author":[{"embeddable":true,"href":"https:\/\/rotary.fi\/d1400\/wp-json\/wp\/v2\/users\/1"}],"replies":[{"embeddable":true,"href":"https:\/\/rotary.fi\/d1400\/wp-json\/wp\/v2\/comments?post=3170"}],"version-history":[{"count":6,"href":"https:\/\/rotary.fi\/d1400\/wp-json\/wp\/v2\/pages\/3170\/revisions"}],"predecessor-version":[{"id":3517,"href":"https:\/\/rotary.fi\/d1400\/wp-json\/wp\/v2\/pages\/3170\/revisions\/3517"}],"up":[{"embeddable":true,"href":"https:\/\/rotary.fi\/d1400\/wp-json\/wp\/v2\/pages\/2154"}],"wp:attachment":[{"href":"https:\/\/rotary.fi\/d1400\/wp-json\/wp\/v2\/media?parent=3170"}],"curies":[{"name":"wp","href":"https:\/\/api.w.org\/{rel}","templated":true}]}}