{"id":2167,"date":"2019-03-15T13:13:14","date_gmt":"2019-03-15T11:13:14","guid":{"rendered":"https:\/\/rotary.fi\/piirisivusto\/?page_id=2167"},"modified":"2026-04-06T18:24:43","modified_gmt":"2026-04-06T16:24:43","slug":"kumppanit","status":"publish","type":"page","link":"https:\/\/rotary.fi\/d1390\/mita-teemme\/yhteistyo\/kumppanit\/","title":{"rendered":"Kumppanit"},"content":{"rendered":"<p>[et_pb_section fb_built=&#8221;1&#8243; module_class=&#8221;jumbotron-page&#8221; _builder_version=&#8221;4.16&#8243; background_image=&#8221;https:\/\/rotary.fi\/piirisivusto\/wp-content\/uploads\/sites\/173\/2018\/02\/paakuva-sisasivu1.jpg&#8221; global_colors_info=&#8221;{}&#8221;][et_pb_row module_class=&#8221; et_pb_row_fullwidth&#8221; _builder_version=&#8221;4.16&#8243; width=&#8221;89%&#8221; width_tablet=&#8221;80%&#8221; width_phone=&#8221;&#8221; width_last_edited=&#8221;on|desktop&#8221; max_width=&#8221;89%&#8221; max_width_tablet=&#8221;80%&#8221; max_width_phone=&#8221;&#8221; max_width_last_edited=&#8221;on|desktop&#8221; make_fullwidth=&#8221;on&#8221; global_colors_info=&#8221;{}&#8221;][et_pb_column type=&#8221;4_4&#8243; _builder_version=&#8221;4.16&#8243; custom_padding=&#8221;|||&#8221; global_colors_info=&#8221;{}&#8221; custom_padding__hover=&#8221;|||&#8221;][et_pb_text admin_label=&#8221;P\u00e4\u00e4otsikko kuvan p\u00e4\u00e4ll\u00e4&#8221; _builder_version=&#8221;4.16&#8243; text_orientation=&#8221;center&#8221; background_layout=&#8221;dark&#8221; locked=&#8221;off&#8221; collapsed=&#8221;off&#8221; global_colors_info=&#8221;{}&#8221;]<\/p>\n<h1>Kumppanit<\/h1>\n<p>[\/et_pb_text][\/et_pb_column][\/et_pb_row][\/et_pb_section][et_pb_section fb_built=&#8221;1&#8243; admin_label=&#8221;Osio&#8221; _builder_version=&#8221;4.19.0&#8243; custom_margin=&#8221;||40px|&#8221; global_colors_info=&#8221;{}&#8221;][et_pb_row custom_padding_last_edited=&#8221;on|phone&#8221; _builder_version=&#8221;4.16&#8243; custom_padding_tablet=&#8221;&#8221; custom_padding_phone=&#8221;&#8221; global_colors_info=&#8221;{}&#8221;][et_pb_column type=&#8221;4_4&#8243; _builder_version=&#8221;4.16&#8243; custom_padding=&#8221;|||&#8221; global_colors_info=&#8221;{}&#8221; custom_padding__hover=&#8221;|||&#8221;][et_pb_text admin_label=&#8221;P\u00e4\u00e4otsikko ennen sis\u00e4lt\u00f6\u00e4&#8221; _builder_version=&#8221;4.19.0&#8243; text_orientation=&#8221;center&#8221; global_colors_info=&#8221;{}&#8221;][\/et_pb_text][et_pb_text _builder_version=&#8221;4.25.2&#8243; global_colors_info=&#8221;{}&#8221;]<\/p>\n<h3><a href=\"https:\/\/www.shelterboxtuki.fi\/\" data-wp-editing=\"1\">ShelterBox-katastrofiapu<\/a><\/h3>\n<h3><a href=\"https:\/\/www.shelterboxtuki.fi\/\" data-wp-editing=\"1\"><img loading=\"lazy\" decoding=\"async\" class=\"wp-image-5769 alignright size-medium\" src=\"https:\/\/rotary.fi\/d1390\/wp-content\/uploads\/sites\/173\/2023\/02\/img-0559-jpg-1-198x300.jpg\" alt=\"\" width=\"198\" height=\"300\" \/><\/a><\/h3>\n<h5>Ota yhteytt\u00e4:<\/h5>\n<p><strong>Lahden ja Jyv\u00e4skyl\u00e4n seudut<\/strong><\/p>\n<p>Tapio Vihersaari (H\u00e4meenkoski\/Hollola)<br \/>tapio.vihersaari (at) shelterboxtuki.fi<br \/>(6 toiminnan esittelij\u00e4\u00e4 ja rotaract k\u00e4ytett\u00e4viss\u00e4nne tilaisuuksiin ja varainkeruuseen)<\/p>\n<p><strong>Tampereen seutu<\/strong><\/p>\n<p>Rainer Hirvonen (Akaa)<br \/>rainer.hirvonen (at) shelterboxtuki.fi<\/p>\n<p>[\/et_pb_text][\/et_pb_column][\/et_pb_row][\/et_pb_section]<\/p>\n","protected":false},"excerpt":{"rendered":"<p>Kumppanit ShelterBox-katastrofiapu Ota yhteytt\u00e4: Lahden ja Jyv\u00e4skyl\u00e4n seudut Tapio Vihersaari (H\u00e4meenkoski\/Hollola)tapio.vihersaari (at) shelterboxtuki.fi(6 toiminnan esittelij\u00e4\u00e4 ja rotaract k\u00e4ytett\u00e4viss\u00e4nne tilaisuuksiin ja varainkeruuseen) Tampereen seutu Rainer Hirvonen (Akaa)rainer.hirvonen (at) shelterboxtuki.fi<\/p>\n","protected":false},"author":1,"featured_media":0,"parent":2044,"menu_order":1,"comment_status":"closed","ping_status":"closed","template":"","meta":{"_acf_changed":false,"_et_pb_use_builder":"on","_et_pb_old_content":"","_et_gb_content_width":"","footnotes":""},"class_list":["post-2167","page","type-page","status-publish","hentry"],"acf":[],"yoast_head":"<!-- This site is optimized with the Yoast SEO plugin v27.0 - https:\/\/yoast.com\/product\/yoast-seo-wordpress\/ -->\n<title>Kumppanit - Piiri 1390<\/title>\n<meta name=\"robots\" content=\"index, follow, max-snippet:-1, max-image-preview:large, max-video-preview:-1\" \/>\n<link rel=\"canonical\" href=\"https:\/\/rotary.fi\/d1390\/mita-teemme\/yhteistyo\/kumppanit\/\" \/>\n<meta property=\"og:locale\" content=\"fi_FI\" \/>\n<meta property=\"og:type\" content=\"article\" \/>\n<meta property=\"og:title\" content=\"Kumppanit - Piiri 1390\" \/>\n<meta property=\"og:description\" content=\"Kumppanit ShelterBox-katastrofiapu Ota yhteytt\u00e4: Lahden ja Jyv\u00e4skyl\u00e4n seudut Tapio Vihersaari (H\u00e4meenkoski\/Hollola)tapio.vihersaari (at) shelterboxtuki.fi(6 toiminnan esittelij\u00e4\u00e4 ja rotaract k\u00e4ytett\u00e4viss\u00e4nne tilaisuuksiin ja varainkeruuseen) Tampereen seutu Rainer Hirvonen (Akaa)rainer.hirvonen (at) shelterboxtuki.fi\" \/>\n<meta property=\"og:url\" content=\"https:\/\/rotary.fi\/d1390\/mita-teemme\/yhteistyo\/kumppanit\/\" \/>\n<meta property=\"og:site_name\" content=\"Piiri 1390\" \/>\n<meta property=\"article:publisher\" content=\"https:\/\/www.facebook.com\/rotary\/\" \/>\n<meta property=\"article:modified_time\" content=\"2026-04-06T16:24:43+00:00\" \/>\n<meta property=\"og:image\" content=\"https:\/\/rotary.fi\/d1390\/wp-content\/uploads\/sites\/173\/2023\/02\/img-0559-jpg-1.jpg\" \/>\n\t<meta property=\"og:image:width\" content=\"1349\" \/>\n\t<meta property=\"og:image:height\" content=\"2048\" \/>\n\t<meta property=\"og:image:type\" content=\"image\/jpeg\" \/>\n<meta name=\"twitter:card\" content=\"summary_large_image\" \/>\n<meta name=\"twitter:label1\" content=\"Arvioitu lukuaika\" \/>\n\t<meta name=\"twitter:data1\" content=\"1 minuutti\" \/>\n<script type=\"application\/ld+json\" class=\"yoast-schema-graph\">{\"@context\":\"https:\/\/schema.org\",\"@graph\":[{\"@type\":\"WebPage\",\"@id\":\"https:\/\/rotary.fi\/d1390\/mita-teemme\/yhteistyo\/kumppanit\/\",\"url\":\"https:\/\/rotary.fi\/d1390\/mita-teemme\/yhteistyo\/kumppanit\/\",\"name\":\"Kumppanit - Piiri 1390\",\"isPartOf\":{\"@id\":\"https:\/\/rotary.fi\/d1390\/#website\"},\"primaryImageOfPage\":{\"@id\":\"https:\/\/rotary.fi\/d1390\/mita-teemme\/yhteistyo\/kumppanit\/#primaryimage\"},\"image\":{\"@id\":\"https:\/\/rotary.fi\/d1390\/mita-teemme\/yhteistyo\/kumppanit\/#primaryimage\"},\"thumbnailUrl\":\"https:\/\/rotary.fi\/d1390\/wp-content\/uploads\/sites\/173\/2023\/02\/img-0559-jpg-1-198x300.jpg\",\"datePublished\":\"2019-03-15T11:13:14+00:00\",\"dateModified\":\"2026-04-06T16:24:43+00:00\",\"breadcrumb\":{\"@id\":\"https:\/\/rotary.fi\/d1390\/mita-teemme\/yhteistyo\/kumppanit\/#breadcrumb\"},\"inLanguage\":\"fi\",\"potentialAction\":[{\"@type\":\"ReadAction\",\"target\":[\"https:\/\/rotary.fi\/d1390\/mita-teemme\/yhteistyo\/kumppanit\/\"]}]},{\"@type\":\"ImageObject\",\"inLanguage\":\"fi\",\"@id\":\"https:\/\/rotary.fi\/d1390\/mita-teemme\/yhteistyo\/kumppanit\/#primaryimage\",\"url\":\"https:\/\/rotary.fi\/d1390\/wp-content\/uploads\/sites\/173\/2023\/02\/img-0559-jpg-1.jpg\",\"contentUrl\":\"https:\/\/rotary.fi\/d1390\/wp-content\/uploads\/sites\/173\/2023\/02\/img-0559-jpg-1.jpg\",\"width\":1349,\"height\":2048},{\"@type\":\"BreadcrumbList\",\"@id\":\"https:\/\/rotary.fi\/d1390\/mita-teemme\/yhteistyo\/kumppanit\/#breadcrumb\",\"itemListElement\":[{\"@type\":\"ListItem\",\"position\":1,\"name\":\"Home\",\"item\":\"https:\/\/rotary.fi\/d1390\/\"},{\"@type\":\"ListItem\",\"position\":2,\"name\":\"Mit\u00e4 teemme\",\"item\":\"https:\/\/rotary.fi\/d1390\/mita-teemme\/\"},{\"@type\":\"ListItem\",\"position\":3,\"name\":\"Yhteisty\u00f6\",\"item\":\"https:\/\/rotary.fi\/d1390\/mita-teemme\/yhteistyo\/\"},{\"@type\":\"ListItem\",\"position\":4,\"name\":\"Kumppanit\"}]},{\"@type\":\"WebSite\",\"@id\":\"https:\/\/rotary.fi\/d1390\/#website\",\"url\":\"https:\/\/rotary.fi\/d1390\/\",\"name\":\"Piiri 1390\",\"description\":\"Suomen Rotary\",\"potentialAction\":[{\"@type\":\"SearchAction\",\"target\":{\"@type\":\"EntryPoint\",\"urlTemplate\":\"https:\/\/rotary.fi\/d1390\/?s={search_term_string}\"},\"query-input\":{\"@type\":\"PropertyValueSpecification\",\"valueRequired\":true,\"valueName\":\"search_term_string\"}}],\"inLanguage\":\"fi\"}]}<\/script>\n<!-- \/ Yoast SEO plugin. -->","yoast_head_json":{"title":"Kumppanit - Piiri 1390","robots":{"index":"index","follow":"follow","max-snippet":"max-snippet:-1","max-image-preview":"max-image-preview:large","max-video-preview":"max-video-preview:-1"},"canonical":"https:\/\/rotary.fi\/d1390\/mita-teemme\/yhteistyo\/kumppanit\/","og_locale":"fi_FI","og_type":"article","og_title":"Kumppanit - Piiri 1390","og_description":"Kumppanit ShelterBox-katastrofiapu Ota yhteytt\u00e4: Lahden ja Jyv\u00e4skyl\u00e4n seudut Tapio Vihersaari (H\u00e4meenkoski\/Hollola)tapio.vihersaari (at) shelterboxtuki.fi(6 toiminnan esittelij\u00e4\u00e4 ja rotaract k\u00e4ytett\u00e4viss\u00e4nne tilaisuuksiin ja varainkeruuseen) Tampereen seutu Rainer Hirvonen (Akaa)rainer.hirvonen (at) shelterboxtuki.fi","og_url":"https:\/\/rotary.fi\/d1390\/mita-teemme\/yhteistyo\/kumppanit\/","og_site_name":"Piiri 1390","article_publisher":"https:\/\/www.facebook.com\/rotary\/","article_modified_time":"2026-04-06T16:24:43+00:00","og_image":[{"width":1349,"height":2048,"url":"https:\/\/rotary.fi\/d1390\/wp-content\/uploads\/sites\/173\/2023\/02\/img-0559-jpg-1.jpg","type":"image\/jpeg"}],"twitter_card":"summary_large_image","twitter_misc":{"Arvioitu lukuaika":"1 minuutti"},"schema":{"@context":"https:\/\/schema.org","@graph":[{"@type":"WebPage","@id":"https:\/\/rotary.fi\/d1390\/mita-teemme\/yhteistyo\/kumppanit\/","url":"https:\/\/rotary.fi\/d1390\/mita-teemme\/yhteistyo\/kumppanit\/","name":"Kumppanit - Piiri 1390","isPartOf":{"@id":"https:\/\/rotary.fi\/d1390\/#website"},"primaryImageOfPage":{"@id":"https:\/\/rotary.fi\/d1390\/mita-teemme\/yhteistyo\/kumppanit\/#primaryimage"},"image":{"@id":"https:\/\/rotary.fi\/d1390\/mita-teemme\/yhteistyo\/kumppanit\/#primaryimage"},"thumbnailUrl":"https:\/\/rotary.fi\/d1390\/wp-content\/uploads\/sites\/173\/2023\/02\/img-0559-jpg-1-198x300.jpg","datePublished":"2019-03-15T11:13:14+00:00","dateModified":"2026-04-06T16:24:43+00:00","breadcrumb":{"@id":"https:\/\/rotary.fi\/d1390\/mita-teemme\/yhteistyo\/kumppanit\/#breadcrumb"},"inLanguage":"fi","potentialAction":[{"@type":"ReadAction","target":["https:\/\/rotary.fi\/d1390\/mita-teemme\/yhteistyo\/kumppanit\/"]}]},{"@type":"ImageObject","inLanguage":"fi","@id":"https:\/\/rotary.fi\/d1390\/mita-teemme\/yhteistyo\/kumppanit\/#primaryimage","url":"https:\/\/rotary.fi\/d1390\/wp-content\/uploads\/sites\/173\/2023\/02\/img-0559-jpg-1.jpg","contentUrl":"https:\/\/rotary.fi\/d1390\/wp-content\/uploads\/sites\/173\/2023\/02\/img-0559-jpg-1.jpg","width":1349,"height":2048},{"@type":"BreadcrumbList","@id":"https:\/\/rotary.fi\/d1390\/mita-teemme\/yhteistyo\/kumppanit\/#breadcrumb","itemListElement":[{"@type":"ListItem","position":1,"name":"Home","item":"https:\/\/rotary.fi\/d1390\/"},{"@type":"ListItem","position":2,"name":"Mit\u00e4 teemme","item":"https:\/\/rotary.fi\/d1390\/mita-teemme\/"},{"@type":"ListItem","position":3,"name":"Yhteisty\u00f6","item":"https:\/\/rotary.fi\/d1390\/mita-teemme\/yhteistyo\/"},{"@type":"ListItem","position":4,"name":"Kumppanit"}]},{"@type":"WebSite","@id":"https:\/\/rotary.fi\/d1390\/#website","url":"https:\/\/rotary.fi\/d1390\/","name":"Piiri 1390","description":"Suomen Rotary","potentialAction":[{"@type":"SearchAction","target":{"@type":"EntryPoint","urlTemplate":"https:\/\/rotary.fi\/d1390\/?s={search_term_string}"},"query-input":{"@type":"PropertyValueSpecification","valueRequired":true,"valueName":"search_term_string"}}],"inLanguage":"fi"}]}},"lang":"fi","translations":{"fi":2167,"en":3137},"pll_sync_post":[],"_links":{"self":[{"href":"https:\/\/rotary.fi\/d1390\/wp-json\/wp\/v2\/pages\/2167","targetHints":{"allow":["GET"]}}],"collection":[{"href":"https:\/\/rotary.fi\/d1390\/wp-json\/wp\/v2\/pages"}],"about":[{"href":"https:\/\/rotary.fi\/d1390\/wp-json\/wp\/v2\/types\/page"}],"author":[{"embeddable":true,"href":"https:\/\/rotary.fi\/d1390\/wp-json\/wp\/v2\/users\/1"}],"replies":[{"embeddable":true,"href":"https:\/\/rotary.fi\/d1390\/wp-json\/wp\/v2\/comments?post=2167"}],"version-history":[{"count":9,"href":"https:\/\/rotary.fi\/d1390\/wp-json\/wp\/v2\/pages\/2167\/revisions"}],"predecessor-version":[{"id":7298,"href":"https:\/\/rotary.fi\/d1390\/wp-json\/wp\/v2\/pages\/2167\/revisions\/7298"}],"up":[{"embeddable":true,"href":"https:\/\/rotary.fi\/d1390\/wp-json\/wp\/v2\/pages\/2044"}],"wp:attachment":[{"href":"https:\/\/rotary.fi\/d1390\/wp-json\/wp\/v2\/media?parent=2167"}],"curies":[{"name":"wp","href":"https:\/\/api.w.org\/{rel}","templated":true}]}}