{"id":2024,"date":"2018-08-27T09:48:38","date_gmt":"2018-08-27T07:48:38","guid":{"rendered":"https:\/\/rotary.fi\/piirisivusto\/?page_id=2024"},"modified":"2026-04-13T18:14:20","modified_gmt":"2026-04-13T16:14:20","slug":"piirin-klubit","status":"publish","type":"page","link":"https:\/\/rotary.fi\/d1390\/rotarypiiri1390\/piirin-klubit\/","title":{"rendered":"Piirin klubit"},"content":{"rendered":"<p>[et_pb_section fb_built=&#8221;1&#8243; module_class=&#8221;jumbotron-page&#8221; _builder_version=&#8221;4.16&#8243; background_image=&#8221;https:\/\/rotary.fi\/d1390\/wp-content\/uploads\/sites\/173\/2021\/08\/iloinen-ryhmakuva-sovitettu-1.jpg&#8221; background_size=&#8221;initial&#8221; background_position=&#8221;top_center&#8221; collapsed=&#8221;on&#8221; global_colors_info=&#8221;{}&#8221;][et_pb_row module_class=&#8221; et_pb_row_fullwidth et_pb_row_fullwidth et_pb_row_fullwidth et_pb_row_fullwidth et_pb_row_fullwidth et_pb_row_fullwidth&#8221; _builder_version=&#8221;4.16&#8243; width=&#8221;89%&#8221; width_tablet=&#8221;80%&#8221; width_phone=&#8221;&#8221; width_last_edited=&#8221;on|desktop&#8221; max_width=&#8221;89%&#8221; max_width_tablet=&#8221;80%&#8221; max_width_phone=&#8221;&#8221; max_width_last_edited=&#8221;on|desktop&#8221; make_fullwidth=&#8221;on&#8221; global_colors_info=&#8221;{}&#8221;][et_pb_column type=&#8221;4_4&#8243; _builder_version=&#8221;4.16&#8243; custom_padding=&#8221;|||&#8221; global_colors_info=&#8221;{}&#8221; custom_padding__hover=&#8221;|||&#8221;][et_pb_text admin_label=&#8221;P\u00e4\u00e4otsikko kuvan p\u00e4\u00e4ll\u00e4&#8221; _builder_version=&#8221;4.27.4&#8243; text_orientation=&#8221;center&#8221; background_layout=&#8221;dark&#8221; locked=&#8221;off&#8221; collapsed=&#8221;off&#8221; global_colors_info=&#8221;{}&#8221;]<\/p>\n<h1><\/h1>\n<p>[\/et_pb_text][\/et_pb_column][\/et_pb_row][\/et_pb_section][et_pb_section fb_built=&#8221;1&#8243; module_class=&#8221;sisaltoalue_perus&#8221; _builder_version=&#8221;4.20.4&#8243; custom_margin=&#8221;||40px|&#8221; global_colors_info=&#8221;{}&#8221;][et_pb_row column_structure=&#8221;1_3,1_3,1_3&#8243; custom_padding_last_edited=&#8221;on|phone&#8221; _builder_version=&#8221;4.16&#8243; custom_margin=&#8221;|auto||78px||&#8221; custom_padding_tablet=&#8221;&#8221; custom_padding_phone=&#8221;&#8221; global_colors_info=&#8221;{}&#8221;][et_pb_column type=&#8221;1_3&#8243; _builder_version=&#8221;4.16&#8243; custom_padding=&#8221;|||&#8221; global_colors_info=&#8221;{}&#8221; custom_padding__hover=&#8221;|||&#8221;][et_pb_text admin_label=&#8221;P\u00e4\u00e4otsikko ennen sis\u00e4lt\u00f6\u00e4&#8221; _builder_version=&#8221;4.16&#8243; text_orientation=&#8221;center&#8221; global_colors_info=&#8221;{}&#8221;]<\/p>\n<h1 style=\"text-align: left\">Piirin klubit<\/h1>\n<p>[\/et_pb_text][et_pb_text admin_label=&#8221;Sivuotsikon alla oleva teksti&#8221; _builder_version=&#8221;4.27.0&#8243; text_orientation=&#8221;center&#8221; global_colors_info=&#8221;{}&#8221;]<\/p>\n<p style=\"text-align: left\">\u200bRotarypiiriss\u00e4mme on 41 rotaryklubia ja kolme satelliittiklubia. Piiriimme perustettiin vuonna 2020 pohjoismaiden ensimm\u00e4inen satelliittiklubi, Pihtipudas Silta.<br \/>\nRotaryklubien kokoontumisajat ja -paikat perustuvat klubien ilmoittamiin tietoihin.<\/p>\n<p style=\"text-align: left\">Piirimme rotaryklubit alueittain:<\/p>\n<p>[\/et_pb_text][\/et_pb_column][et_pb_column type=&#8221;1_3&#8243; _builder_version=&#8221;4.16&#8243; custom_padding=&#8221;|||&#8221; global_colors_info=&#8221;{}&#8221; custom_padding__hover=&#8221;|||&#8221;][et_pb_text admin_label=&#8221;Teksti&#8221; _builder_version=&#8221;4.27.4&#8243; z_index_tablet=&#8221;500&#8243; global_colors_info=&#8221;{}&#8221;]<\/p>\n<h4>Vanaja-H\u00e4me<\/h4>\n<p><a href=\"https:\/\/rotary.fi\/akaa\/\" target=\"_blank\" rel=\"noopener noreferrer\">Akaa<\/a><br \/>\n<a href=\"https:\/\/rotary.fi\/hameenlinna\/\" target=\"_blank\" rel=\"noopener noreferrer\">H\u00e4meenlinna<\/a><br \/>\n<a href=\"https:\/\/rotary.fi\/hameenlinnaverkatehdas\/\">H\u00e4meenlinna-Verkatehdas<\/a><br \/>\n<a href=\"https:\/\/rotary.fi\/janakkala\/\" target=\"_blank\" rel=\"noopener noreferrer\">Janakkala<\/a><br \/>\n<a href=\"https:\/\/rotary.fi\/valkeakoskitohka\/\">Valkeakoski-Tohka<\/a><br \/>\n<a href=\"https:\/\/rotary.fi\/vanajavesi\/\">Vanajavesi<\/a> (H\u00e4meenlinna)<\/p>\n<h4>P\u00e4ij\u00e4t-H\u00e4me<\/h4>\n<p><a href=\"https:\/\/rotary.fi\/asikkala\/\" target=\"_blank\" rel=\"noopener noreferrer\">Asikkala<\/a><br \/>\n<a href=\"https:\/\/heinola.rotary.fi\/\" target=\"_blank\" rel=\"noopener noreferrer\">Heinola<\/a><br \/>\n<a href=\"https:\/\/rotary.fi\/orimattila\/\">Orimattila<\/a><br \/>\n<a href=\"http:\/\/www.rotarysysma.org\/\" target=\"_blank\" rel=\"noopener noreferrer\">Sysm\u00e4<\/a><\/p>\n<h4>Lahti<\/h4>\n<p><a href=\"https:\/\/rotary.fi\/hollola-salpakangas\/\" target=\"_blank\" rel=\"noopener noreferrer\">Hollola-Salpakangas<\/a><br \/>\n<a href=\"https:\/\/rotary.fi\/kantahollola\/\">Kanta-Hollola<\/a><br \/>\n<a href=\"https:\/\/rotary.fi\/lahdenrotary\/\" target=\"_blank\" rel=\"noopener noreferrer\">Lahti<\/a><br \/>\n<a href=\"https:\/\/rcli.fi\/\">Lahti International<\/a><br \/>\n<a href=\"https:\/\/rotary.fi\/lahtilaune\/\">Lahti-Laune<\/a><br \/>\n<a href=\"https:\/\/rotary.fi\/lahtisalpausselka\/\">Lahti-Salpausselk\u00e4<\/a><br \/>\n<a href=\"https:\/\/rotary.fi\/lahtiwesijarvi\/\">Lahti-Wesij\u00e4rvi<\/a><br \/>\n<a href=\"http:\/\/rotary.fi\/nastola\">Nastola<\/a><\/p>\n<p>[\/et_pb_text][et_pb_text admin_label=&#8221;Teksti&#8221; _builder_version=&#8221;4.27.4&#8243; z_index_tablet=&#8221;500&#8243; global_colors_info=&#8221;{}&#8221;]<\/p>\n<h4>Tampere-It\u00e4inen<\/h4>\n<p><a href=\"https:\/\/rotary.fi\/kangasala\/\">Kangasala<strong style=\"font-size: 16px\"><br \/>\n<\/strong><\/a><a href=\"https:\/\/rotary.fi\/lempaala\/\" target=\"_blank\" rel=\"noopener noreferrer\">Lemp\u00e4\u00e4l\u00e4<\/a><br \/>\n<a href=\"https:\/\/rotary.fi\/orivedenrotaryklubi\/\">Orivesi<\/a><br \/>\n<a href=\"https:\/\/rotary.fi\/pirkkala\/\" target=\"_blank\" rel=\"noopener noreferrer\">Pirkkala<\/a><br \/>\n<a href=\"https:\/\/rotary.fi\/tamperehervanta\/\">Tampere Hervanta<\/a><br \/>\n<a href=\"https:\/\/rotary.fi\/jussinkylanrotaryklubi\/\">Tampere-Jussinkyl\u00e4<\/a><\/p>\n<h4>Tampere-L\u00e4ntinen<\/h4>\n<p><a href=\"https:\/\/rotary.fi\/pyynikki\/\">Pyynikki (Tampere)<\/a><br \/>\n<a href=\"https:\/\/rotary.fi\/tammernova\/\">Tammer Nova<\/a><br \/>\nSatelliittiklubi <a href=\"https:\/\/rotary.fi\/futuremaker\/keita-olemme\/\">Future Maker<\/a><br \/>\n<a href=\"https:\/\/rotary.fi\/tamperekissanmaa\/\" target=\"_blank\" rel=\"noopener noreferrer\">Tampere-Kissanmaa<\/a><br \/>\n<a href=\"https:\/\/rotary.fi\/lielahdenrotaryklubi\/\">Tampere-Lielahti<\/a><br \/>\n<a href=\"https:\/\/rotary.fi\/tamperetammerfors\/\" target=\"_blank\" rel=\"noopener noreferrer\">Tampere-Tammerfors<\/a><br \/>\n<a href=\"https:\/\/rotary.fi\/ylojarvi\/\">Yl\u00f6j\u00e4rvi<\/a><\/p>\n<p>[\/et_pb_text][\/et_pb_column][et_pb_column type=&#8221;1_3&#8243; _builder_version=&#8221;4.16&#8243; custom_padding=&#8221;|||&#8221; global_colors_info=&#8221;{}&#8221; custom_padding__hover=&#8221;|||&#8221;][et_pb_text admin_label=&#8221;Teksti&#8221; _builder_version=&#8221;4.27.4&#8243; z_index_tablet=&#8221;500&#8243; global_colors_info=&#8221;{}&#8221;]<\/p>\n<h4>Suomenselk\u00e4<\/h4>\n<p><a href=\"https:\/\/rotary.fi\/keuruu\/\">Keuruu<\/a><br \/>\n<a href=\"https:\/\/rotary.fi\/petajavesi\/\">Pet\u00e4j\u00e4vesi<\/a><br \/>\n<a href=\"https:\/\/rotary.fi\/virrat\/\" target=\"_blank\" rel=\"noopener noreferrer\">Virrat<\/a><span style=\"font-size: 16px\">\u00a0<\/span><\/p>\n<h4>Jyv\u00e4skyl\u00e4<\/h4>\n<p><a href=\"https:\/\/rotary.fi\/jyvaskyla\/\" target=\"_blank\" rel=\"noopener noreferrer\">Jyv\u00e4skyl\u00e4<\/a><br \/>\n<a href=\"https:\/\/rotary.fi\/jyvaskylalaajavuori\/\">Jyv\u00e4skyl\u00e4-Laajavuori<\/a><br \/>\n<a href=\"https:\/\/rotary.fi\/jyvaskyla-paijanne\/\" target=\"_blank\" rel=\"noopener noreferrer\">Jyv\u00e4skyl\u00e4-P\u00e4ij\u00e4nne<\/a><br \/>\n<a href=\"https:\/\/rotary.fi\/laukaa\/\" target=\"_blank\" rel=\"noopener noreferrer\">Laukaa<\/a><\/p>\n<h4>Sis\u00e4-Suomi<\/h4>\n<p><a href=\"https:\/\/rotary.fi\/pihtipudas\/\" target=\"_blank\" rel=\"noopener noreferrer\">Pihtipudas<\/a><br \/>\nSatelliittiklubi Pihtipudas Silta<br \/>\n<a href=\"https:\/\/rotary.fi\/viitasaari\">Viitasaari<\/a><\/p>\n<p>[\/et_pb_text][et_pb_text admin_label=&#8221;Teksti&#8221; _builder_version=&#8221;4.27.4&#8243; z_index_tablet=&#8221;500&#8243; global_colors_info=&#8221;{}&#8221;]<\/p>\n<h4><strong>Muiden piirien klubitiedot<\/strong><\/h4>\n<p><a href=\"https:\/\/rotary.fi\/d1385\/rotarypiiri1385\/piirin-klubit\/\" target=\"_blank\" rel=\"noopener noreferrer\">Piiri 1385<\/a><br \/>\n<a href=\"https:\/\/rotary.fi\/d1410\/rotarypiiri1410\/piirin-klubit\/\" target=\"_blank\" rel=\"noopener noreferrer\">Piiri 1410<\/a><br \/>\n<a href=\"https:\/\/d1420.rotary.fi\/\" target=\"_blank\" rel=\"noopener noreferrer\">Piiri 1420<\/a><br \/>\n<a href=\"https:\/\/rotary.fi\/d1430\/\" target=\"_blank\" rel=\"noopener noreferrer\">Piiri 1430<\/a><\/p>\n<p>&nbsp;<\/p>\n<p>&nbsp;<\/p>\n<p>&nbsp;<\/p>\n<p>&nbsp;<\/p>\n<p>&nbsp;<\/p>\n<p>[\/et_pb_text][\/et_pb_column][\/et_pb_row][\/et_pb_section]<\/p>\n","protected":false},"excerpt":{"rendered":"<p>Piirin klubit \u200bRotarypiiriss\u00e4mme on 41 rotaryklubia ja kolme satelliittiklubia. Piiriimme perustettiin vuonna 2020 pohjoismaiden ensimm\u00e4inen satelliittiklubi, Pihtipudas Silta. Rotaryklubien kokoontumisajat ja -paikat perustuvat klubien ilmoittamiin tietoihin. Piirimme rotaryklubit alueittain: Vanaja-H\u00e4me Akaa H\u00e4meenlinna H\u00e4meenlinna-Verkatehdas Janakkala Valkeakoski-Tohka Vanajavesi (H\u00e4meenlinna) P\u00e4ij\u00e4t-H\u00e4me Asikkala Heinola Orimattila Sysm\u00e4 Lahti Hollola-Salpakangas Kanta-Hollola Lahti Lahti International Lahti-Laune Lahti-Salpausselk\u00e4 Lahti-Wesij\u00e4rvi Nastola Tampere-It\u00e4inen Kangasala Lemp\u00e4\u00e4l\u00e4 [&hellip;]<\/p>\n","protected":false},"author":1,"featured_media":0,"parent":2017,"menu_order":2,"comment_status":"closed","ping_status":"closed","template":"","meta":{"_acf_changed":false,"_et_pb_use_builder":"on","_et_pb_old_content":"","_et_gb_content_width":"","footnotes":""},"class_list":["post-2024","page","type-page","status-publish","hentry"],"acf":[],"yoast_head":"<!-- This site is optimized with the Yoast SEO plugin v27.4 - https:\/\/yoast.com\/product\/yoast-seo-wordpress\/ -->\n<title>Piirin klubit - Piiri 1390<\/title>\n<meta name=\"robots\" content=\"index, follow, max-snippet:-1, max-image-preview:large, max-video-preview:-1\" \/>\n<link rel=\"canonical\" href=\"https:\/\/rotary.fi\/d1390\/rotarypiiri1390\/piirin-klubit\/\" \/>\n<meta property=\"og:locale\" content=\"fi_FI\" \/>\n<meta property=\"og:type\" content=\"article\" \/>\n<meta property=\"og:title\" content=\"Piirin klubit - Piiri 1390\" \/>\n<meta property=\"og:description\" content=\"Piirin klubit \u200bRotarypiiriss\u00e4mme on 41 rotaryklubia ja kolme satelliittiklubia. Piiriimme perustettiin vuonna 2020 pohjoismaiden ensimm\u00e4inen satelliittiklubi, Pihtipudas Silta. Rotaryklubien kokoontumisajat ja -paikat perustuvat klubien ilmoittamiin tietoihin. Piirimme rotaryklubit alueittain: Vanaja-H\u00e4me Akaa H\u00e4meenlinna H\u00e4meenlinna-Verkatehdas Janakkala Valkeakoski-Tohka Vanajavesi (H\u00e4meenlinna) P\u00e4ij\u00e4t-H\u00e4me Asikkala Heinola Orimattila Sysm\u00e4 Lahti Hollola-Salpakangas Kanta-Hollola Lahti Lahti International Lahti-Laune Lahti-Salpausselk\u00e4 Lahti-Wesij\u00e4rvi Nastola Tampere-It\u00e4inen Kangasala Lemp\u00e4\u00e4l\u00e4 [&hellip;]\" \/>\n<meta property=\"og:url\" content=\"https:\/\/rotary.fi\/d1390\/rotarypiiri1390\/piirin-klubit\/\" \/>\n<meta property=\"og:site_name\" content=\"Piiri 1390\" \/>\n<meta property=\"article:publisher\" content=\"https:\/\/www.facebook.com\/rotary\/\" \/>\n<meta property=\"article:modified_time\" content=\"2026-04-13T16:14:20+00:00\" \/>\n<meta name=\"twitter:card\" content=\"summary_large_image\" \/>\n<meta name=\"twitter:label1\" content=\"Arvioitu lukuaika\" \/>\n\t<meta name=\"twitter:data1\" content=\"2 minuuttia\" \/>\n<script type=\"application\/ld+json\" class=\"yoast-schema-graph\">{\"@context\":\"https:\\\/\\\/schema.org\",\"@graph\":[{\"@type\":\"WebPage\",\"@id\":\"https:\\\/\\\/rotary.fi\\\/d1390\\\/rotarypiiri1390\\\/piirin-klubit\\\/\",\"url\":\"https:\\\/\\\/rotary.fi\\\/d1390\\\/rotarypiiri1390\\\/piirin-klubit\\\/\",\"name\":\"Piirin klubit - Piiri 1390\",\"isPartOf\":{\"@id\":\"https:\\\/\\\/rotary.fi\\\/d1390\\\/#website\"},\"datePublished\":\"2018-08-27T07:48:38+00:00\",\"dateModified\":\"2026-04-13T16:14:20+00:00\",\"breadcrumb\":{\"@id\":\"https:\\\/\\\/rotary.fi\\\/d1390\\\/rotarypiiri1390\\\/piirin-klubit\\\/#breadcrumb\"},\"inLanguage\":\"fi\",\"potentialAction\":[{\"@type\":\"ReadAction\",\"target\":[\"https:\\\/\\\/rotary.fi\\\/d1390\\\/rotarypiiri1390\\\/piirin-klubit\\\/\"]}]},{\"@type\":\"BreadcrumbList\",\"@id\":\"https:\\\/\\\/rotary.fi\\\/d1390\\\/rotarypiiri1390\\\/piirin-klubit\\\/#breadcrumb\",\"itemListElement\":[{\"@type\":\"ListItem\",\"position\":1,\"name\":\"Home\",\"item\":\"https:\\\/\\\/rotary.fi\\\/d1390\\\/\"},{\"@type\":\"ListItem\",\"position\":2,\"name\":\"Rotarypiiri 1390\",\"item\":\"https:\\\/\\\/rotary.fi\\\/d1390\\\/rotarypiiri1390\\\/\"},{\"@type\":\"ListItem\",\"position\":3,\"name\":\"Piirin klubit\"}]},{\"@type\":\"WebSite\",\"@id\":\"https:\\\/\\\/rotary.fi\\\/d1390\\\/#website\",\"url\":\"https:\\\/\\\/rotary.fi\\\/d1390\\\/\",\"name\":\"Piiri 1390\",\"description\":\"Suomen Rotary\",\"potentialAction\":[{\"@type\":\"SearchAction\",\"target\":{\"@type\":\"EntryPoint\",\"urlTemplate\":\"https:\\\/\\\/rotary.fi\\\/d1390\\\/?s={search_term_string}\"},\"query-input\":{\"@type\":\"PropertyValueSpecification\",\"valueRequired\":true,\"valueName\":\"search_term_string\"}}],\"inLanguage\":\"fi\"}]}<\/script>\n<!-- \/ Yoast SEO plugin. -->","yoast_head_json":{"title":"Piirin klubit - Piiri 1390","robots":{"index":"index","follow":"follow","max-snippet":"max-snippet:-1","max-image-preview":"max-image-preview:large","max-video-preview":"max-video-preview:-1"},"canonical":"https:\/\/rotary.fi\/d1390\/rotarypiiri1390\/piirin-klubit\/","og_locale":"fi_FI","og_type":"article","og_title":"Piirin klubit - Piiri 1390","og_description":"Piirin klubit \u200bRotarypiiriss\u00e4mme on 41 rotaryklubia ja kolme satelliittiklubia. Piiriimme perustettiin vuonna 2020 pohjoismaiden ensimm\u00e4inen satelliittiklubi, Pihtipudas Silta. Rotaryklubien kokoontumisajat ja -paikat perustuvat klubien ilmoittamiin tietoihin. Piirimme rotaryklubit alueittain: Vanaja-H\u00e4me Akaa H\u00e4meenlinna H\u00e4meenlinna-Verkatehdas Janakkala Valkeakoski-Tohka Vanajavesi (H\u00e4meenlinna) P\u00e4ij\u00e4t-H\u00e4me Asikkala Heinola Orimattila Sysm\u00e4 Lahti Hollola-Salpakangas Kanta-Hollola Lahti Lahti International Lahti-Laune Lahti-Salpausselk\u00e4 Lahti-Wesij\u00e4rvi Nastola Tampere-It\u00e4inen Kangasala Lemp\u00e4\u00e4l\u00e4 [&hellip;]","og_url":"https:\/\/rotary.fi\/d1390\/rotarypiiri1390\/piirin-klubit\/","og_site_name":"Piiri 1390","article_publisher":"https:\/\/www.facebook.com\/rotary\/","article_modified_time":"2026-04-13T16:14:20+00:00","twitter_card":"summary_large_image","twitter_misc":{"Arvioitu lukuaika":"2 minuuttia"},"schema":{"@context":"https:\/\/schema.org","@graph":[{"@type":"WebPage","@id":"https:\/\/rotary.fi\/d1390\/rotarypiiri1390\/piirin-klubit\/","url":"https:\/\/rotary.fi\/d1390\/rotarypiiri1390\/piirin-klubit\/","name":"Piirin klubit - Piiri 1390","isPartOf":{"@id":"https:\/\/rotary.fi\/d1390\/#website"},"datePublished":"2018-08-27T07:48:38+00:00","dateModified":"2026-04-13T16:14:20+00:00","breadcrumb":{"@id":"https:\/\/rotary.fi\/d1390\/rotarypiiri1390\/piirin-klubit\/#breadcrumb"},"inLanguage":"fi","potentialAction":[{"@type":"ReadAction","target":["https:\/\/rotary.fi\/d1390\/rotarypiiri1390\/piirin-klubit\/"]}]},{"@type":"BreadcrumbList","@id":"https:\/\/rotary.fi\/d1390\/rotarypiiri1390\/piirin-klubit\/#breadcrumb","itemListElement":[{"@type":"ListItem","position":1,"name":"Home","item":"https:\/\/rotary.fi\/d1390\/"},{"@type":"ListItem","position":2,"name":"Rotarypiiri 1390","item":"https:\/\/rotary.fi\/d1390\/rotarypiiri1390\/"},{"@type":"ListItem","position":3,"name":"Piirin klubit"}]},{"@type":"WebSite","@id":"https:\/\/rotary.fi\/d1390\/#website","url":"https:\/\/rotary.fi\/d1390\/","name":"Piiri 1390","description":"Suomen Rotary","potentialAction":[{"@type":"SearchAction","target":{"@type":"EntryPoint","urlTemplate":"https:\/\/rotary.fi\/d1390\/?s={search_term_string}"},"query-input":{"@type":"PropertyValueSpecification","valueRequired":true,"valueName":"search_term_string"}}],"inLanguage":"fi"}]}},"lang":"fi","translations":{"fi":2024,"en":2883},"pll_sync_post":[],"_links":{"self":[{"href":"https:\/\/rotary.fi\/d1390\/wp-json\/wp\/v2\/pages\/2024","targetHints":{"allow":["GET"]}}],"collection":[{"href":"https:\/\/rotary.fi\/d1390\/wp-json\/wp\/v2\/pages"}],"about":[{"href":"https:\/\/rotary.fi\/d1390\/wp-json\/wp\/v2\/types\/page"}],"author":[{"embeddable":true,"href":"https:\/\/rotary.fi\/d1390\/wp-json\/wp\/v2\/users\/1"}],"replies":[{"embeddable":true,"href":"https:\/\/rotary.fi\/d1390\/wp-json\/wp\/v2\/comments?post=2024"}],"version-history":[{"count":10,"href":"https:\/\/rotary.fi\/d1390\/wp-json\/wp\/v2\/pages\/2024\/revisions"}],"predecessor-version":[{"id":7326,"href":"https:\/\/rotary.fi\/d1390\/wp-json\/wp\/v2\/pages\/2024\/revisions\/7326"}],"up":[{"embeddable":true,"href":"https:\/\/rotary.fi\/d1390\/wp-json\/wp\/v2\/pages\/2017"}],"wp:attachment":[{"href":"https:\/\/rotary.fi\/d1390\/wp-json\/wp\/v2\/media?parent=2024"}],"curies":[{"name":"wp","href":"https:\/\/api.w.org\/{rel}","templated":true}]}}