{"id":5693,"date":"2021-10-16T10:48:41","date_gmt":"2021-10-16T08:48:41","guid":{"rendered":"https:\/\/rotary.fi\/d1385\/?page_id=5693"},"modified":"2025-08-05T15:56:38","modified_gmt":"2025-08-05T13:56:38","slug":"piiri-ja-klubit-facebookissa","status":"publish","type":"page","link":"https:\/\/rotary.fi\/d1385\/piiri-ja-klubit-facebookissa\/","title":{"rendered":"Piiri ja klubit Facebookissa"},"content":{"rendered":"<p>[et_pb_section fb_built=&#8221;1&#8243; _builder_version=&#8221;4.16&#8243; inner_width_tablet=&#8221;50px&#8221; inner_max_width_tablet=&#8221;50px&#8221; custom_margin=&#8221;||40px|&#8221; z_index_tablet=&#8221;500&#8243; global_colors_info=&#8221;{}&#8221;][et_pb_row _builder_version=&#8221;4.16&#8243; _module_preset=&#8221;default&#8221; global_colors_info=&#8221;{}&#8221;][et_pb_column type=&#8221;4_4&#8243; _builder_version=&#8221;4.16&#8243; _module_preset=&#8221;default&#8221; global_colors_info=&#8221;{}&#8221;][et_pb_text admin_label=&#8221;Kuva&#8221; _builder_version=&#8221;4.17.4&#8243; _module_preset=&#8221;default&#8221; global_colors_info=&#8221;{}&#8221;]<\/p>\n<p><img loading=\"lazy\" decoding=\"async\" class=\"wp-image-6061 alignnone size-large\" src=\"https:\/\/rotary.fi\/d1385\/wp-content\/uploads\/sites\/193\/2022\/07\/face-sivu-nettisivulle-1024x485.jpg\" alt=\"\" width=\"1024\" height=\"485\" srcset=\"https:\/\/rotary.fi\/d1385\/wp-content\/uploads\/sites\/193\/2022\/07\/face-sivu-nettisivulle-1024x485.jpg 1024w, https:\/\/rotary.fi\/d1385\/wp-content\/uploads\/sites\/193\/2022\/07\/face-sivu-nettisivulle-980x464.jpg 980w, https:\/\/rotary.fi\/d1385\/wp-content\/uploads\/sites\/193\/2022\/07\/face-sivu-nettisivulle-480x227.jpg 480w\" sizes=\"(min-width: 0px) and (max-width: 480px) 480px, (min-width: 481px) and (max-width: 980px) 980px, (min-width: 981px) 1024px, 100vw\" \/><\/p>\n<p>[\/et_pb_text][\/et_pb_column][\/et_pb_row][et_pb_row _builder_version=&#8221;4.16&#8243; _module_preset=&#8221;default&#8221; global_colors_info=&#8221;{}&#8221;][et_pb_column type=&#8221;4_4&#8243; _builder_version=&#8221;4.16&#8243; _module_preset=&#8221;default&#8221; global_colors_info=&#8221;{}&#8221;][et_pb_text admin_label=&#8221;Teksti&#8221; _builder_version=&#8221;4.20.0&#8243; _module_preset=&#8221;default&#8221; global_colors_info=&#8221;{}&#8221;]<\/p>\n<h2 style=\"text-align: center\">Piiri D 1385 Facebookissa<\/h2>\n<p>[\/et_pb_text][\/et_pb_column][\/et_pb_row][et_pb_row column_structure=&#8221;1_2,1_2&#8243; _builder_version=&#8221;4.16&#8243; _module_preset=&#8221;default&#8221; global_colors_info=&#8221;{}&#8221;][et_pb_column type=&#8221;1_2&#8243; _builder_version=&#8221;4.16&#8243; _module_preset=&#8221;default&#8221; global_colors_info=&#8221;{}&#8221;][et_pb_button button_url=&#8221;https:\/\/www.facebook.com\/groups\/RotaryD1385&#8243; url_new_window=&#8221;on&#8221; button_text=&#8221;D 1385 viralliset Facebook-sivut&#8221; admin_label=&#8221;FB-sivut Painike&#8221; _builder_version=&#8221;4.20.0&#8243; _module_preset=&#8221;default&#8221; custom_margin=&#8221;40px||40px||false|false&#8221; global_colors_info=&#8221;{}&#8221;][\/et_pb_button][\/et_pb_column][et_pb_column type=&#8221;1_2&#8243; _builder_version=&#8221;4.16&#8243; _module_preset=&#8221;default&#8221; global_colors_info=&#8221;{}&#8221;][et_pb_button button_url=&#8221;https:\/\/www.facebook.com\/groups\/RotaryD1385&#8243; url_new_window=&#8221;on&#8221; button_text=&#8221;D 1385 Facebook-keskusteluryhm\u00e4&#8221; admin_label=&#8221;FB-ryhm\u00e4 Painike&#8221; _builder_version=&#8221;4.20.0&#8243; _module_preset=&#8221;default&#8221; custom_margin=&#8221;40px||40px||false|false&#8221; global_colors_info=&#8221;{}&#8221;][\/et_pb_button][\/et_pb_column][\/et_pb_row][et_pb_row _builder_version=&#8221;4.20.0&#8243; _module_preset=&#8221;default&#8221; global_colors_info=&#8221;{}&#8221;][et_pb_column type=&#8221;4_4&#8243; _builder_version=&#8221;4.20.0&#8243; _module_preset=&#8221;default&#8221; global_colors_info=&#8221;{}&#8221;][et_pb_text _builder_version=&#8221;4.20.0&#8243; _module_preset=&#8221;default&#8221; global_colors_info=&#8221;{}&#8221;]<\/p>\n<h5 style=\"text-align: center\">Piirin klubien Facebook &#8211; osoitteita<\/h5>\n<p style=\"text-align: center\">(N\u00e4m\u00e4 klubien Facebook-osoitteet avautuvat tietokoneella)<\/p>\n<p style=\"text-align: center\">(<a href=\"https:\/\/rotary.fi\/d1385\/rotarypiiri1385\/piirin-klubit\/\">Klubien internet-sivustojen luettelo avautuu t\u00e4st\u00e4<\/a>)<\/p>\n<p>[\/et_pb_text][\/et_pb_column][\/et_pb_row][et_pb_row column_structure=&#8221;1_2,1_2&#8243; _builder_version=&#8221;4.16&#8243; _module_preset=&#8221;default&#8221; global_colors_info=&#8221;{}&#8221;][et_pb_column type=&#8221;1_2&#8243; _builder_version=&#8221;4.16&#8243; _module_preset=&#8221;default&#8221; global_colors_info=&#8221;{}&#8221;][et_pb_text _builder_version=&#8221;4.16&#8243; _module_preset=&#8221;default&#8221; global_colors_info=&#8221;{}&#8221;]<\/p>\n<p><a href=\"https:\/\/www.facebook.com\/JviRotary\" rel=\"noopener\">Jalasj\u00e4rvi<\/a><\/p>\n<p><a href=\"https:\/\/www.facebook.com\/JurvanRotaryklubi\" rel=\"noopener\">Jurva<\/a><\/p>\n<p><a href=\"https:\/\/www.facebook.com\/Kajaani-Elias-Rotaryklubi-253197652075387\" rel=\"noopener\">Kajaani Elias<\/a><\/p>\n<p><a href=\"https:\/\/www.facebook.com\/kalajoenrotaryklubi\/\" rel=\"noopener\">Kalajoki<\/a><\/p>\n<p><a href=\"https:\/\/www.facebook.com\/Kannuksen-Rotaryklubi-358027587949222\/\" rel=\"noopener\">Kannus<\/a><\/p>\n<p><a href=\"https:\/\/www.facebook.com\/KauhajoenRotaryklubi\" rel=\"noopener\">Kauhajoki<\/a><\/p>\n<p><a href=\"https:\/\/www.facebook.com\/rotarykauhava\" rel=\"noopener\">Kauhava<\/a><\/p>\n<p><a href=\"https:\/\/www.facebook.com\/Kauhava-H%C3%A4rm%C3%A4t-Rotaryklubi-225960420794408\" rel=\"noopener\">Kauhava H\u00e4rm\u00e4t<\/a><\/p>\n<p><a href=\"https:\/\/www.facebook.com\/keminrotaryklubi\" rel=\"noopener\">Kemi<\/a><\/p>\n<p><a href=\"https:\/\/www.facebook.com\/kuusamon.rotarit.9\" rel=\"noopener\">Kuusamo<\/a><\/p>\n<p><a href=\"https:\/\/www.facebook.com\/KurikanRotaryklubi\" rel=\"noopener\">Kurikka<\/a><\/p>\n<p><a href=\"https:\/\/www.facebook.com\/LaihianRotaryklubi\" rel=\"noopener\">Laihia<\/a><\/p>\n<p><a href=\"https:\/\/www.facebook.com\/merikoskenrotaryklubi\/\" rel=\"noopener\">Merikoski<\/a><\/p>\n<p>[\/et_pb_text][\/et_pb_column][et_pb_column type=&#8221;1_2&#8243; _builder_version=&#8221;4.16&#8243; _module_preset=&#8221;default&#8221; global_colors_info=&#8221;{}&#8221;][et_pb_text _builder_version=&#8221;4.20.2&#8243; _module_preset=&#8221;default&#8221; global_colors_info=&#8221;{}&#8221;]<\/p>\n<p><a href=\"https:\/\/www.facebook.com\/merioulurc\" target=\"_blank\" rel=\"noopener\">Meri-Oulu<\/a><\/p>\n<p><a href=\"https:\/\/www.facebook.com\/Nykarleby-Rotaryklubb-305661732793423\/\" target=\"_blank\" rel=\"noopener\">Nykarleby<\/a><\/p>\n<p><a href=\"https:\/\/facebook.com\/oulunrotaryklubi\" target=\"_blank\" rel=\"noopener\">Oulu<\/a><\/p>\n<p><a href=\"https:\/\/www.facebook.com\/groups\/1506344999649192\" target=\"_blank\" rel=\"noopener\">Oulu City<\/a><\/p>\n<p>\u00a0<a href=\"https:\/\/www.facebook.com\/Rotaryklubi-Pietarsaari-M%C3%A4ssk%C3%A4r-289066221261261\" target=\"_blank\" rel=\"noopener\">Pietarsaari-M\u00e4ssk\u00e4r<\/a><\/p>\n<p><a href=\"https:\/\/www.facebook.com\/raahenrotary\" target=\"_blank\" rel=\"noopener\">Raahe &amp; Pietari Brahe (yhteiset)<\/a><\/p>\n<p><a href=\"https:\/\/www.facebook.com\/rovaniemirotary\" target=\"_blank\" rel=\"noopener\">Rovaniemen Rotaryklubi<\/a><\/p>\n<p><a href=\"https:\/\/www.facebook.com\/rotarysantaclaus\/\" target=\"_blank\" rel=\"noopener\">Rovaniemi Santa Claus<\/a><\/p>\n<p><a href=\"https:\/\/www.facebook.com\/Sodankylanrotaryklubi\" target=\"_blank\" rel=\"noopener\">Sodankyl\u00e4<\/a><\/p>\n<p><a href=\"https:\/\/www.facebook.com\/tornionrotary\" target=\"_blank\" rel=\"noopener\">Tornio<\/a><\/p>\n<p><a href=\"https:\/\/www.facebook.com\/Ylivieska-Jokivarsi-Rotaryklubi-315227565154706\" target=\"_blank\" rel=\"noopener\">Ylivieska-Jokivarsi<\/a><\/p>\n<h5>Uudet sukupolvet<\/h5>\n<p><a href=\"https:\/\/www.facebook.com\/interactoulu\" target=\"_blank\" rel=\"noopener\">Interact Oulu<\/a><\/p>\n<p><a href=\"https:\/\/www.facebook.com\/rotaract.oulu\" target=\"_blank\" rel=\"noopener\">Rotaract Oulu<\/a><\/p>\n<p><a href=\"https:\/\/www.facebook.com\/rotaractvaasa\" target=\"_blank\" rel=\"noopener\">Rotarct Vaasa<\/a><\/p>\n<p>[\/et_pb_text][\/et_pb_column][\/et_pb_row][et_pb_row _builder_version=&#8221;4.16&#8243; _module_preset=&#8221;default&#8221; global_colors_info=&#8221;{}&#8221;][et_pb_column type=&#8221;4_4&#8243; _builder_version=&#8221;4.16&#8243; _module_preset=&#8221;default&#8221; global_colors_info=&#8221;{}&#8221;][et_pb_button button_url=&#8221;https:\/\/rotary.fi\/d1385\/rotarypiiri1385\/piirin-klubit\/&#8221; button_text=&#8221;Takaisin&#8221; button_alignment=&#8221;center&#8221; admin_label=&#8221;Takaisin Painike&#8221; _builder_version=&#8221;4.16&#8243; _module_preset=&#8221;default&#8221; global_colors_info=&#8221;{}&#8221;][\/et_pb_button][\/et_pb_column][\/et_pb_row][\/et_pb_section]<\/p>\n","protected":false},"excerpt":{"rendered":"<p>Piiri D 1385 FacebookissaPiirin klubien Facebook &#8211; osoitteita (N\u00e4m\u00e4 klubien Facebook-osoitteet avautuvat tietokoneella) (Klubien internet-sivustojen luettelo avautuu t\u00e4st\u00e4)Jalasj\u00e4rvi Jurva Kajaani Elias Kalajoki Kannus Kauhajoki Kauhava Kauhava H\u00e4rm\u00e4t Kemi Kuusamo Kurikka Laihia MerikoskiMeri-Oulu Nykarleby Oulu Oulu City \u00a0Pietarsaari-M\u00e4ssk\u00e4r Raahe &amp; Pietari Brahe (yhteiset) Rovaniemen Rotaryklubi Rovaniemi Santa Claus Sodankyl\u00e4 Tornio Ylivieska-Jokivarsi Uudet sukupolvet Interact Oulu Rotaract [&hellip;]<\/p>\n","protected":false},"author":16,"featured_media":0,"parent":0,"menu_order":0,"comment_status":"closed","ping_status":"closed","template":"","meta":{"_acf_changed":false,"_et_pb_use_builder":"on","_et_pb_old_content":"","_et_gb_content_width":"","footnotes":""},"class_list":["post-5693","page","type-page","status-publish","hentry"],"acf":[],"yoast_head":"<!-- This site is optimized with the Yoast SEO plugin v27.0 - https:\/\/yoast.com\/product\/yoast-seo-wordpress\/ -->\n<title>Piiri ja klubit Facebookissa - Piiri 1385<\/title>\n<meta name=\"robots\" content=\"index, follow, max-snippet:-1, max-image-preview:large, max-video-preview:-1\" \/>\n<link rel=\"canonical\" href=\"https:\/\/rotary.fi\/d1385\/piiri-ja-klubit-facebookissa\/\" \/>\n<meta property=\"og:locale\" content=\"fi_FI\" \/>\n<meta property=\"og:type\" content=\"article\" \/>\n<meta property=\"og:title\" content=\"Piiri ja klubit Facebookissa - Piiri 1385\" \/>\n<meta property=\"og:description\" content=\"Piiri D 1385 FacebookissaPiirin klubien Facebook - osoitteita (N\u00e4m\u00e4 klubien Facebook-osoitteet avautuvat tietokoneella) (Klubien internet-sivustojen luettelo avautuu t\u00e4st\u00e4)Jalasj\u00e4rvi Jurva Kajaani Elias Kalajoki Kannus Kauhajoki Kauhava Kauhava H\u00e4rm\u00e4t Kemi Kuusamo Kurikka Laihia MerikoskiMeri-Oulu Nykarleby Oulu Oulu City \u00a0Pietarsaari-M\u00e4ssk\u00e4r Raahe &amp; Pietari Brahe (yhteiset) Rovaniemen Rotaryklubi Rovaniemi Santa Claus Sodankyl\u00e4 Tornio Ylivieska-Jokivarsi Uudet sukupolvet Interact Oulu Rotaract [&hellip;]\" \/>\n<meta property=\"og:url\" content=\"https:\/\/rotary.fi\/d1385\/piiri-ja-klubit-facebookissa\/\" \/>\n<meta property=\"og:site_name\" content=\"Piiri 1385\" \/>\n<meta property=\"article:publisher\" content=\"https:\/\/www.facebook.com\/rotary\/\" \/>\n<meta property=\"article:modified_time\" content=\"2025-08-05T13:56:38+00:00\" \/>\n<meta property=\"og:image\" content=\"https:\/\/rotary.fi\/d1385\/wp-content\/uploads\/sites\/193\/2022\/07\/face-sivu-nettisivulle.jpg\" \/>\n\t<meta property=\"og:image:width\" content=\"1248\" \/>\n\t<meta property=\"og:image:height\" content=\"591\" \/>\n\t<meta property=\"og:image:type\" content=\"image\/jpeg\" \/>\n<meta name=\"twitter:card\" content=\"summary_large_image\" \/>\n<meta name=\"twitter:label1\" content=\"Arvioitu lukuaika\" \/>\n\t<meta name=\"twitter:data1\" content=\"2 minuuttia\" \/>\n<script type=\"application\/ld+json\" class=\"yoast-schema-graph\">{\"@context\":\"https:\/\/schema.org\",\"@graph\":[{\"@type\":\"WebPage\",\"@id\":\"https:\/\/rotary.fi\/d1385\/piiri-ja-klubit-facebookissa\/\",\"url\":\"https:\/\/rotary.fi\/d1385\/piiri-ja-klubit-facebookissa\/\",\"name\":\"Piiri ja klubit Facebookissa - Piiri 1385\",\"isPartOf\":{\"@id\":\"https:\/\/rotary.fi\/d1385\/#website\"},\"primaryImageOfPage\":{\"@id\":\"https:\/\/rotary.fi\/d1385\/piiri-ja-klubit-facebookissa\/#primaryimage\"},\"image\":{\"@id\":\"https:\/\/rotary.fi\/d1385\/piiri-ja-klubit-facebookissa\/#primaryimage\"},\"thumbnailUrl\":\"https:\/\/rotary.fi\/d1385\/wp-content\/uploads\/sites\/193\/2022\/07\/face-sivu-nettisivulle-1024x485.jpg\",\"datePublished\":\"2021-10-16T08:48:41+00:00\",\"dateModified\":\"2025-08-05T13:56:38+00:00\",\"breadcrumb\":{\"@id\":\"https:\/\/rotary.fi\/d1385\/piiri-ja-klubit-facebookissa\/#breadcrumb\"},\"inLanguage\":\"fi\",\"potentialAction\":[{\"@type\":\"ReadAction\",\"target\":[\"https:\/\/rotary.fi\/d1385\/piiri-ja-klubit-facebookissa\/\"]}]},{\"@type\":\"ImageObject\",\"inLanguage\":\"fi\",\"@id\":\"https:\/\/rotary.fi\/d1385\/piiri-ja-klubit-facebookissa\/#primaryimage\",\"url\":\"https:\/\/rotary.fi\/d1385\/wp-content\/uploads\/sites\/193\/2022\/07\/face-sivu-nettisivulle.jpg\",\"contentUrl\":\"https:\/\/rotary.fi\/d1385\/wp-content\/uploads\/sites\/193\/2022\/07\/face-sivu-nettisivulle.jpg\",\"width\":1248,\"height\":591},{\"@type\":\"BreadcrumbList\",\"@id\":\"https:\/\/rotary.fi\/d1385\/piiri-ja-klubit-facebookissa\/#breadcrumb\",\"itemListElement\":[{\"@type\":\"ListItem\",\"position\":1,\"name\":\"Home\",\"item\":\"https:\/\/rotary.fi\/d1385\/\"},{\"@type\":\"ListItem\",\"position\":2,\"name\":\"Piiri ja klubit Facebookissa\"}]},{\"@type\":\"WebSite\",\"@id\":\"https:\/\/rotary.fi\/d1385\/#website\",\"url\":\"https:\/\/rotary.fi\/d1385\/\",\"name\":\"Piiri 1385\",\"description\":\"Suomen Rotary\",\"potentialAction\":[{\"@type\":\"SearchAction\",\"target\":{\"@type\":\"EntryPoint\",\"urlTemplate\":\"https:\/\/rotary.fi\/d1385\/?s={search_term_string}\"},\"query-input\":{\"@type\":\"PropertyValueSpecification\",\"valueRequired\":true,\"valueName\":\"search_term_string\"}}],\"inLanguage\":\"fi\"}]}<\/script>\n<!-- \/ Yoast SEO plugin. -->","yoast_head_json":{"title":"Piiri ja klubit Facebookissa - Piiri 1385","robots":{"index":"index","follow":"follow","max-snippet":"max-snippet:-1","max-image-preview":"max-image-preview:large","max-video-preview":"max-video-preview:-1"},"canonical":"https:\/\/rotary.fi\/d1385\/piiri-ja-klubit-facebookissa\/","og_locale":"fi_FI","og_type":"article","og_title":"Piiri ja klubit Facebookissa - Piiri 1385","og_description":"Piiri D 1385 FacebookissaPiirin klubien Facebook - osoitteita (N\u00e4m\u00e4 klubien Facebook-osoitteet avautuvat tietokoneella) (Klubien internet-sivustojen luettelo avautuu t\u00e4st\u00e4)Jalasj\u00e4rvi Jurva Kajaani Elias Kalajoki Kannus Kauhajoki Kauhava Kauhava H\u00e4rm\u00e4t Kemi Kuusamo Kurikka Laihia MerikoskiMeri-Oulu Nykarleby Oulu Oulu City \u00a0Pietarsaari-M\u00e4ssk\u00e4r Raahe &amp; Pietari Brahe (yhteiset) Rovaniemen Rotaryklubi Rovaniemi Santa Claus Sodankyl\u00e4 Tornio Ylivieska-Jokivarsi Uudet sukupolvet Interact Oulu Rotaract [&hellip;]","og_url":"https:\/\/rotary.fi\/d1385\/piiri-ja-klubit-facebookissa\/","og_site_name":"Piiri 1385","article_publisher":"https:\/\/www.facebook.com\/rotary\/","article_modified_time":"2025-08-05T13:56:38+00:00","og_image":[{"width":1248,"height":591,"url":"https:\/\/rotary.fi\/d1385\/wp-content\/uploads\/sites\/193\/2022\/07\/face-sivu-nettisivulle.jpg","type":"image\/jpeg"}],"twitter_card":"summary_large_image","twitter_misc":{"Arvioitu lukuaika":"2 minuuttia"},"schema":{"@context":"https:\/\/schema.org","@graph":[{"@type":"WebPage","@id":"https:\/\/rotary.fi\/d1385\/piiri-ja-klubit-facebookissa\/","url":"https:\/\/rotary.fi\/d1385\/piiri-ja-klubit-facebookissa\/","name":"Piiri ja klubit Facebookissa - Piiri 1385","isPartOf":{"@id":"https:\/\/rotary.fi\/d1385\/#website"},"primaryImageOfPage":{"@id":"https:\/\/rotary.fi\/d1385\/piiri-ja-klubit-facebookissa\/#primaryimage"},"image":{"@id":"https:\/\/rotary.fi\/d1385\/piiri-ja-klubit-facebookissa\/#primaryimage"},"thumbnailUrl":"https:\/\/rotary.fi\/d1385\/wp-content\/uploads\/sites\/193\/2022\/07\/face-sivu-nettisivulle-1024x485.jpg","datePublished":"2021-10-16T08:48:41+00:00","dateModified":"2025-08-05T13:56:38+00:00","breadcrumb":{"@id":"https:\/\/rotary.fi\/d1385\/piiri-ja-klubit-facebookissa\/#breadcrumb"},"inLanguage":"fi","potentialAction":[{"@type":"ReadAction","target":["https:\/\/rotary.fi\/d1385\/piiri-ja-klubit-facebookissa\/"]}]},{"@type":"ImageObject","inLanguage":"fi","@id":"https:\/\/rotary.fi\/d1385\/piiri-ja-klubit-facebookissa\/#primaryimage","url":"https:\/\/rotary.fi\/d1385\/wp-content\/uploads\/sites\/193\/2022\/07\/face-sivu-nettisivulle.jpg","contentUrl":"https:\/\/rotary.fi\/d1385\/wp-content\/uploads\/sites\/193\/2022\/07\/face-sivu-nettisivulle.jpg","width":1248,"height":591},{"@type":"BreadcrumbList","@id":"https:\/\/rotary.fi\/d1385\/piiri-ja-klubit-facebookissa\/#breadcrumb","itemListElement":[{"@type":"ListItem","position":1,"name":"Home","item":"https:\/\/rotary.fi\/d1385\/"},{"@type":"ListItem","position":2,"name":"Piiri ja klubit Facebookissa"}]},{"@type":"WebSite","@id":"https:\/\/rotary.fi\/d1385\/#website","url":"https:\/\/rotary.fi\/d1385\/","name":"Piiri 1385","description":"Suomen Rotary","potentialAction":[{"@type":"SearchAction","target":{"@type":"EntryPoint","urlTemplate":"https:\/\/rotary.fi\/d1385\/?s={search_term_string}"},"query-input":{"@type":"PropertyValueSpecification","valueRequired":true,"valueName":"search_term_string"}}],"inLanguage":"fi"}]}},"lang":"fi","translations":{"fi":5693},"pll_sync_post":[],"_links":{"self":[{"href":"https:\/\/rotary.fi\/d1385\/wp-json\/wp\/v2\/pages\/5693","targetHints":{"allow":["GET"]}}],"collection":[{"href":"https:\/\/rotary.fi\/d1385\/wp-json\/wp\/v2\/pages"}],"about":[{"href":"https:\/\/rotary.fi\/d1385\/wp-json\/wp\/v2\/types\/page"}],"author":[{"embeddable":true,"href":"https:\/\/rotary.fi\/d1385\/wp-json\/wp\/v2\/users\/16"}],"replies":[{"embeddable":true,"href":"https:\/\/rotary.fi\/d1385\/wp-json\/wp\/v2\/comments?post=5693"}],"version-history":[{"count":9,"href":"https:\/\/rotary.fi\/d1385\/wp-json\/wp\/v2\/pages\/5693\/revisions"}],"predecessor-version":[{"id":6770,"href":"https:\/\/rotary.fi\/d1385\/wp-json\/wp\/v2\/pages\/5693\/revisions\/6770"}],"wp:attachment":[{"href":"https:\/\/rotary.fi\/d1385\/wp-json\/wp\/v2\/media?parent=5693"}],"curies":[{"name":"wp","href":"https:\/\/api.w.org\/{rel}","templated":true}]}}