{"id":4439,"date":"2020-06-30T20:38:24","date_gmt":"2020-06-30T18:38:24","guid":{"rendered":"https:\/\/rotary.fi\/d1385\/?page_id=4439"},"modified":"2025-08-07T08:35:54","modified_gmt":"2025-08-07T06:35:54","slug":"edelliset-kuvernoorit","status":"publish","type":"page","link":"https:\/\/rotary.fi\/d1385\/rotarypiiri1385\/kuvernoori\/edelliset-kuvernoorit\/","title":{"rendered":"Edelliset kuvern\u00f6\u00f6rit"},"content":{"rendered":"<p>[et_pb_section fb_built=&#8221;1&#8243; admin_label=&#8221;Osio&#8221; _builder_version=&#8221;4.16&#8243; background_color=&#8221;#F8F9FA&#8221; global_colors_info=&#8221;{}&#8221;][et_pb_row admin_label=&#8221;Rivi&#8221; _builder_version=&#8221;4.16&#8243; collapsed=&#8221;on&#8221; global_colors_info=&#8221;{}&#8221;][et_pb_column type=&#8221;4_4&#8243; _builder_version=&#8221;4.16&#8243; global_colors_info=&#8221;{}&#8221;][et_pb_text _builder_version=&#8221;4.16&#8243; text_orientation=&#8221;center&#8221; global_colors_info=&#8221;{}&#8221;]<\/p>\n<h3>Edelliset kuvern\u00f6\u00f6rit<\/h3>\n<p>[\/et_pb_text][\/et_pb_column][\/et_pb_row][\/et_pb_section][et_pb_section fb_built=&#8221;1&#8243; admin_label=&#8221;Osio&#8221; _builder_version=&#8221;4.25.2&#8243; _module_preset=&#8221;default&#8221; background_color=&#8221;#F8F9FA&#8221; global_colors_info=&#8221;{}&#8221;][et_pb_row column_structure=&#8221;1_3,1_3,1_3&#8243; admin_label=&#8221;Rivi&#8221; _builder_version=&#8221;4.16&#8243; _module_preset=&#8221;default&#8221; global_colors_info=&#8221;{}&#8221;][et_pb_column type=&#8221;1_3&#8243; _builder_version=&#8221;4.16&#8243; _module_preset=&#8221;default&#8221; global_colors_info=&#8221;{}&#8221;][\/et_pb_column][et_pb_column type=&#8221;1_3&#8243; _builder_version=&#8221;4.16&#8243; _module_preset=&#8221;default&#8221; global_colors_info=&#8221;{}&#8221;][\/et_pb_column][et_pb_column type=&#8221;1_3&#8243; _builder_version=&#8221;4.16&#8243; _module_preset=&#8221;default&#8221; global_colors_info=&#8221;{}&#8221;][\/et_pb_column][\/et_pb_row][et_pb_row column_structure=&#8221;1_4,1_4,1_4,1_4&#8243; _builder_version=&#8221;4.25.2&#8243; _module_preset=&#8221;default&#8221; global_colors_info=&#8221;{}&#8221;][et_pb_column type=&#8221;1_4&#8243; _builder_version=&#8221;4.25.2&#8243; _module_preset=&#8221;default&#8221; global_colors_info=&#8221;{}&#8221;][et_pb_team_member image_url=&#8221;https:\/\/rotary.fi\/d1385\/wp-content\/uploads\/sites\/193\/2022\/07\/matias-email.jpg&#8221; admin_label=&#8221;Henkil\u00f6 DG Matias&#8221; _builder_version=&#8221;4.27.4&#8243; _module_preset=&#8221;default&#8221; custom_padding=&#8221;||8px|||&#8221; border_color_all=&#8221;RGBA(0,0,0,0)&#8221; box_shadow_style=&#8221;preset1&#8243; locked=&#8221;off&#8221; global_colors_info=&#8221;{}&#8221;]<\/p>\n<p>&nbsp;<\/p>\n<h4 class=\"et_pb_module_header\">\u00a0IPDG Matias Granvik<\/h4>\n<p>\u00a0Kuvern\u00f6\u00f6ri 2024 \u2013 2025<\/p>\n<p><span style=\"font-size: 13.6px\">\u00a0 Sein\u00e4joen Rotaryklubi<\/span><\/p>\n<p>\u00a0Tietoliikenne<\/p>\n<p>\u00a0Mobile +358 40 7095588<br \/>\u00a0E-mail\u00a0 <a href=\"mailto:mattismr@gmail.com\">mattismr@gmail.com<\/a><\/p>\n<p>[\/et_pb_team_member][\/et_pb_column][et_pb_column type=&#8221;1_4&#8243; _builder_version=&#8221;4.25.2&#8243; _module_preset=&#8221;default&#8221; global_colors_info=&#8221;{}&#8221;][et_pb_team_member image_url=&#8221;https:\/\/rotary.fi\/d1385\/wp-content\/uploads\/sites\/193\/2022\/07\/petri-email-1.jpg&#8221; admin_label=&#8221;Henkil\u00f6 DG Petri&#8221; _builder_version=&#8221;4.21.0&#8243; _module_preset=&#8221;default&#8221; custom_padding=&#8221;||17px|||&#8221; border_color_all=&#8221;RGBA(0,0,0,0)&#8221; box_shadow_style=&#8221;preset1&#8243; locked=&#8221;off&#8221; global_colors_info=&#8221;{}&#8221;]<\/p>\n<h4>\u00a0<\/h4>\n<h4>\u00a0PDG Petri Ker\u00e4nen<\/h4>\n<p class=\"et_pb_member_position\"><span style=\"color: #0c0c0c\">\u00a0Kuvern\u00f6\u00f6ri 2023 &#8211; 2024<\/span><\/p>\n<div>\n<p><strong>\u00a0<\/strong>Oulu City Rotarykubi<\/p>\n<p>\u00a0Elinkeinot, ty\u00f6voima, osaaminen<\/p>\n<p>\u00a0Mobile +358-400-197 187<br \/>\u00a0E-mail: <a href=\"mailto:petri.keranen@ely-kekus.fi\">petri.keranen@ely-keskus.fi<\/a><\/p>\n<\/div>\n<p>&nbsp;<\/p>\n<p>[\/et_pb_team_member][\/et_pb_column][et_pb_column type=&#8221;1_4&#8243; _builder_version=&#8221;4.25.2&#8243; _module_preset=&#8221;default&#8221; global_colors_info=&#8221;{}&#8221;][et_pb_team_member admin_label=&#8221;Henkil\u00f6 Saarento&#8221; _builder_version=&#8221;4.21.0&#8243; _module_preset=&#8221;default&#8221; border_color_all=&#8221;RGBA(0,0,0,0)&#8221; box_shadow_style=&#8221;preset1&#8243; locked=&#8221;off&#8221; global_colors_info=&#8221;{}&#8221;]<\/p>\n<p><img decoding=\"async\" src=\"https:\/\/rotary.fi\/d1385\/wp-content\/uploads\/sites\/193\/2022\/07\/arja-kuva-enail.jpg\" \/><\/p>\n<h4 class=\"et_pb_module_header\">\u00a0PDG Arja Saarento<\/h4>\n<p class=\"et_pb_member_position\"><span style=\"color: #111111\">\u00a0Kuvern\u00f6\u00f6ri 2022-2023<\/span><\/p>\n<p class=\"et_pb_member_position\"><span style=\"color: #111111\">\u00a0Kemin Rotaryklubi<\/span><\/p>\n<div>\n<p>\u00a0Mets\u00e4teollisuuden tutkimus\u00a0 ja kehitys<\/p>\n<p>\u00a0Mobile +358-40-562 4954<br \/>\u00a0E-mail: <a href=\"mailto:arja.saarento@outlook.com\">arja.saarento@outlook.com<\/a><\/p>\n<\/div>\n<div>\u00a0<\/div>\n<p>&nbsp;<\/p>\n<p>[\/et_pb_team_member][\/et_pb_column][et_pb_column type=&#8221;1_4&#8243; _builder_version=&#8221;4.25.2&#8243; _module_preset=&#8221;default&#8221; global_colors_info=&#8221;{}&#8221;][\/et_pb_column][\/et_pb_row][et_pb_row column_structure=&#8221;1_4,1_4,1_4,1_4&#8243; _builder_version=&#8221;4.27.4&#8243; _module_preset=&#8221;default&#8221; global_colors_info=&#8221;{}&#8221;][et_pb_column type=&#8221;1_4&#8243; _builder_version=&#8221;4.27.4&#8243; _module_preset=&#8221;default&#8221; global_colors_info=&#8221;{}&#8221;][et_pb_team_member admin_label=&#8221;Henkil\u00f6 Nirha&#8221; _builder_version=&#8221;4.17.4&#8243; _module_preset=&#8221;default&#8221; border_color_all=&#8221;RGBA(0,0,0,0)&#8221; box_shadow_style=&#8221;preset1&#8243; locked=&#8221;off&#8221; global_colors_info=&#8221;{}&#8221;]<\/p>\n<p><img loading=\"lazy\" decoding=\"async\" class=\"wp-image-5485 alignnone \" src=\"https:\/\/rotary.fi\/d1385\/wp-content\/uploads\/sites\/193\/2021\/10\/kari-nirha-potrait.jpg\" alt=\"\" width=\"357\" height=\"544\" srcset=\"https:\/\/rotary.fi\/d1385\/wp-content\/uploads\/sites\/193\/2021\/10\/kari-nirha-potrait.jpg 420w, https:\/\/rotary.fi\/d1385\/wp-content\/uploads\/sites\/193\/2021\/10\/kari-nirha-potrait-197x300.jpg 197w\" sizes=\"(max-width: 357px) 100vw, 357px\" \/><\/p>\n<h4 class=\"et_pb_module_header\">\u00a0 PDG Kari\u00a0 Nirha<\/h4>\n<p class=\"et_pb_member_position\">\u00a0 <span style=\"color: #111111\">Kuvern\u00f6\u00f6ri 2021 &#8211; 2022<\/span><\/p>\n<div>\n<p>\u00a0 Lapua Kiviristin Rotaryklubi<br \/>\u00a0 Liikepankit ja rahoitus<\/p>\n<p>\u00a0 Mobile +358 440 102 456<br \/>\u00a0 E-mail: <a href=\"mailto:knirha@gmail.com\">knirha@gmail.com<\/a><\/p>\n<\/div>\n<p>&nbsp;<\/p>\n<p>[\/et_pb_team_member][\/et_pb_column][et_pb_column type=&#8221;1_4&#8243; _builder_version=&#8221;4.27.4&#8243; _module_preset=&#8221;default&#8221; global_colors_info=&#8221;{}&#8221;][et_pb_team_member admin_label=&#8221;Henkil\u00f6 Venanzia&#8221; _builder_version=&#8221;4.17.4&#8243; _module_preset=&#8221;default&#8221; border_color_all=&#8221;RGBA(0,0,0,0)&#8221; box_shadow_style=&#8221;preset1&#8243; locked=&#8221;off&#8221; global_colors_info=&#8221;{}&#8221;]<\/p>\n<p><img loading=\"lazy\" decoding=\"async\" class=\"wp-image-5533 alignnone size-full\" src=\"https:\/\/rotary.fi\/d1385\/wp-content\/uploads\/sites\/193\/2021\/10\/venanzia-2.jpg\" alt=\"\" width=\"315\" height=\"480\" srcset=\"https:\/\/rotary.fi\/d1385\/wp-content\/uploads\/sites\/193\/2021\/10\/venanzia-2.jpg 315w, https:\/\/rotary.fi\/d1385\/wp-content\/uploads\/sites\/193\/2021\/10\/venanzia-2-197x300.jpg 197w\" sizes=\"(max-width: 315px) 100vw, 315px\" \/><\/p>\n<h4 class=\"et_pb_module_header\">\u00a0 PDG Venanzia Rizzi<\/h4>\n<p>\u00a0 Kuvern\u00f6\u00f6ri 2020 &#8211; 2021<\/p>\n<p>\u00a0 Oulu City Rotaryklubi<br \/>\u00a0 Rakentaminen<\/p>\n<p>\u00a0 Mobile +358-44-504 7494<br \/>\u00a0 E-mail: <a href=\"mailto:venanzia.rizzi@kerstax.com\">venanzia.rizzi@kerstax.com<\/a><\/p>\n<p>&nbsp;<\/p>\n<p>[\/et_pb_team_member][\/et_pb_column][et_pb_column type=&#8221;1_4&#8243; _builder_version=&#8221;4.27.4&#8243; _module_preset=&#8221;default&#8221; global_colors_info=&#8221;{}&#8221;][\/et_pb_column][et_pb_column type=&#8221;1_4&#8243; _builder_version=&#8221;4.27.4&#8243; _module_preset=&#8221;default&#8221; global_colors_info=&#8221;{}&#8221;][\/et_pb_column][\/et_pb_row][et_pb_row _builder_version=&#8221;4.17.4&#8243; _module_preset=&#8221;default&#8221; global_colors_info=&#8221;{}&#8221;][et_pb_column type=&#8221;4_4&#8243; _builder_version=&#8221;4.17.4&#8243; _module_preset=&#8221;default&#8221; global_colors_info=&#8221;{}&#8221;][et_pb_button button_url=&#8221;https:\/\/rotary.fi\/d1385\/rotarypiiri1385\/kuvernoori\/&#8221; button_text=&#8221;Takaisin&#8221; button_alignment=&#8221;center&#8221; _builder_version=&#8221;4.17.4&#8243; _module_preset=&#8221;default&#8221; custom_margin=&#8221;40px||40px||false|false&#8221; global_colors_info=&#8221;{}&#8221;][\/et_pb_button][\/et_pb_column][\/et_pb_row][\/et_pb_section]<\/p>\n","protected":false},"excerpt":{"rendered":"<p>Edelliset kuvern\u00f6\u00f6rit&nbsp; \u00a0IPDG Matias Granvik \u00a0Kuvern\u00f6\u00f6ri 2024 \u2013 2025 \u00a0 Sein\u00e4joen Rotaryklubi \u00a0Tietoliikenne \u00a0Mobile +358 40 7095588\u00a0E-mail\u00a0 mattismr@gmail.com\u00a0 \u00a0PDG Petri Ker\u00e4nen \u00a0Kuvern\u00f6\u00f6ri 2023 &#8211; 2024 \u00a0Oulu City Rotarykubi \u00a0Elinkeinot, ty\u00f6voima, osaaminen \u00a0Mobile +358-400-197 187\u00a0E-mail: petri.keranen@ely-keskus.fi &nbsp; \u00a0PDG Arja Saarento \u00a0Kuvern\u00f6\u00f6ri 2022-2023 \u00a0Kemin Rotaryklubi \u00a0Mets\u00e4teollisuuden tutkimus\u00a0 ja kehitys \u00a0Mobile +358-40-562 4954\u00a0E-mail: arja.saarento@outlook.com \u00a0 &nbsp; \u00a0 PDG [&hellip;]<\/p>\n","protected":false},"author":7,"featured_media":0,"parent":2026,"menu_order":0,"comment_status":"closed","ping_status":"closed","template":"","meta":{"_acf_changed":false,"_et_pb_use_builder":"on","_et_pb_old_content":"","_et_gb_content_width":"","footnotes":""},"class_list":["post-4439","page","type-page","status-publish","hentry"],"acf":[],"yoast_head":"<!-- This site is optimized with the Yoast SEO plugin v27.4 - https:\/\/yoast.com\/product\/yoast-seo-wordpress\/ -->\n<title>Edelliset kuvern\u00f6\u00f6rit - Piiri 1385<\/title>\n<meta name=\"robots\" content=\"index, follow, max-snippet:-1, max-image-preview:large, max-video-preview:-1\" \/>\n<link rel=\"canonical\" href=\"https:\/\/rotary.fi\/d1385\/rotarypiiri1385\/kuvernoori\/edelliset-kuvernoorit\/\" \/>\n<meta property=\"og:locale\" content=\"fi_FI\" \/>\n<meta property=\"og:type\" content=\"article\" \/>\n<meta property=\"og:title\" content=\"Edelliset kuvern\u00f6\u00f6rit - Piiri 1385\" \/>\n<meta property=\"og:description\" content=\"Edelliset kuvern\u00f6\u00f6rit&nbsp; \u00a0IPDG Matias Granvik \u00a0Kuvern\u00f6\u00f6ri 2024 \u2013 2025 \u00a0 Sein\u00e4joen Rotaryklubi \u00a0Tietoliikenne \u00a0Mobile +358 40 7095588\u00a0E-mail\u00a0 mattismr@gmail.com\u00a0 \u00a0PDG Petri Ker\u00e4nen \u00a0Kuvern\u00f6\u00f6ri 2023 - 2024 \u00a0Oulu City Rotarykubi \u00a0Elinkeinot, ty\u00f6voima, osaaminen \u00a0Mobile +358-400-197 187\u00a0E-mail: petri.keranen@ely-keskus.fi &nbsp; \u00a0PDG Arja Saarento \u00a0Kuvern\u00f6\u00f6ri 2022-2023 \u00a0Kemin Rotaryklubi \u00a0Mets\u00e4teollisuuden tutkimus\u00a0 ja kehitys \u00a0Mobile +358-40-562 4954\u00a0E-mail: arja.saarento@outlook.com \u00a0 &nbsp; \u00a0 PDG [&hellip;]\" \/>\n<meta property=\"og:url\" content=\"https:\/\/rotary.fi\/d1385\/rotarypiiri1385\/kuvernoori\/edelliset-kuvernoorit\/\" \/>\n<meta property=\"og:site_name\" content=\"Piiri 1385\" \/>\n<meta property=\"article:publisher\" content=\"https:\/\/www.facebook.com\/rotary\/\" \/>\n<meta property=\"article:modified_time\" content=\"2025-08-07T06:35:54+00:00\" \/>\n<meta property=\"og:image\" content=\"https:\/\/rotary.fi\/d1385\/wp-content\/uploads\/sites\/193\/2022\/07\/arja-kuva-enail.jpg\" \/>\n<meta name=\"twitter:card\" content=\"summary_large_image\" \/>\n<meta name=\"twitter:label1\" content=\"Arvioitu lukuaika\" \/>\n\t<meta name=\"twitter:data1\" content=\"2 minuuttia\" \/>\n<script type=\"application\/ld+json\" class=\"yoast-schema-graph\">{\"@context\":\"https:\\\/\\\/schema.org\",\"@graph\":[{\"@type\":\"WebPage\",\"@id\":\"https:\\\/\\\/rotary.fi\\\/d1385\\\/rotarypiiri1385\\\/kuvernoori\\\/edelliset-kuvernoorit\\\/\",\"url\":\"https:\\\/\\\/rotary.fi\\\/d1385\\\/rotarypiiri1385\\\/kuvernoori\\\/edelliset-kuvernoorit\\\/\",\"name\":\"Edelliset kuvern\u00f6\u00f6rit - Piiri 1385\",\"isPartOf\":{\"@id\":\"https:\\\/\\\/rotary.fi\\\/d1385\\\/#website\"},\"primaryImageOfPage\":{\"@id\":\"https:\\\/\\\/rotary.fi\\\/d1385\\\/rotarypiiri1385\\\/kuvernoori\\\/edelliset-kuvernoorit\\\/#primaryimage\"},\"image\":{\"@id\":\"https:\\\/\\\/rotary.fi\\\/d1385\\\/rotarypiiri1385\\\/kuvernoori\\\/edelliset-kuvernoorit\\\/#primaryimage\"},\"thumbnailUrl\":\"https:\\\/\\\/rotary.fi\\\/d1385\\\/wp-content\\\/uploads\\\/sites\\\/193\\\/2022\\\/07\\\/arja-kuva-enail.jpg\",\"datePublished\":\"2020-06-30T18:38:24+00:00\",\"dateModified\":\"2025-08-07T06:35:54+00:00\",\"breadcrumb\":{\"@id\":\"https:\\\/\\\/rotary.fi\\\/d1385\\\/rotarypiiri1385\\\/kuvernoori\\\/edelliset-kuvernoorit\\\/#breadcrumb\"},\"inLanguage\":\"fi\",\"potentialAction\":[{\"@type\":\"ReadAction\",\"target\":[\"https:\\\/\\\/rotary.fi\\\/d1385\\\/rotarypiiri1385\\\/kuvernoori\\\/edelliset-kuvernoorit\\\/\"]}]},{\"@type\":\"ImageObject\",\"inLanguage\":\"fi\",\"@id\":\"https:\\\/\\\/rotary.fi\\\/d1385\\\/rotarypiiri1385\\\/kuvernoori\\\/edelliset-kuvernoorit\\\/#primaryimage\",\"url\":\"https:\\\/\\\/rotary.fi\\\/d1385\\\/wp-content\\\/uploads\\\/sites\\\/193\\\/2022\\\/07\\\/arja-kuva-enail.jpg\",\"contentUrl\":\"https:\\\/\\\/rotary.fi\\\/d1385\\\/wp-content\\\/uploads\\\/sites\\\/193\\\/2022\\\/07\\\/arja-kuva-enail.jpg\",\"width\":541,\"height\":768},{\"@type\":\"BreadcrumbList\",\"@id\":\"https:\\\/\\\/rotary.fi\\\/d1385\\\/rotarypiiri1385\\\/kuvernoori\\\/edelliset-kuvernoorit\\\/#breadcrumb\",\"itemListElement\":[{\"@type\":\"ListItem\",\"position\":1,\"name\":\"Home\",\"item\":\"https:\\\/\\\/rotary.fi\\\/d1385\\\/\"},{\"@type\":\"ListItem\",\"position\":2,\"name\":\"Rotarypiiri 1385\",\"item\":\"https:\\\/\\\/rotary.fi\\\/d1385\\\/rotarypiiri1385\\\/\"},{\"@type\":\"ListItem\",\"position\":3,\"name\":\"Kuvern\u00f6\u00f6ri\",\"item\":\"https:\\\/\\\/rotary.fi\\\/d1385\\\/rotarypiiri1385\\\/kuvernoori\\\/\"},{\"@type\":\"ListItem\",\"position\":4,\"name\":\"Edelliset kuvern\u00f6\u00f6rit\"}]},{\"@type\":\"WebSite\",\"@id\":\"https:\\\/\\\/rotary.fi\\\/d1385\\\/#website\",\"url\":\"https:\\\/\\\/rotary.fi\\\/d1385\\\/\",\"name\":\"Piiri 1385\",\"description\":\"Suomen Rotary\",\"potentialAction\":[{\"@type\":\"SearchAction\",\"target\":{\"@type\":\"EntryPoint\",\"urlTemplate\":\"https:\\\/\\\/rotary.fi\\\/d1385\\\/?s={search_term_string}\"},\"query-input\":{\"@type\":\"PropertyValueSpecification\",\"valueRequired\":true,\"valueName\":\"search_term_string\"}}],\"inLanguage\":\"fi\"}]}<\/script>\n<!-- \/ Yoast SEO plugin. -->","yoast_head_json":{"title":"Edelliset kuvern\u00f6\u00f6rit - Piiri 1385","robots":{"index":"index","follow":"follow","max-snippet":"max-snippet:-1","max-image-preview":"max-image-preview:large","max-video-preview":"max-video-preview:-1"},"canonical":"https:\/\/rotary.fi\/d1385\/rotarypiiri1385\/kuvernoori\/edelliset-kuvernoorit\/","og_locale":"fi_FI","og_type":"article","og_title":"Edelliset kuvern\u00f6\u00f6rit - Piiri 1385","og_description":"Edelliset kuvern\u00f6\u00f6rit&nbsp; \u00a0IPDG Matias Granvik \u00a0Kuvern\u00f6\u00f6ri 2024 \u2013 2025 \u00a0 Sein\u00e4joen Rotaryklubi \u00a0Tietoliikenne \u00a0Mobile +358 40 7095588\u00a0E-mail\u00a0 mattismr@gmail.com\u00a0 \u00a0PDG Petri Ker\u00e4nen \u00a0Kuvern\u00f6\u00f6ri 2023 - 2024 \u00a0Oulu City Rotarykubi \u00a0Elinkeinot, ty\u00f6voima, osaaminen \u00a0Mobile +358-400-197 187\u00a0E-mail: petri.keranen@ely-keskus.fi &nbsp; \u00a0PDG Arja Saarento \u00a0Kuvern\u00f6\u00f6ri 2022-2023 \u00a0Kemin Rotaryklubi \u00a0Mets\u00e4teollisuuden tutkimus\u00a0 ja kehitys \u00a0Mobile +358-40-562 4954\u00a0E-mail: arja.saarento@outlook.com \u00a0 &nbsp; \u00a0 PDG [&hellip;]","og_url":"https:\/\/rotary.fi\/d1385\/rotarypiiri1385\/kuvernoori\/edelliset-kuvernoorit\/","og_site_name":"Piiri 1385","article_publisher":"https:\/\/www.facebook.com\/rotary\/","article_modified_time":"2025-08-07T06:35:54+00:00","og_image":[{"url":"https:\/\/rotary.fi\/d1385\/wp-content\/uploads\/sites\/193\/2022\/07\/arja-kuva-enail.jpg","type":"","width":"","height":""}],"twitter_card":"summary_large_image","twitter_misc":{"Arvioitu lukuaika":"2 minuuttia"},"schema":{"@context":"https:\/\/schema.org","@graph":[{"@type":"WebPage","@id":"https:\/\/rotary.fi\/d1385\/rotarypiiri1385\/kuvernoori\/edelliset-kuvernoorit\/","url":"https:\/\/rotary.fi\/d1385\/rotarypiiri1385\/kuvernoori\/edelliset-kuvernoorit\/","name":"Edelliset kuvern\u00f6\u00f6rit - Piiri 1385","isPartOf":{"@id":"https:\/\/rotary.fi\/d1385\/#website"},"primaryImageOfPage":{"@id":"https:\/\/rotary.fi\/d1385\/rotarypiiri1385\/kuvernoori\/edelliset-kuvernoorit\/#primaryimage"},"image":{"@id":"https:\/\/rotary.fi\/d1385\/rotarypiiri1385\/kuvernoori\/edelliset-kuvernoorit\/#primaryimage"},"thumbnailUrl":"https:\/\/rotary.fi\/d1385\/wp-content\/uploads\/sites\/193\/2022\/07\/arja-kuva-enail.jpg","datePublished":"2020-06-30T18:38:24+00:00","dateModified":"2025-08-07T06:35:54+00:00","breadcrumb":{"@id":"https:\/\/rotary.fi\/d1385\/rotarypiiri1385\/kuvernoori\/edelliset-kuvernoorit\/#breadcrumb"},"inLanguage":"fi","potentialAction":[{"@type":"ReadAction","target":["https:\/\/rotary.fi\/d1385\/rotarypiiri1385\/kuvernoori\/edelliset-kuvernoorit\/"]}]},{"@type":"ImageObject","inLanguage":"fi","@id":"https:\/\/rotary.fi\/d1385\/rotarypiiri1385\/kuvernoori\/edelliset-kuvernoorit\/#primaryimage","url":"https:\/\/rotary.fi\/d1385\/wp-content\/uploads\/sites\/193\/2022\/07\/arja-kuva-enail.jpg","contentUrl":"https:\/\/rotary.fi\/d1385\/wp-content\/uploads\/sites\/193\/2022\/07\/arja-kuva-enail.jpg","width":541,"height":768},{"@type":"BreadcrumbList","@id":"https:\/\/rotary.fi\/d1385\/rotarypiiri1385\/kuvernoori\/edelliset-kuvernoorit\/#breadcrumb","itemListElement":[{"@type":"ListItem","position":1,"name":"Home","item":"https:\/\/rotary.fi\/d1385\/"},{"@type":"ListItem","position":2,"name":"Rotarypiiri 1385","item":"https:\/\/rotary.fi\/d1385\/rotarypiiri1385\/"},{"@type":"ListItem","position":3,"name":"Kuvern\u00f6\u00f6ri","item":"https:\/\/rotary.fi\/d1385\/rotarypiiri1385\/kuvernoori\/"},{"@type":"ListItem","position":4,"name":"Edelliset kuvern\u00f6\u00f6rit"}]},{"@type":"WebSite","@id":"https:\/\/rotary.fi\/d1385\/#website","url":"https:\/\/rotary.fi\/d1385\/","name":"Piiri 1385","description":"Suomen Rotary","potentialAction":[{"@type":"SearchAction","target":{"@type":"EntryPoint","urlTemplate":"https:\/\/rotary.fi\/d1385\/?s={search_term_string}"},"query-input":{"@type":"PropertyValueSpecification","valueRequired":true,"valueName":"search_term_string"}}],"inLanguage":"fi"}]}},"lang":"fi","translations":{"fi":4439,"sv":5947},"pll_sync_post":[],"_links":{"self":[{"href":"https:\/\/rotary.fi\/d1385\/wp-json\/wp\/v2\/pages\/4439","targetHints":{"allow":["GET"]}}],"collection":[{"href":"https:\/\/rotary.fi\/d1385\/wp-json\/wp\/v2\/pages"}],"about":[{"href":"https:\/\/rotary.fi\/d1385\/wp-json\/wp\/v2\/types\/page"}],"author":[{"embeddable":true,"href":"https:\/\/rotary.fi\/d1385\/wp-json\/wp\/v2\/users\/7"}],"replies":[{"embeddable":true,"href":"https:\/\/rotary.fi\/d1385\/wp-json\/wp\/v2\/comments?post=4439"}],"version-history":[{"count":10,"href":"https:\/\/rotary.fi\/d1385\/wp-json\/wp\/v2\/pages\/4439\/revisions"}],"predecessor-version":[{"id":6827,"href":"https:\/\/rotary.fi\/d1385\/wp-json\/wp\/v2\/pages\/4439\/revisions\/6827"}],"up":[{"embeddable":true,"href":"https:\/\/rotary.fi\/d1385\/wp-json\/wp\/v2\/pages\/2026"}],"wp:attachment":[{"href":"https:\/\/rotary.fi\/d1385\/wp-json\/wp\/v2\/media?parent=4439"}],"curies":[{"name":"wp","href":"https:\/\/api.w.org\/{rel}","templated":true}]}}