{"id":2017,"date":"2018-08-27T09:29:56","date_gmt":"2018-08-27T07:29:56","guid":{"rendered":"https:\/\/rotary.fi\/piirisivusto\/?page_id=2017"},"modified":"2025-08-18T11:10:49","modified_gmt":"2025-08-18T09:10:49","slug":"rotarypiiri1385","status":"publish","type":"page","link":"https:\/\/rotary.fi\/d1385\/rotarypiiri1385\/","title":{"rendered":"Rotarypiiri 1385"},"content":{"rendered":"<p>[et_pb_section fb_built=&#8221;1&#8243; module_class=&#8221;jumbotron-page&#8221; _builder_version=&#8221;4.16&#8243; background_image=&#8221;https:\/\/rotary.fi\/d1385\/wp-content\/uploads\/sites\/193\/2020\/07\/piirin-ylacc88banner.jpg&#8221; background_size=&#8221;initial&#8221; global_colors_info=&#8221;{}&#8221;][et_pb_row module_class=&#8221; et_pb_row_fullwidth et_pb_row_fullwidth et_pb_row_fullwidth et_pb_row_fullwidth et_pb_row_fullwidth&#8221; _builder_version=&#8221;4.16&#8243; width=&#8221;89%&#8221; width_tablet=&#8221;80%&#8221; width_phone=&#8221;&#8221; width_last_edited=&#8221;on|desktop&#8221; max_width=&#8221;89%&#8221; max_width_tablet=&#8221;80%&#8221; max_width_phone=&#8221;&#8221; max_width_last_edited=&#8221;on|desktop&#8221; make_fullwidth=&#8221;on&#8221; global_colors_info=&#8221;{}&#8221;][et_pb_column type=&#8221;4_4&#8243; _builder_version=&#8221;4.16&#8243; custom_padding=&#8221;|||&#8221; global_colors_info=&#8221;{}&#8221; custom_padding__hover=&#8221;|||&#8221;][et_pb_text admin_label=&#8221;P\u00e4\u00e4otsikko: Rotarypiiri 1385 esittelyss\u00e4&#8221; _builder_version=&#8221;4.27.4&#8243; text_font=&#8221;|300|||||||&#8221; text_font_size=&#8221;12px&#8221; text_line_height=&#8221;1.4em&#8221; text_orientation=&#8221;center&#8221; background_layout=&#8221;dark&#8221; hover_enabled=&#8221;0&#8243; z_index_tablet=&#8221;500&#8243; locked=&#8221;off&#8221; collapsed=&#8221;off&#8221; global_colors_info=&#8221;{}&#8221; sticky_enabled=&#8221;0&#8243;]<\/p>\n<h1 style=\"text-align: center\">Piirimme alue kattaa kuusi maakuntaa ja yli puolet Suomen pinta-alasta<\/h1>\n<p>[\/et_pb_text][\/et_pb_column][\/et_pb_row][\/et_pb_section][et_pb_section fb_built=&#8221;1&#8243; module_class=&#8221;jumbotron-page&#8221; _builder_version=&#8221;4.16&#8243; background_image=&#8221;https:\/\/rotary.fi\/d1385\/wp-content\/uploads\/sites\/193\/2020\/07\/maakunnat-1.jpg&#8221; background_size=&#8221;contain&#8221; custom_margin=&#8221;0px|||||&#8221; global_colors_info=&#8221;{}&#8221;][et_pb_row module_class=&#8221; et_pb_row_fullwidth et_pb_row_fullwidth et_pb_row_fullwidth et_pb_row_fullwidth et_pb_row_fullwidth&#8221; _builder_version=&#8221;4.16&#8243; width=&#8221;89%&#8221; width_tablet=&#8221;80%&#8221; width_phone=&#8221;&#8221; width_last_edited=&#8221;on|desktop&#8221; max_width=&#8221;89%&#8221; max_width_tablet=&#8221;80%&#8221; max_width_phone=&#8221;&#8221; max_width_last_edited=&#8221;on|desktop&#8221; make_fullwidth=&#8221;on&#8221; global_colors_info=&#8221;{}&#8221;][et_pb_column type=&#8221;4_4&#8243; _builder_version=&#8221;4.16&#8243; custom_padding=&#8221;|||&#8221; global_colors_info=&#8221;{}&#8221; custom_padding__hover=&#8221;|||&#8221;][\/et_pb_column][\/et_pb_row][\/et_pb_section][et_pb_section fb_built=&#8221;1&#8243; module_class=&#8221;sisaltoalue_perus&#8221; _builder_version=&#8221;4.16&#8243; custom_margin=&#8221;||40px|&#8221; global_colors_info=&#8221;{}&#8221;][et_pb_row column_structure=&#8221;3_5,2_5&#8243; _builder_version=&#8221;4.16&#8243; background_size=&#8221;initial&#8221; background_position=&#8221;top_left&#8221; background_repeat=&#8221;repeat&#8221; global_colors_info=&#8221;{}&#8221;][et_pb_column type=&#8221;3_5&#8243; _builder_version=&#8221;4.16&#8243; custom_padding=&#8221;|||&#8221; global_colors_info=&#8221;{}&#8221; custom_padding__hover=&#8221;|||&#8221;][et_pb_text admin_label=&#8221;P\u00e4\u00e4otsikko ennen sis\u00e4lt\u00f6\u00e4: Rotarypiiri 1385&#8243; _builder_version=&#8221;4.16&#8243; text_orientation=&#8221;center&#8221; z_index_tablet=&#8221;500&#8243; global_colors_info=&#8221;{}&#8221;]<\/p>\n<h1 style=\"text-align: left\">Rotarypiiri 1385<\/h1>\n<p>[\/et_pb_text][et_pb_text admin_label=&#8221;Teksti&#8221; _builder_version=&#8221;4.27.4&#8243; z_index_tablet=&#8221;500&#8243; global_colors_info=&#8221;{}&#8221;]<\/p>\n<p>Rotarypiirimme 1385 on yksi viidest\u00e4 Suomessa toimivasta piirist\u00e4.<\/p>\n<h4><strong>Piirin johto<\/strong><\/h4>\n<p>Piiri\u00e4 johtaa kuvern\u00f6\u00f6ri (DG) yhdess\u00e4 piirineuvoston kanssa apunaan piirineuvosto,\u00a0 piirikomiteat ja eri alueiden apulaiskuvern\u00f6\u00f6rit\u00a0(AG:t).\u00a0Kuvern\u00f6\u00f6rin toimikausi on rotaryvuosi (01.07.-30.06), jonka aikana h\u00e4n vierailee kaikissa piirin klubeissa.<\/p>\n<p>Kuvern\u00f6\u00f6rin ja rotarypiirin teht\u00e4v\u00e4n\u00e4 on tukea ja koordinoida alueensa klubien toimintaa ja rotarytoiminnan kehitt\u00e4mist\u00e4 alueellaan.<\/p>\n<p>Tulevan rotaryvuoden kuvern\u00f6\u00f6rin valitsee nime\u00e4mistoimikunta\u00a0klubien esitt\u00e4mist\u00e4 ehdokkaista. Valinta vahvistetaan lopullisesti\u00a0 Rotary Internationalin vuosittain pidett\u00e4v\u00e4ss\u00e4 maailman konferenssissa. Kuvern\u00f6\u00f6ri toimii piiriss\u00e4\u00e4n RI:n edustajana.<\/p>\n<p>Piirin nime\u00e4miskomitea valitsee klubien asettamista ehdokkaista sopivimmaksi katsomansa kuvern\u00f6\u00f6rin. Tuleva kuvern\u00f6\u00f6ri nimitet\u00e4\u00e4n Rotary Internationalin maailmankonferenssissa.<\/p>\n<h4><strong>Tapahtumat<\/strong><\/h4>\n<p>Piiri j\u00e4rjest\u00e4\u00e4 klubeille vuosittain useita tapahtumia.\u00a0<span style=\"font-size: 16px\">T\u00e4rkeimpi\u00e4 kaikille rotareille tarkoitettuja yhteisi\u00e4 tapahtumia ovat syyskauden Piirikokous ja kev\u00e4\u00e4ll\u00e4 pidett\u00e4v\u00e4 juhlava Piirikonferenssi.<\/span><\/p>\n<p>Piiri j\u00e4rjest\u00e4\u00e4 my\u00f6s erilaisia koulutustapahtumia, joista t\u00e4rkein on alkuvuodesta pidett\u00e4v\u00e4 PETS-koulutus tulevan rotaryvuoden klubien presidenteille ja muille klubivirkailijoille.\u00a0 Lis\u00e4ksi tarjolla on mm. nuorisovaihdon ja rotarys\u00e4\u00e4ti\u00f6asioiden koulutusta sek\u00e4 <a href=\"https:\/\/sites.google.com\/rotaryd1385.org\/rli\/rli-koulutussis%C3%A4ll%C3%B6t\" target=\"_blank\" rel=\"noopener\">RLI eli Rotary Leadership Institute -koulutus.<\/a><\/p>\n<p>[\/et_pb_text][\/et_pb_column][et_pb_column type=&#8221;2_5&#8243; _builder_version=&#8221;4.16&#8243; custom_padding=&#8221;|||&#8221; global_colors_info=&#8221;{}&#8221; custom_padding__hover=&#8221;|||&#8221;][et_pb_image src=&#8221;https:\/\/rotary.fi\/d1385\/wp-content\/uploads\/sites\/193\/2021\/06\/suomen-rotarypiirit-2020-varein.png&#8221; title_text=&#8221;Suomen-Rotarypiirit-2020-va\u0308rein&#8221; url=&#8221;https:\/\/www.google.com\/maps\/d\/edit?mid=1Cb7beb1d0uTL1yG5IfYw1NDELTD5v_We&amp;usp=sharing&#8221; url_new_window=&#8221;on&#8221; align_tablet=&#8221;center&#8221; align_phone=&#8221;&#8221; align_last_edited=&#8221;on|desktop&#8221; _builder_version=&#8221;4.16&#8243; z_index_tablet=&#8221;500&#8243; border_width_all=&#8221;10px&#8221; border_color_all=&#8221;#ffffff&#8221; box_shadow_style=&#8221;preset1&#8243; box_shadow_blur=&#8221;5px&#8221; global_colors_info=&#8221;{}&#8221;]<\/p>\n<p>[\/et_pb_image][et_pb_code _builder_version=&#8221;4.16&#8243; global_colors_info=&#8221;{}&#8221;][\/et_pb_code][et_pb_code _builder_version=&#8221;4.16&#8243; global_colors_info=&#8221;{}&#8221;][\/et_pb_code][\/et_pb_column][\/et_pb_row][et_pb_row _builder_version=&#8221;4.16&#8243; _module_preset=&#8221;default&#8221; global_colors_info=&#8221;{}&#8221;][et_pb_column type=&#8221;4_4&#8243; _builder_version=&#8221;4.16&#8243; _module_preset=&#8221;default&#8221; global_colors_info=&#8221;{}&#8221;][et_pb_text _builder_version=&#8221;4.27.4&#8243; _module_preset=&#8221;default&#8221; global_colors_info=&#8221;{}&#8221;]<\/p>\n<div>\n<h4 class=\"m_-1196307579947714835size-16\">\u00a0<\/h4>\n<\/div>\n<div>\n<div>\n<p>&nbsp;<\/p>\n<\/div>\n<\/div>\n<p>[\/et_pb_text][\/et_pb_column][\/et_pb_row][\/et_pb_section]<\/p>\n","protected":false},"excerpt":{"rendered":"<p>Piirimme alue kattaa kuusi maakuntaa ja yli puolet Suomen pinta-alastaRotarypiiri 1385Rotarypiirimme 1385 on yksi viidest\u00e4 Suomessa toimivasta piirist\u00e4. Piirin johto Piiri\u00e4 johtaa kuvern\u00f6\u00f6ri (DG) yhdess\u00e4 piirineuvoston kanssa apunaan piirineuvosto,\u00a0 piirikomiteat ja eri alueiden apulaiskuvern\u00f6\u00f6rit\u00a0(AG:t).\u00a0Kuvern\u00f6\u00f6rin toimikausi on rotaryvuosi (01.07.-30.06), jonka aikana h\u00e4n vierailee kaikissa piirin klubeissa. Kuvern\u00f6\u00f6rin ja rotarypiirin teht\u00e4v\u00e4n\u00e4 on tukea ja koordinoida alueensa klubien [&hellip;]<\/p>\n","protected":false},"author":1,"featured_media":0,"parent":0,"menu_order":1,"comment_status":"closed","ping_status":"closed","template":"","meta":{"_acf_changed":false,"_et_pb_use_builder":"on","_et_pb_old_content":"","_et_gb_content_width":"","footnotes":""},"class_list":["post-2017","page","type-page","status-publish","hentry"],"acf":[],"yoast_head":"<!-- This site is optimized with the Yoast SEO plugin v27.4 - https:\/\/yoast.com\/product\/yoast-seo-wordpress\/ -->\n<title>Rotarypiiri 1385 - Piiri 1385<\/title>\n<meta name=\"robots\" content=\"index, follow, max-snippet:-1, max-image-preview:large, max-video-preview:-1\" \/>\n<link rel=\"canonical\" href=\"https:\/\/rotary.fi\/d1385\/rotarypiiri1385\/\" \/>\n<meta property=\"og:locale\" content=\"fi_FI\" \/>\n<meta property=\"og:type\" content=\"article\" \/>\n<meta property=\"og:title\" content=\"Rotarypiiri 1385 - Piiri 1385\" \/>\n<meta property=\"og:description\" content=\"Piirimme alue kattaa kuusi maakuntaa ja yli puolet Suomen pinta-alastaRotarypiiri 1385Rotarypiirimme 1385 on yksi viidest\u00e4 Suomessa toimivasta piirist\u00e4. Piirin johto Piiri\u00e4 johtaa kuvern\u00f6\u00f6ri (DG) yhdess\u00e4 piirineuvoston kanssa apunaan piirineuvosto,\u00a0 piirikomiteat ja eri alueiden apulaiskuvern\u00f6\u00f6rit\u00a0(AG:t).\u00a0Kuvern\u00f6\u00f6rin toimikausi on rotaryvuosi (01.07.-30.06), jonka aikana h\u00e4n vierailee kaikissa piirin klubeissa. Kuvern\u00f6\u00f6rin ja rotarypiirin teht\u00e4v\u00e4n\u00e4 on tukea ja koordinoida alueensa klubien [&hellip;]\" \/>\n<meta property=\"og:url\" content=\"https:\/\/rotary.fi\/d1385\/rotarypiiri1385\/\" \/>\n<meta property=\"og:site_name\" content=\"Piiri 1385\" \/>\n<meta property=\"article:publisher\" content=\"https:\/\/www.facebook.com\/rotary\/\" \/>\n<meta property=\"article:modified_time\" content=\"2025-08-18T09:10:49+00:00\" \/>\n<meta name=\"twitter:card\" content=\"summary_large_image\" \/>\n<meta name=\"twitter:label1\" content=\"Arvioitu lukuaika\" \/>\n\t<meta name=\"twitter:data1\" content=\"2 minuuttia\" \/>\n<script type=\"application\/ld+json\" class=\"yoast-schema-graph\">{\"@context\":\"https:\\\/\\\/schema.org\",\"@graph\":[{\"@type\":\"WebPage\",\"@id\":\"https:\\\/\\\/rotary.fi\\\/d1385\\\/rotarypiiri1385\\\/\",\"url\":\"https:\\\/\\\/rotary.fi\\\/d1385\\\/rotarypiiri1385\\\/\",\"name\":\"Rotarypiiri 1385 - Piiri 1385\",\"isPartOf\":{\"@id\":\"https:\\\/\\\/rotary.fi\\\/d1385\\\/#website\"},\"datePublished\":\"2018-08-27T07:29:56+00:00\",\"dateModified\":\"2025-08-18T09:10:49+00:00\",\"breadcrumb\":{\"@id\":\"https:\\\/\\\/rotary.fi\\\/d1385\\\/rotarypiiri1385\\\/#breadcrumb\"},\"inLanguage\":\"fi\",\"potentialAction\":[{\"@type\":\"ReadAction\",\"target\":[\"https:\\\/\\\/rotary.fi\\\/d1385\\\/rotarypiiri1385\\\/\"]}]},{\"@type\":\"BreadcrumbList\",\"@id\":\"https:\\\/\\\/rotary.fi\\\/d1385\\\/rotarypiiri1385\\\/#breadcrumb\",\"itemListElement\":[{\"@type\":\"ListItem\",\"position\":1,\"name\":\"Home\",\"item\":\"https:\\\/\\\/rotary.fi\\\/d1385\\\/\"},{\"@type\":\"ListItem\",\"position\":2,\"name\":\"Rotarypiiri 1385\"}]},{\"@type\":\"WebSite\",\"@id\":\"https:\\\/\\\/rotary.fi\\\/d1385\\\/#website\",\"url\":\"https:\\\/\\\/rotary.fi\\\/d1385\\\/\",\"name\":\"Piiri 1385\",\"description\":\"Suomen Rotary\",\"potentialAction\":[{\"@type\":\"SearchAction\",\"target\":{\"@type\":\"EntryPoint\",\"urlTemplate\":\"https:\\\/\\\/rotary.fi\\\/d1385\\\/?s={search_term_string}\"},\"query-input\":{\"@type\":\"PropertyValueSpecification\",\"valueRequired\":true,\"valueName\":\"search_term_string\"}}],\"inLanguage\":\"fi\"}]}<\/script>\n<!-- \/ Yoast SEO plugin. -->","yoast_head_json":{"title":"Rotarypiiri 1385 - Piiri 1385","robots":{"index":"index","follow":"follow","max-snippet":"max-snippet:-1","max-image-preview":"max-image-preview:large","max-video-preview":"max-video-preview:-1"},"canonical":"https:\/\/rotary.fi\/d1385\/rotarypiiri1385\/","og_locale":"fi_FI","og_type":"article","og_title":"Rotarypiiri 1385 - Piiri 1385","og_description":"Piirimme alue kattaa kuusi maakuntaa ja yli puolet Suomen pinta-alastaRotarypiiri 1385Rotarypiirimme 1385 on yksi viidest\u00e4 Suomessa toimivasta piirist\u00e4. Piirin johto Piiri\u00e4 johtaa kuvern\u00f6\u00f6ri (DG) yhdess\u00e4 piirineuvoston kanssa apunaan piirineuvosto,\u00a0 piirikomiteat ja eri alueiden apulaiskuvern\u00f6\u00f6rit\u00a0(AG:t).\u00a0Kuvern\u00f6\u00f6rin toimikausi on rotaryvuosi (01.07.-30.06), jonka aikana h\u00e4n vierailee kaikissa piirin klubeissa. Kuvern\u00f6\u00f6rin ja rotarypiirin teht\u00e4v\u00e4n\u00e4 on tukea ja koordinoida alueensa klubien [&hellip;]","og_url":"https:\/\/rotary.fi\/d1385\/rotarypiiri1385\/","og_site_name":"Piiri 1385","article_publisher":"https:\/\/www.facebook.com\/rotary\/","article_modified_time":"2025-08-18T09:10:49+00:00","twitter_card":"summary_large_image","twitter_misc":{"Arvioitu lukuaika":"2 minuuttia"},"schema":{"@context":"https:\/\/schema.org","@graph":[{"@type":"WebPage","@id":"https:\/\/rotary.fi\/d1385\/rotarypiiri1385\/","url":"https:\/\/rotary.fi\/d1385\/rotarypiiri1385\/","name":"Rotarypiiri 1385 - Piiri 1385","isPartOf":{"@id":"https:\/\/rotary.fi\/d1385\/#website"},"datePublished":"2018-08-27T07:29:56+00:00","dateModified":"2025-08-18T09:10:49+00:00","breadcrumb":{"@id":"https:\/\/rotary.fi\/d1385\/rotarypiiri1385\/#breadcrumb"},"inLanguage":"fi","potentialAction":[{"@type":"ReadAction","target":["https:\/\/rotary.fi\/d1385\/rotarypiiri1385\/"]}]},{"@type":"BreadcrumbList","@id":"https:\/\/rotary.fi\/d1385\/rotarypiiri1385\/#breadcrumb","itemListElement":[{"@type":"ListItem","position":1,"name":"Home","item":"https:\/\/rotary.fi\/d1385\/"},{"@type":"ListItem","position":2,"name":"Rotarypiiri 1385"}]},{"@type":"WebSite","@id":"https:\/\/rotary.fi\/d1385\/#website","url":"https:\/\/rotary.fi\/d1385\/","name":"Piiri 1385","description":"Suomen Rotary","potentialAction":[{"@type":"SearchAction","target":{"@type":"EntryPoint","urlTemplate":"https:\/\/rotary.fi\/d1385\/?s={search_term_string}"},"query-input":{"@type":"PropertyValueSpecification","valueRequired":true,"valueName":"search_term_string"}}],"inLanguage":"fi"}]}},"lang":"fi","translations":{"fi":2017,"sv":2629,"en":2881},"pll_sync_post":[],"_links":{"self":[{"href":"https:\/\/rotary.fi\/d1385\/wp-json\/wp\/v2\/pages\/2017","targetHints":{"allow":["GET"]}}],"collection":[{"href":"https:\/\/rotary.fi\/d1385\/wp-json\/wp\/v2\/pages"}],"about":[{"href":"https:\/\/rotary.fi\/d1385\/wp-json\/wp\/v2\/types\/page"}],"author":[{"embeddable":true,"href":"https:\/\/rotary.fi\/d1385\/wp-json\/wp\/v2\/users\/1"}],"replies":[{"embeddable":true,"href":"https:\/\/rotary.fi\/d1385\/wp-json\/wp\/v2\/comments?post=2017"}],"version-history":[{"count":10,"href":"https:\/\/rotary.fi\/d1385\/wp-json\/wp\/v2\/pages\/2017\/revisions"}],"predecessor-version":[{"id":6930,"href":"https:\/\/rotary.fi\/d1385\/wp-json\/wp\/v2\/pages\/2017\/revisions\/6930"}],"wp:attachment":[{"href":"https:\/\/rotary.fi\/d1385\/wp-json\/wp\/v2\/media?parent=2017"}],"curies":[{"name":"wp","href":"https:\/\/api.w.org\/{rel}","templated":true}]}}