{"id":142,"date":"2018-08-10T14:04:45","date_gmt":"2018-08-10T11:04:45","guid":{"rendered":"https:\/\/rotary.fi\/klubi2\/?page_id=142"},"modified":"2019-02-12T21:47:52","modified_gmt":"2019-02-12T19:47:52","slug":"ilo-esitella","status":"publish","type":"page","link":"https:\/\/rotary.fi\/alajarvi\/keita-olemme\/ilo-esitella\/","title":{"rendered":"Ilo esitell\u00e4"},"content":{"rendered":"<p>[et_pb_section bb_built=&#8221;1&#8243; module_class=&#8221;jumbotron-page&#8221; _builder_version=&#8221;3.17.2&#8243; background_image=&#8221;https:\/\/rotary.fi\/alajarvi\/wp-content\/uploads\/sites\/50\/2018\/10\/rotary_klubit_alasivu_paakuva_14.jpg&#8221; next_background_color=&#8221;#ffffff&#8221;][et_pb_row _builder_version=&#8221;3.0.48&#8243; background_size=&#8221;initial&#8221; background_position=&#8221;top_left&#8221; background_repeat=&#8221;repeat&#8221;][et_pb_column type=&#8221;4_4&#8243;][et_pb_text admin_label=&#8221;P\u00e4\u00e4otsikko&#8221; _builder_version=&#8221;3.17&#8243; text_orientation=&#8221;center&#8221; background_layout=&#8221;dark&#8221;]<\/p>\n<h1>Ilo esitell\u00e4<\/h1>\n<p>[\/et_pb_text][\/et_pb_column][\/et_pb_row][\/et_pb_section][et_pb_section bb_built=&#8221;1&#8243; specialty=&#8221;on&#8221; module_class_2=&#8221;sivupalkki&#8221; _builder_version=&#8221;3.4.1&#8243; prev_background_color=&#8221;#000000&#8243;][et_pb_column type=&#8221;2_3&#8243; specialty_columns=&#8221;2&#8243;][et_pb_row_inner admin_label=&#8221;Rivi&#8221; _builder_version=&#8221;3.0.47&#8243;][et_pb_column_inner type=&#8221;4_4&#8243; saved_specialty_column_type=&#8221;2_3&#8243;][et_pb_text admin_label=&#8221;Ilo esitell\u00e4 &#8211; Otsikko&#8221; _builder_version=&#8221;3.17&#8243; text_orientation=&#8221;center&#8221;]<\/p>\n<h1>Ilo esitell\u00e4<\/h1>\n<p>[\/et_pb_text][et_pb_text _builder_version=&#8221;3.19.5&#8243;]<\/p>\n<p>\u00a0<\/p>\n<div class=\"main-wrap\">\n<div id=\"wsite-content\" class=\"wsite-elements wsite-not-footer\">\n<div class=\"wsite-section-wrap\">\n<div class=\"wsite-section wsite-body-section wsite-background-9\">\n<div class=\"wsite-section-content\">\n<div class=\"container\">\n<div class=\"wsite-section-elements\">\n<div class=\"paragraph\">\u200bJaakko Siikala<\/p>\n<p><strong>Alaj\u00e4rven Rotaryklubi 50 vuotta<\/strong><br \/><strong>\u00a0<\/strong><br \/><strong>Pikakatsaus \u201desihistoriikkia\u201d<\/strong><br \/><strong>\u00a0<\/strong><br \/>Rotaryn historiaa koskevien tietol\u00e4hteiden mukaan kansainv\u00e4linen rotaryj\u00e4rjest\u00f6 perustettiin Chicagossa Yhdysvalloissa vuonna 1905. Perustajina olivat asianajaja Paul Harris ja h\u00e4nen kolme<br \/>yst\u00e4v\u00e4\u00e4ns\u00e4. J\u00e4rjest\u00f6n \u201dty\u00f6nimen\u00e4\u201d alettiin k\u00e4ytt\u00e4\u00e4 sanaa\u00a0<strong>rotary<\/strong>\u00a0siit\u00e4 syyst\u00e4, ett\u00e4 perustajat kokoontuivat aluksi \u201dkiert\u00e4v\u00e4sti\u201d, rotaationa, kunkin j\u00e4senen tomipaikassa. T\u00e4m\u00e4 k\u00e4yt\u00e4nt\u00f6<br \/>poistui kuitenkin pian, mutta nimen\u00e4 s\u00e4ilyi rotary.<\/p>\n<p><strong>Asioita ja ilmi\u00f6it\u00e4 Alaj\u00e4rvell\u00e4 vuonna 1966<\/strong><\/p>\n<p>Alaj\u00e4rvi oli tuolloin itsen\u00e4isen\u00e4 kuntana saavuttamassa runsaan vuoden kuluessa 100-vuotiaan merkkipaalun. Toinen voimakas muuttoliike oli viimeisten 15 vuoden aikana verottanut kunnan v\u00e4kilukua l\u00e4hes 1700 henkil\u00f6ll\u00e4. Samassa ajassa oli\u00a0\u00a0\u00a0Ruotsiin ja Etel\u00e4-Suomeen muuttanut kaikkiaan runsaat 3600 henkil\u00f6\u00e4. Meille 2000-lukulaisille ei kovin usein tule mieleen, ett\u00e4 sodan p\u00e4\u00e4ttymisest\u00e4 oli tuolloin kulunut vasta runsaat 20 vuotta. Maantieyhteydet l\u00e4hinn\u00e4 l\u00e4nteen ja it\u00e4\u00e4n p\u00e4in kohentuvat tuntuvasti uusien \u201dpikiteiden\u201d muodossa. Autokanta kasvaa voimakkaasti. Uusia oppilaitoksia syntyy: kansalaisopisto ja kauppaoppilaitos aloittavat. Akateemikko Alvar Aallon piirt\u00e4m\u00e4\u00e4 kunnan virastotaloa rakennetaan. Vanhan pappilan maille Kaupinniemeen nousee kansalaiskoulun\u00a0\u00a0\u00a0mittava punatiilikompleksi. Alaj\u00e4rvell\u00e4 elet\u00e4\u00e4n vuotta 1966. Kehittyvien<br \/>peruselinkeinojen lis\u00e4ksi yritystoiminta ja palvelujen paletti monipuolistuu.<\/p>\n<p><strong>Alaj\u00e4rven Rotaryklubin perustamisvaiheista<\/strong><\/p>\n<p>Edell\u00e4 kuvattiin muutamia alaj\u00e4rvel\u00e4isi\u00e4 1960-luvun puoliv\u00e4lin paikkeille osuneita ajan ilmi\u00f6it\u00e4 ja kehitystapahtumia. Kirjoitelmani vuotta 1965 koskevaan henkil\u00f6katsaukseen olen saanut lainata jo vuosia sitten edesmenneen rotaryveljen Vilho Hauta-ahon seikkaper\u00e4ist\u00e4 klubin 30-vuotishistoriikkia syksylt\u00e4 1996.<\/p>\n<p>Klubin syntymisen kannalta olennaiseksi tapahtumaksi osoittautui se, ett\u00e4 vuoden 1965 syksyll\u00e4 olivat Lapuan Rotaryklubin j\u00e4senet Uuno Keltikangas ja Sulo Liljamo keskustelleet Alaj\u00e4rven silloisen nimismiehen Keijo Laitisen kanssa mahdollisuudesta perustaa rotaryklubi my\u00f6s Lapuan naapuriin Alaj\u00e4rvelle. Laitinen kertoi ajatuksesta mm. kauppias Toivo Kokolle, mets\u00e4teknikko Kustaa Vuorelalle, kauppias Veikko Rintalalle, johtajaopettaja Martti Kantolalle ja pankinjohtaja Aarne Rokalalle. Ehdotus sai kannatusta, hanke tuntui realistiselta, asia eteni. Niinp\u00e4 vuoden 1966 kev\u00e4\u00e4ll\u00e4, 12. toukokuuta, pidettiin Salon Ruokalassa Alaj\u00e4rven kirkonkyl\u00e4ss\u00e4 Alaj\u00e4rven Rotaryklubin perustava kokous. T\u00e4h\u00e4n kokoukseen osallistuivat edell\u00e4mainituista\u00a0\u00a0\u00a0aloitteentekij\u00f6ist\u00e4 Sulo Liljamo sek\u00e4 alaj\u00e4rvel\u00e4iset Erkki Hirsim\u00e4ki, Martti Kantola, Keijo Laitinen, Viktor Lamberg, Reeti Latvala, Jussi Luoma, Matti Malkam\u00e4ki, Nikolai Peltokangas, Eemil Per\u00e4l\u00e4, Sauli P\u00f6ntinen, Veikko Rintala, Benjam Salmenautio ja Kustaa Vuorela. Klubi perustettiin, ja kaikista kokoukseen osallistuneista alaj\u00e4rvel\u00e4isist\u00e4 sek\u00e4 samaan aikaan Lapualla kokoustaneista Toivo Kokosta ja Toivo Lehtorinteest\u00e4 oli tuleva rotareita heti sen j\u00e4lkeen kun klubi tulisi hyv\u00e4ksytyksi Rotary Internationaliin. T\u00e4h\u00e4n perustamiskokoukseen osallistuneista Benjam Salmenautio on edelleen klubin j\u00e4senen\u00e4, kunniaj\u00e4senen ominaisuudessa.<br \/>Pian perustamiskokouksen j\u00e4lkeen klubi sai j\u00e4senikseen my\u00f6s Pertti Ala-Piirron ja Lauri Viitaniemen, joista Ala-Piirto on j\u00e4senen\u00e4 edelleen, my\u00f6s kunniaj\u00e4senen ominaisuudessa.<\/p>\n<p>Niinp\u00e4 sitten 29. lokakuuta v. 1966 eli 50 vuotta sitten voitiin jo viett\u00e4\u00e4 charter-juhlaa, koska klubi oli hyv\u00e4ksytty Rotary Internationalin j\u00e4seneksi 2. elokuuta v.1966.<\/p>\n<p><strong>Kehitt\u00e4misajatuksia ja muita tempauksia<\/strong><\/p>\n<p>Jo klubin toisessa viikkokokouksessa 26. toukokuuta 1966 keskusteltiin vilkkaasti hotelli-ravintolan tarpeellisuudesta ja mahdollisuuksista toteuttaa virinnyt hanke. Samassa kokouksessa tehtiin esitys Alaj\u00e4rven kirkonkyl\u00e4n postitoimipaikan aukioloaikojen pident\u00e4misest\u00e4.\u00a0\u00a0\u00a0Edelleen, samassa kokouksessa, pohdittiin matkailun edist\u00e4mist\u00e4. Tehtiinp\u00e4 aloite uuden Alaj\u00e4rvi-esitteen laatimiseksi. Klubin viikkokokouksen asiak\u00e4sittely 13. marraskuuta 1969 johti Alaj\u00e4rven Vanhustenpalveluyhdistyksen perustamiseen. Ainakin alaj\u00e4rvel\u00e4isten tiedossa lienee, miten laajakantoinen ik\u00e4ihmisten asumista palveleva hankkeiden jatkuva sarja tuolloin k\u00e4ynnistyi. Alaj\u00e4rven keskustan kiinteist\u00f6ille laati suomalainen maalitehdas rotarien aloitteesta 1970-luvulla suosituksenomaisen ulkomaalausehdotelman. Postipalvelujen saatavuuden parantaminen oli j\u00e4lleen v. 1974 rotarien huolena. Postil\u00e4hetysten Alaj\u00e4rvelle saapumista saatiin aikaistettua kahdella tunnilla. Kuriositeettina mainittakoon t\u00e4ss\u00e4, ett\u00e4 kansalaisten itsest\u00e4\u00e4nselvyyten\u00e4 kokeman postin<br \/>palvelukokonaisuuden kattavuuden s\u00e4ilyminen on j\u00e4lleen pohdittavana vuonna 2016. My\u00f6s Alaj\u00e4rven vesist\u00f6alueen kunnostamiseen 1970-luvulla johtaneet toimenpiteet saivat vauhtia rotarien aloitteellisten pohdintojen kautta. Syksyll\u00e4 1998 klubi my\u00f6t\u00e4vaikutti aloitteellaan siihen, ett\u00e4 hyv\u00e4t yhteisty\u00f6kumppanit lahjoittivat kyseisen syksyn ekaluokkalaisille py\u00f6r\u00e4ilykyp\u00e4r\u00e4t. Akateemikko Alvar Aallon nuoruudessaan suunnitteleman Alaj\u00e4rven kirkonkyl\u00e4n nuorisoseurantalon ulkoasun viime vuosikymmenien kohentamistoimissa on rotareilla oma osuutensa ainakin kahden ulkomaalaustalkoon muodossa. Raivaussahat, vesurit jne. ovat muutamina viime kesin\u00e4 saaneet k\u00e4ytt\u00e4jikseen Alaj\u00e4rven rotarit muutamissa Alaj\u00e4rven keskustan hoitokasvustoissa. Vanhustenpalvelun er\u00e4itten tilayksik\u00f6itten sadevesien poistorakenteitten osia on puhdistettu v\u00e4hent\u00e4m\u00e4ll\u00e4 n\u00e4in vahinkoriskej\u00e4. Nuorisokoulujen p\u00e4\u00e4tt\u00f6luokkien oppilaille on muutamina vuosina voitu lahjoittaa stipendej\u00e4. Kevyemm\u00e4n hengenluonnin\u00a0\u00a0\u00a0piirin on viime aikoina kuuluut keilausharrastuksen vahvistuminen veljien kesken. Muutama vuosi sitten veljet ottivat mittaa toisistaan my\u00f6s karting-autoilun merkeiss\u00e4 sek\u00e4 sis\u00e4- ett\u00e4 ulkoradoilla.<\/p>\n<p><strong>Kansainv\u00e4lisyytt\u00e4<\/strong><\/p>\n<p>Rotarys\u00e4\u00e4ti\u00f6 ja monet kansainv\u00e4liset avustusohjelmat antoivat toimintahaasteita my\u00f6s Alaj\u00e4rven rotareille l\u00e4hes klubin perustamisesta alkaen. Avustusohjelmista mittavin lienee viel\u00e4kin jatkuva kansainv\u00e4linen PolioPlus, jonka tarkoittaman rokotusohjelman avulla oltiin jo saamassa polion levi\u00e4minen aisoihin. Er\u00e4ill\u00e4 alueilla Afrikassa ilmenneet kielteiset asenne- ja arvol\u00e4ht\u00f6iset menettelytavat ovat aiheuttaneet sen, ett\u00e4 ohjelman toteutus pys\u00e4htyi, ja sille piti saada jatkoaikaa.\u00a0\u00a0\u00a0Kysymysh\u00e4n on kielteisist\u00e4 asenteista. Negatiivinen suhtautuminen arvo-perusteella t\u00e4ss\u00e4 tilanteessa tarkoittaa arvo-k\u00e4sitteen inflaatiota.<\/p>\n<p>Kansainv\u00e4linen nuorisovaihto alkoi Alaj\u00e4rvenkin klubissa jo v. 1970, kun ensimm\u00e4iset kes\u00e4vaihto-oppilaat Alessandra Avanzini Italiasta ja Karen Green Englannista saapuivat Alaj\u00e4rvelle. Rotary-j\u00e4rjest\u00f6n hoitamaa nuorisovaihtoa pidet\u00e4\u00e4n useissa varteenotettavissa kansainv\u00e4lisiss\u00e4 arvioinneissa luotettavimpana. Alaj\u00e4rven Rotaryklubi on l\u00e4hett\u00e4nyt toimintansa aikana ulkomaille vuosivaihtoon alun toista kymment\u00e4 lukioik\u00e4ist\u00e4 nuorta. Alaj\u00e4rvelle vastaanotettujen vaihto-oppilaiden m\u00e4\u00e4r\u00e4\u00a0\u00a0\u00a0l\u00e4hentelee samaa, vastavuoroisuusperiaatteen mukaisesti. Vaihdon kohdealueiksi ovat USA:n lis\u00e4ksi tulleet my\u00f6s Australia ja Etel\u00e4-Amerikan valtioita. Viimeisp\u00e4n\u00e4 klubin \u201dl\u00e4hettil\u00e4\u00e4n\u00e4\u201d oli viime lukuvuoden alaj\u00e4rvel\u00e4inen Roosa Takala. Meill\u00e4 vastaavasti oli vieraana Emma\u00a0\u00a0\u00a0Mulhern, jonka kohdalla j\u00e4\u00e4 pitempiaikaiseksi muistoksi se, ett\u00e4 h\u00e4n omaksui suomen kielen todella niin nopeasti, ett\u00e4 meid\u00e4n is\u00e4nt\u00e4klubin edustajina\u00a0\u00a0\u00a0tavoitellessa englannin kielen ilmaisuja Emma eh\u00e4tti vastaamaan jo suomeksi.<\/p>\n<p><strong>\u00a0<\/strong><\/p>\n<p><strong>Viikkokokousten aihepiireist\u00e4<\/strong><\/p>\n<p>Rotarytoiminnan mmailmanlaajuinen k\u00e4yt\u00e4nt\u00f6 on viikottainen kokoontuminen veljellisess\u00e4 ilmapiiriss\u00e4 j\u00e4rjest\u00f6n s\u00e4\u00e4nn\u00f6iss\u00e4 suositellulla tavalla. Viikkokokousten sis\u00e4ll\u00f6llisen rungon<br \/>muodostaa l\u00e4hes viikottain toteutettava kokousesitelm\u00e4. Esitelmien aihepiirien monipuolisuuden<br \/>takeena on se, ett\u00e4 klubi saa j\u00e4senist\u00f6ns\u00e4 kutsumisperiaatteella paikkakunnan eri alojen asiantunti-<br \/>joista. Esitelmi\u00e4 lienee klubin 50-vuotisen toiminnan aikana kertynyt, karkeahkon oletuksen mukaan, hyv\u00e4n matkaa toista tuhatta. T\u00e4ll\u00f6in ovat mukana aina tervetulleet vierailijoiden esitykset<br \/>sek\u00e4 klubin suorittamien tutustumisk\u00e4yntien kohde-esittelyt.<\/p>\n<p>Hoidettuaan n. puolentoista vuosikymmenen j\u00e4lkeen toistunutta sihteerin tointaan kaudella 1999-2000\u00a0\u00a0\u00a0t\u00e4m\u00e4n kirjoittajalla oli mahdollisuus tarkastella yhten\u00e4 esimerkkijaksona tuon mainitun toimikauden 46 viikkokokouksen kulkuja. Kokousesitelmin\u00e4 tuolloin olivat esim. slovakialaisen kes\u00e4leirioppilaan\u00a0\u00a0\u00a0puheenvuoro,\u00a0\u00a0\u00a0vuosivaihdosta palanneen Maria-Katariina Katajan kuvailua vaihto-oppilasvuodestaan USA:ssa, piirigovernor Matti H\u00e4rm\u00e4n klubivierailu ja esitelm\u00f6inti aiheesta Kansalaistoiminnan eettinen vastuu ja sen kuvastuminen rotarytoiminnassa, Tarja Kantokosken esitys ja motivointi koskien Alaj\u00e4rven rotarien\u00a0\u00a0\u00a0fyysisen kunnon kohentamisohjelmaa toistuvvine kuntotestauksineen,\u00a0\u00a0tutustuminen rotary Arto Korkea-ahon yrityksen tuotantotiloihin Lappaj\u00e4rvell\u00e4, Aarne Kantokosken esitys alueellisista viestint\u00e4palveluista ja J\u00e4rviseutu 2000 -palveluverkosta, Raimo Kaltialan tarkastelu Alaj\u00e4rven kaupungin palvelutuotannon kustannuksista, Erkki Heinolan is\u00e4nn\u00f6im\u00e4 vierailu ja tutustuttaminen autokatsastuksen nykytoimintaan. T\u00e4m\u00e4n historiikin laatijan mieleen on erityisesti\u00a0\u00a0\u00a0j\u00e4\u00e4nyt edesmennneen rotaryveljen, sotaveteraani Vilho Hauta-ahon kokemusper\u00e4inen ja runssassis\u00e4lt\u00f6inen esitys jatkosodan loppuvaiheista ml. Siiranm\u00e4en taistelusta. T\u00e4m\u00e4n kirjoittajalla oli kunnia toimia silloin avustajana runsaan kartta-aineiston esitt\u00e4j\u00e4n\u00e4.<\/p>\n<p>Viikkokokousten esitelm\u00e4k\u00e4yt\u00e4nt\u00f6 on jatkossakin rullannut ajankohtaisilla teemoilla. Kohdevierailuja on tehty niin kotipaikkakunnalle kuin naapureihin. Kokousten veljellisen keskustelun ep\u00e4virallinen osuus on aina v\u00e4lill\u00e4 saanut mausteekseen intensiivisemm\u00e4nkin huumorin piirteit\u00e4 jopa pikku vedonly\u00f6nteineen.<\/p>\n<p>Rotaryn j\u00e4senist\u00f6 koostuu klubien toimintaan mukaan kutsutuista henkil\u00f6ist\u00e4 rotarytoiminnan s\u00e4\u00e4nn\u00f6st\u00f6n suosittelemalla tavalla. Alaj\u00e4rven klubin j\u00e4senm\u00e4\u00e4r\u00e4 on viime vuosina asettunut<br \/>v\u00e4hentyneeseen alle 20 henkil\u00f6n tasoon. Rotaryklubien j\u00e4senin\u00e4 on sek\u00e4 Suomessa ett\u00e4 varsinkin muissa maissa enenev\u00e4ss\u00e4 m\u00e4\u00e4rin my\u00f6s naisia. T\u00e4m\u00e4 on luonnollista mm. siksi, ett\u00e4 organisaatioiden henkil\u00f6st\u00f6jen avaintoimijoiden joukossa on yh\u00e4 useammin naisia. Rotaryj\u00e4rjest\u00f6n luokiteperusteisen j\u00e4seneksikutsumisen periaatteen lienee otettava t\u00e4m\u00e4 tosiasia huomioon lis\u00e4\u00e4ntyv\u00e4ss\u00e4 m\u00e4\u00e4rin. Alaj\u00e4rven rotareissa ei viel\u00e4 ole naisia.\u00a0\u00a0\u00a0Rotaryvuoden 1999-2000\u00a0\u00a0\u00a0er\u00e4\u00e4seen kokoukseen on tuotu luonnosmainen toivomus siit\u00e4, ett\u00e4 Alaj\u00e4rven Rotaryklubi my\u00f6t\u00e4vaikuttaisi\u00a0\u00a0\u00a0\u201drotariaanisen \u201d naisten klubin perustamiseen yhteen naapurikunnistamme. Historiikin omaisesta<br \/>tarkastelusta poiketen voisi todeta, ett\u00e4 klubi toivoisi lis\u00e4\u00e4 j\u00e4seni\u00e4 nuoremmistakin ik\u00e4luokista kuin mit\u00e4 klubin keski-ik\u00e4 on. T\u00e4ll\u00f6in my\u00f6s konkretisoituisi lis\u00e4\u00e4 l\u00e4hiymp\u00e4rist\u00f6\u00e4 palvelevia palvelukohteita. Tarvetta hy\u00f6dylliseen palvelutoimintaan todella riitt\u00e4\u00e4.<\/p>\n<p>Alaj\u00e4rven Rotaryklubin\u00a0\u00a0\u00a0presidenttein\u00e4 ovat toimineet seuraavat:\u00a0<br \/>Keijo Laitinen<br \/>Martti Kantola<br \/>Kustaa Vuorela<br \/>Aarne Rokala<br \/>Benjam Salmenautio<br \/>Mauri Ketom\u00e4ki<br \/>Vilho Hauta-aho<br \/>Reeti Latvala<br \/>Otto Tunturi<br \/>Lauri Viitaniemi<br \/>Eino Yli-Olli<br \/>Jaakko Siikala<br \/>Heikki Luoma<br \/>Pertti Ala-Piirto<br \/>Erkki Anttisaari<br \/>Harold Smedman<br \/>Juha-Heikki Keltikangas<br \/>Yrj\u00f6 Heikkil\u00e4<br \/>Reijo Ojanen<br \/>Pentti M\u00e4kel\u00e4<br \/>Jouko Nuolikoski<br \/>Martti Kankaanp\u00e4\u00e4<br \/>Pekka Salmenautio<br \/>Raimo Kaltiala<br \/>Jukka Matti-Tuuri<br \/>Veli-Matti Laine<br \/>Eino Saukko<br \/>Tapio Ylitalo<br \/>Reijo Kyt\u00f6l\u00e4<br \/>Arto Korkea-aho<br \/>Aarne Kantokoski<br \/>Teuvo Kangas<br \/>Erkki Heinola<br \/>Raimo Lepp\u00e4aho<br \/>Hannu Kareno<br \/>Jukka \u00c4yr\u00e4<br \/>Esko T. Haaparanta<br \/>Jouko Kuismin<br \/>Juhani V\u00e4h\u00e4hyypp\u00e4<br \/>Jari Kyr\u00f6nlahti<br \/>Markku Kariluoma.\u00a0<br \/>\u00a0Kaksi presidenttikautta ovat tehneet Pertti Ala-Piirto ja Reijo Ojanen,\u00a0\u00a0\u00a0kolme kautta Raimo Lepp\u00e4aho ja per\u00e4ti viisi kautta Esko T. Haaparanta.\u00a0<br \/>Klubin kunniaj\u00e4seni\u00e4 edell\u00e4 mainituista ovat\u00a0<br \/>Pertti Ala-Piirto<br \/>Benjam Salmenautio<br \/>Jaakko Siikala.<\/div>\n<\/div>\n<\/div>\n<\/div>\n<\/div>\n<\/div>\n<\/div>\n<\/div>\n<p>mme historiaa<\/p>\n<p>\u00a0<\/p>\n<p>[\/et_pb_text][\/et_pb_column_inner][\/et_pb_row_inner][\/et_pb_column][et_pb_column type=&#8221;1_3&#8243;][et_pb_sidebar area=&#8221;sidebar-1&#8243; module_class=&#8221;sivupalkki_sisalto&#8221; _builder_version=&#8221;3.4.1&#8243; locked=&#8221;on&#8221;]<\/p>\n<p><\/p>\n<p>[\/et_pb_sidebar][\/et_pb_column][\/et_pb_section]<\/p>\n","protected":false},"excerpt":{"rendered":"<p>Ilo esitell\u00e4 Ilo esitell\u00e4 \u00a0\u200bJaakko SiikalaAlaj\u00e4rven Rotaryklubi 50 vuotta\u00a0Pikakatsaus \u201desihistoriikkia\u201d\u00a0Rotaryn historiaa koskevien tietol\u00e4hteiden mukaan kansainv\u00e4linen rotaryj\u00e4rjest\u00f6 perustettiin Chicagossa Yhdysvalloissa vuonna 1905. Perustajina olivat asianajaja Paul Harris ja h\u00e4nen kolmeyst\u00e4v\u00e4\u00e4ns\u00e4. J\u00e4rjest\u00f6n \u201dty\u00f6nimen\u00e4\u201d alettiin k\u00e4ytt\u00e4\u00e4 sanaa\u00a0rotary\u00a0siit\u00e4 syyst\u00e4, ett\u00e4 perustajat kokoontuivat aluksi \u201dkiert\u00e4v\u00e4sti\u201d, rotaationa, kunkin j\u00e4senen tomipaikassa. T\u00e4m\u00e4 k\u00e4yt\u00e4nt\u00f6poistui kuitenkin pian, mutta nimen\u00e4 s\u00e4ilyi rotary.Asioita ja ilmi\u00f6it\u00e4 Alaj\u00e4rvell\u00e4 [&hellip;]<\/p>\n","protected":false},"author":1,"featured_media":0,"parent":129,"menu_order":0,"comment_status":"closed","ping_status":"closed","template":"","meta":{"_acf_changed":false,"_et_pb_use_builder":"on","_et_pb_old_content":"","_et_gb_content_width":"","footnotes":""},"class_list":["post-142","page","type-page","status-publish","hentry"],"acf":[],"yoast_head":"<!-- This site is optimized with the Yoast SEO plugin v27.0 - https:\/\/yoast.com\/product\/yoast-seo-wordpress\/ -->\n<title>Ilo esitell\u00e4 - Alaj\u00e4rven Rotaryklubi<\/title>\n<meta name=\"robots\" content=\"index, follow, max-snippet:-1, max-image-preview:large, max-video-preview:-1\" \/>\n<link rel=\"canonical\" href=\"https:\/\/rotary.fi\/alajarvi\/keita-olemme\/ilo-esitella\/\" \/>\n<meta property=\"og:locale\" content=\"fi_FI\" \/>\n<meta property=\"og:type\" content=\"article\" \/>\n<meta property=\"og:title\" content=\"Ilo esitell\u00e4 - Alaj\u00e4rven Rotaryklubi\" \/>\n<meta property=\"og:description\" content=\"Ilo esitell\u00e4 Ilo esitell\u00e4 \u00a0\u200bJaakko SiikalaAlaj\u00e4rven Rotaryklubi 50 vuotta\u00a0Pikakatsaus \u201desihistoriikkia\u201d\u00a0Rotaryn historiaa koskevien tietol\u00e4hteiden mukaan kansainv\u00e4linen rotaryj\u00e4rjest\u00f6 perustettiin Chicagossa Yhdysvalloissa vuonna 1905. Perustajina olivat asianajaja Paul Harris ja h\u00e4nen kolmeyst\u00e4v\u00e4\u00e4ns\u00e4. J\u00e4rjest\u00f6n \u201dty\u00f6nimen\u00e4\u201d alettiin k\u00e4ytt\u00e4\u00e4 sanaa\u00a0rotary\u00a0siit\u00e4 syyst\u00e4, ett\u00e4 perustajat kokoontuivat aluksi \u201dkiert\u00e4v\u00e4sti\u201d, rotaationa, kunkin j\u00e4senen tomipaikassa. T\u00e4m\u00e4 k\u00e4yt\u00e4nt\u00f6poistui kuitenkin pian, mutta nimen\u00e4 s\u00e4ilyi rotary.Asioita ja ilmi\u00f6it\u00e4 Alaj\u00e4rvell\u00e4 [&hellip;]\" \/>\n<meta property=\"og:url\" content=\"https:\/\/rotary.fi\/alajarvi\/keita-olemme\/ilo-esitella\/\" \/>\n<meta property=\"og:site_name\" content=\"Alaj\u00e4rven Rotaryklubi\" \/>\n<meta property=\"article:modified_time\" content=\"2019-02-12T19:47:52+00:00\" \/>\n<meta name=\"twitter:card\" content=\"summary_large_image\" \/>\n<meta name=\"twitter:label1\" content=\"Arvioitu lukuaika\" \/>\n\t<meta name=\"twitter:data1\" content=\"8 minuuttia\" \/>\n<script type=\"application\/ld+json\" class=\"yoast-schema-graph\">{\"@context\":\"https:\/\/schema.org\",\"@graph\":[{\"@type\":\"WebPage\",\"@id\":\"https:\/\/rotary.fi\/alajarvi\/keita-olemme\/ilo-esitella\/\",\"url\":\"https:\/\/rotary.fi\/alajarvi\/keita-olemme\/ilo-esitella\/\",\"name\":\"Ilo esitell\u00e4 - Alaj\u00e4rven Rotaryklubi\",\"isPartOf\":{\"@id\":\"https:\/\/rotary.fi\/alajarvi\/#website\"},\"datePublished\":\"2018-08-10T11:04:45+00:00\",\"dateModified\":\"2019-02-12T19:47:52+00:00\",\"breadcrumb\":{\"@id\":\"https:\/\/rotary.fi\/alajarvi\/keita-olemme\/ilo-esitella\/#breadcrumb\"},\"inLanguage\":\"fi\",\"potentialAction\":[{\"@type\":\"ReadAction\",\"target\":[\"https:\/\/rotary.fi\/alajarvi\/keita-olemme\/ilo-esitella\/\"]}]},{\"@type\":\"BreadcrumbList\",\"@id\":\"https:\/\/rotary.fi\/alajarvi\/keita-olemme\/ilo-esitella\/#breadcrumb\",\"itemListElement\":[{\"@type\":\"ListItem\",\"position\":1,\"name\":\"Home\",\"item\":\"https:\/\/rotary.fi\/alajarvi\/\"},{\"@type\":\"ListItem\",\"position\":2,\"name\":\"Keit\u00e4 olemme\",\"item\":\"https:\/\/rotary.fi\/alajarvi\/keita-olemme\/\"},{\"@type\":\"ListItem\",\"position\":3,\"name\":\"Ilo esitell\u00e4\"}]},{\"@type\":\"WebSite\",\"@id\":\"https:\/\/rotary.fi\/alajarvi\/#website\",\"url\":\"https:\/\/rotary.fi\/alajarvi\/\",\"name\":\"Alaj\u00e4rven Rotaryklubi\",\"description\":\"Uusi Rotary klubisivusto\",\"potentialAction\":[{\"@type\":\"SearchAction\",\"target\":{\"@type\":\"EntryPoint\",\"urlTemplate\":\"https:\/\/rotary.fi\/alajarvi\/?s={search_term_string}\"},\"query-input\":{\"@type\":\"PropertyValueSpecification\",\"valueRequired\":true,\"valueName\":\"search_term_string\"}}],\"inLanguage\":\"fi\"}]}<\/script>\n<!-- \/ Yoast SEO plugin. -->","yoast_head_json":{"title":"Ilo esitell\u00e4 - Alaj\u00e4rven Rotaryklubi","robots":{"index":"index","follow":"follow","max-snippet":"max-snippet:-1","max-image-preview":"max-image-preview:large","max-video-preview":"max-video-preview:-1"},"canonical":"https:\/\/rotary.fi\/alajarvi\/keita-olemme\/ilo-esitella\/","og_locale":"fi_FI","og_type":"article","og_title":"Ilo esitell\u00e4 - Alaj\u00e4rven Rotaryklubi","og_description":"Ilo esitell\u00e4 Ilo esitell\u00e4 \u00a0\u200bJaakko SiikalaAlaj\u00e4rven Rotaryklubi 50 vuotta\u00a0Pikakatsaus \u201desihistoriikkia\u201d\u00a0Rotaryn historiaa koskevien tietol\u00e4hteiden mukaan kansainv\u00e4linen rotaryj\u00e4rjest\u00f6 perustettiin Chicagossa Yhdysvalloissa vuonna 1905. Perustajina olivat asianajaja Paul Harris ja h\u00e4nen kolmeyst\u00e4v\u00e4\u00e4ns\u00e4. J\u00e4rjest\u00f6n \u201dty\u00f6nimen\u00e4\u201d alettiin k\u00e4ytt\u00e4\u00e4 sanaa\u00a0rotary\u00a0siit\u00e4 syyst\u00e4, ett\u00e4 perustajat kokoontuivat aluksi \u201dkiert\u00e4v\u00e4sti\u201d, rotaationa, kunkin j\u00e4senen tomipaikassa. T\u00e4m\u00e4 k\u00e4yt\u00e4nt\u00f6poistui kuitenkin pian, mutta nimen\u00e4 s\u00e4ilyi rotary.Asioita ja ilmi\u00f6it\u00e4 Alaj\u00e4rvell\u00e4 [&hellip;]","og_url":"https:\/\/rotary.fi\/alajarvi\/keita-olemme\/ilo-esitella\/","og_site_name":"Alaj\u00e4rven Rotaryklubi","article_modified_time":"2019-02-12T19:47:52+00:00","twitter_card":"summary_large_image","twitter_misc":{"Arvioitu lukuaika":"8 minuuttia"},"schema":{"@context":"https:\/\/schema.org","@graph":[{"@type":"WebPage","@id":"https:\/\/rotary.fi\/alajarvi\/keita-olemme\/ilo-esitella\/","url":"https:\/\/rotary.fi\/alajarvi\/keita-olemme\/ilo-esitella\/","name":"Ilo esitell\u00e4 - Alaj\u00e4rven Rotaryklubi","isPartOf":{"@id":"https:\/\/rotary.fi\/alajarvi\/#website"},"datePublished":"2018-08-10T11:04:45+00:00","dateModified":"2019-02-12T19:47:52+00:00","breadcrumb":{"@id":"https:\/\/rotary.fi\/alajarvi\/keita-olemme\/ilo-esitella\/#breadcrumb"},"inLanguage":"fi","potentialAction":[{"@type":"ReadAction","target":["https:\/\/rotary.fi\/alajarvi\/keita-olemme\/ilo-esitella\/"]}]},{"@type":"BreadcrumbList","@id":"https:\/\/rotary.fi\/alajarvi\/keita-olemme\/ilo-esitella\/#breadcrumb","itemListElement":[{"@type":"ListItem","position":1,"name":"Home","item":"https:\/\/rotary.fi\/alajarvi\/"},{"@type":"ListItem","position":2,"name":"Keit\u00e4 olemme","item":"https:\/\/rotary.fi\/alajarvi\/keita-olemme\/"},{"@type":"ListItem","position":3,"name":"Ilo esitell\u00e4"}]},{"@type":"WebSite","@id":"https:\/\/rotary.fi\/alajarvi\/#website","url":"https:\/\/rotary.fi\/alajarvi\/","name":"Alaj\u00e4rven Rotaryklubi","description":"Uusi Rotary klubisivusto","potentialAction":[{"@type":"SearchAction","target":{"@type":"EntryPoint","urlTemplate":"https:\/\/rotary.fi\/alajarvi\/?s={search_term_string}"},"query-input":{"@type":"PropertyValueSpecification","valueRequired":true,"valueName":"search_term_string"}}],"inLanguage":"fi"}]}},"lang":"fi","translations":{"fi":142},"pll_sync_post":[],"_links":{"self":[{"href":"https:\/\/rotary.fi\/alajarvi\/wp-json\/wp\/v2\/pages\/142","targetHints":{"allow":["GET"]}}],"collection":[{"href":"https:\/\/rotary.fi\/alajarvi\/wp-json\/wp\/v2\/pages"}],"about":[{"href":"https:\/\/rotary.fi\/alajarvi\/wp-json\/wp\/v2\/types\/page"}],"author":[{"embeddable":true,"href":"https:\/\/rotary.fi\/alajarvi\/wp-json\/wp\/v2\/users\/1"}],"replies":[{"embeddable":true,"href":"https:\/\/rotary.fi\/alajarvi\/wp-json\/wp\/v2\/comments?post=142"}],"version-history":[{"count":7,"href":"https:\/\/rotary.fi\/alajarvi\/wp-json\/wp\/v2\/pages\/142\/revisions"}],"predecessor-version":[{"id":1464,"href":"https:\/\/rotary.fi\/alajarvi\/wp-json\/wp\/v2\/pages\/142\/revisions\/1464"}],"up":[{"embeddable":true,"href":"https:\/\/rotary.fi\/alajarvi\/wp-json\/wp\/v2\/pages\/129"}],"wp:attachment":[{"href":"https:\/\/rotary.fi\/alajarvi\/wp-json\/wp\/v2\/media?parent=142"}],"curies":[{"name":"wp","href":"https:\/\/api.w.org\/{rel}","templated":true}]}}